{"id":1018,"date":"2017-03-16T15:07:43","date_gmt":"2017-03-16T14:07:43","guid":{"rendered":"http:\/\/2016.treffendel.fr\/?page_id=1018"},"modified":"2025-01-08T21:57:24","modified_gmt":"2025-01-08T20:57:24","slug":"commercants-et-artisans","status":"publish","type":"page","link":"https:\/\/www.treffendel.fr\/?page_id=1018","title":{"rendered":"Commer\u00e7ants et artisans"},"content":{"rendered":"<h2>Alimentaire<\/h2>\n<table style=\"width: 107.552%;\">\n<tbody>\n<tr>\n<td style=\"width: 36.1022%;\">BAUGER Laurent<\/td>\n<td style=\"width: 31.9489%;\">camion \u00e0 pizzas (le mercredi soir, place de la mairie)<\/td>\n<td style=\"width: 30.3514%;\">T\u00e9l. : 06 85 27 53 78<\/td>\n<\/tr>\n<tr>\n<td style=\"width: 36.1022%;\"><a href=\"https:\/\/www.treffendel.fr\/?page_id=4479\">LE MEUR Chantal<\/a><\/td>\n<td style=\"width: 31.9489%;\">bar, tabac, journaux et d\u00e9p\u00f4ts de pains<\/td>\n<td style=\"width: 30.3514%;\">T\u00e9l. : 02 99 61 01 36<\/td>\n<\/tr>\n<tr>\n<td style=\"width: 36.1022%;\"><a href=\"http:\/\/2016.treffendel.fr\/wp-content\/uploads\/2018\/11\/Querard_vins.jpg\">QUERARD Florent \u00ab\u00a0Coule \u00e0 Flo\u00a0\u00bb<\/a><\/td>\n<td style=\"width: 31.9489%;\">conseiller en vins de terroir<\/td>\n<td style=\"width: 30.3514%;\"><a href=\"http:\/\/couleaflo.fr\/\" target=\"_blank\" rel=\"noopener noreferrer\">site internet<\/a><\/td>\n<\/tr>\n<tr>\n<td style=\"width: 36.1022%;\"><a href=\"https:\/\/www.facebook.com\/Aur%C3%A9gal-de-Broc%C3%A9liande-100992249171919\" target=\"_blank\" rel=\"noopener noreferrer\">Au R\u00e9gal de Broc\u00e9liande<\/a><\/td>\n<td style=\"width: 31.9489%;\">burgers et fajitas (jeudi soir, place de la mairie en juillet et ao\u00fbt)<\/td>\n<td style=\"width: 30.3514%;\">T\u00e9l : 07.48.12.23.21<\/td>\n<\/tr>\n<tr>\n<td style=\"width: 36.1022%;\"><a href=\"http:\/\/2016.treffendel.fr\/wp-content\/uploads\/2018\/11\/rn24.jpg\">Restaurant \u00ab\u00a0le RN24\u00a0\u00bb<\/a><\/td>\n<td style=\"width: 31.9489%;\">restaurant<\/td>\n<td style=\"width: 30.3514%;\">T\u00e9l : 02 99 61 26 98 &#8211; 06 16 19 13 60<\/td>\n<\/tr>\n<tr>\n<td style=\"width: 36.1022%;\">poissons, fruits et l\u00e9gumes<\/td>\n<td style=\"width: 31.9489%;\">place de la mairie<\/td>\n<td style=\"width: 30.3514%;\">mercredi de 10 h \u00e0 12 h<\/td>\n<\/tr>\n<tr>\n<td style=\"width: 36.1022%;\"><a href=\"https:\/\/www.treffendel.fr\/?p=6310\">galettes<\/a><\/td>\n<td style=\"width: 31.9489%;\">place de la mairie<\/td>\n<td style=\"width: 30.3514%;\">mercredi de 10 h \u00e0 13 h<\/td>\n<\/tr>\n<tr>\n<td style=\"width: 36.1022%;\">march\u00e9 hebdomadaire<\/td>\n<td style=\"width: 31.9489%;\">PLELAN LE GRAND<\/td>\n<td style=\"width: 30.3514%;\">dimanche matin<\/td>\n<\/tr>\n<tr>\n<td style=\"width: 36.1022%;\"><a href=\"https:\/\/www.treffendel.fr\/?page_id=6260\">boulangerie \u00ab\u00a0Les P&#8217;tis korrigans\u00a0\u00bb<\/a><\/td>\n<td style=\"width: 31.9489%;\">Treffendel<\/td>\n<td style=\"width: 30.3514%;\"><a href=\"https:\/\/www.treffendel.fr\/?page_id=6260\">plus d&rsquo;infos<\/a><\/td>\n<\/tr>\n<\/tbody>\n<\/table>\n<p>vente de produits locaux :<\/p>\n<ul>\n<li>voir le groupement d&rsquo;achats de <a href=\"http:\/\/etres.org\" target=\"_blank\" rel=\"noopener noreferrer\">l&rsquo;association ETRE&rsquo;S<\/a><\/li>\n<li><a href=\"http:\/\/www.pays-broceliande.com\/accueil\/le_pays_en_action\/produits_locaux\/presentation_de_la_carte\/produits_locaux_en_pays_de_broceliande\" target=\"_blank\" rel=\"noopener noreferrer\">consulter la carte des lieux de vente de produits locaux dans le pays de Broc\u00e9liande<\/a><\/li>\n<li><a href=\"http:\/\/www.produits-locaux.bzh\/\" target=\"_blank\" rel=\"noopener noreferrer\">Produits locaux en Bretagne<\/a><\/li>\n<\/ul>\n<h2>Coiffure &#8211; Accessoires &#8211; Bien-\u00eatre<\/h2>\n<table style=\"width: 124.378%; height: 338px;\">\n<tbody>\n<tr style=\"height: 45px;\">\n<td style=\"width: 27.3992%; height: 45px;\"><a href=\"https:\/\/www.facebook.com\/Les-Ciseaux-Enchanteurs-440209929417787\" target=\"_blank\" rel=\"noopener noreferrer\">BOUCARD Nolwenn<\/a><\/td>\n<td style=\"width: 41.5855%; height: 45px;\">salon de coiffure \u00ab\u00a0Les ciseaux enchanteurs\u00a0\u00bb<\/td>\n<td style=\"width: 29.6245%; height: 45px;\">T\u00e9l. : 02 99 61 03 53<\/td>\n<\/tr>\n<tr style=\"height: 24px;\">\n<td style=\"width: 27.3992%; height: 24px;\">DELACROIX Elisabeth<\/td>\n<td style=\"width: 41.5855%; height: 24px;\">di\u00e9t\u00e9ticienne (parcours nutritionnel)<\/td>\n<td style=\"width: 29.6245%; height: 24px;\">T\u00e9l : 06.87.61.70.88<\/td>\n<\/tr>\n<tr style=\"height: 45px;\">\n<td style=\"width: 27.3992%; height: 45px;\"><a href=\"http:\/\/2016.treffendel.fr\/wp-content\/uploads\/2018\/11\/tobie_relaxologie.jpg\">Relaxologie de Pleine conscience Tobie<\/a><\/td>\n<td style=\"width: 41.5855%; height: 45px;\">Relaxologie et reiki traditionnel chinois<\/td>\n<td style=\"width: 29.6245%; height: 45px;\"><a href=\"https:\/\/www.relax-reiki-tobie.fr\/\" target=\"_blank\" rel=\"noopener noreferrer\">site internet<\/a><\/td>\n<\/tr>\n<tr style=\"height: 145px;\">\n<td style=\"width: 27.3992%; height: 91px;\">Sant\u00e9 harmonieuse<br \/>\nAnne LEDARD)<\/td>\n<td style=\"width: 41.5855%; height: 91px;\">th\u00e9rapie \u00e9nerg\u00e9tique, Reiki, Access bars, naturopathie<\/td>\n<td style=\"width: 29.6245%; height: 91px;\">T\u00e9l : 06.13.04.88.39<br \/>\n<a href=\"https:\/\/www.santeharmonieuse.fr\/\" target=\"_blank\" rel=\"noopener noreferrer\">www.santeharmonieuse.fr<\/a><\/td>\n<\/tr>\n<tr style=\"height: 67px;\">\n<td style=\"width: 27.3992%; height: 67px;\"><a href=\"https:\/\/www.facebook.com\/latelierdenoemie5\" target=\"_blank\" rel=\"noopener noreferrer\">L&rsquo;atelier de No\u00e9mie<\/a><\/td>\n<td style=\"width: 41.5855%; height: 67px;\">esth\u00e9ticienne \/ proth\u00e9siste ongulaire<\/td>\n<td style=\"width: 29.6245%; height: 67px;\">\n<div>\n<p class=\"v1MsoNormal\">06 79 13 93 99<br \/>\n<span style=\"font-size: inherit; font-family: inherit; font-weight: inherit;\">\u00a0<\/span><a style=\"font-size: inherit; font-family: inherit; font-weight: inherit;\" href=\"mailto:latelierdenoemie@yahoo.com\" rel=\"noreferrer\">latelierdenoemie@yahoo.com<\/a><\/p>\n<\/div>\n<\/td>\n<\/tr>\n<tr style=\"height: 66px;\">\n<td style=\"width: 27.3992%; height: 66px;\"><a href=\"http:\/\/2016.treffendel.fr\/wp-content\/uploads\/2018\/11\/Virginie_esth\u00e9titienne.jpg\">Virginie Esth\u00e9tique Chez Soi &#8211;\u00a0Savonnerie d&rsquo;elle \u00e9 d&rsquo;ille<\/a><\/td>\n<td style=\"width: 41.5855%; height: 66px;\">esth\u00e9ticienne \u00e0 domicile<\/td>\n<td style=\"width: 29.6245%; height: 66px;\">T\u00e9l : 06.80.71.96.04<\/td>\n<\/tr>\n<\/tbody>\n<\/table>\n<h2>Maison, bricolage, jardinage<\/h2>\n<table style=\"width: 110.965%; height: 888px;\">\n<tbody>\n<tr style=\"height: 45px;\">\n<td style=\"width: 27.1739%; height: 45px;\">Allano Breizh couverture<\/td>\n<td style=\"width: 44.7205%; height: 45px;\">Couverture<\/td>\n<td style=\"width: 26.5528%; height: 45px;\">T\u00e9l. : 02 99 61 04 36<\/td>\n<\/tr>\n<tr style=\"height: 45px;\">\n<td style=\"width: 27.1739%; height: 45px;\"><a href=\"https:\/\/www.safti.fr\/votre-conseiller-safti\/benjamin-argentino\" target=\"_blank\" rel=\"noopener noreferrer\">Benjamin ARGENTINO<\/a><\/td>\n<td style=\"width: 44.7205%; height: 45px;\">Conseiller immobilier (groupe SAFTI)<\/td>\n<td style=\"width: 26.5528%; height: 45px;\">T\u00e9l : 06.87.19.56.05<\/td>\n<\/tr>\n<tr style=\"height: 61px;\">\n<td style=\"width: 27.1739%; height: 61px;\">\n<p class=\"v1msonormal\" style=\"margin: 0cm; background: white;\"><span style=\"color: #2c363a;\">Sylvain BOUBOUNELLE<\/span><\/p>\n<\/td>\n<td style=\"width: 44.7205%; height: 61px;\">\n<p class=\"v1msonormal\" style=\"margin: 0cm; background: white;\"><span style=\"color: #2c363a;\">Agent commercial immobilier<\/span><\/p>\n<p class=\"v1msonormal\" style=\"margin: 0cm; background: white; box-sizing: border-box;\"><span style=\"color: #2c363a;\"><a href=\"https:\/\/www.entrezchezvous.com\/\" target=\"_blank\" rel=\"noopener noreferrer\">Entrezchezvous.com<\/a>\u00a0<\/span><\/p>\n<\/td>\n<td style=\"width: 26.5528%; height: 61px;\">T\u00e9l : 06 66 34 26 23<\/td>\n<\/tr>\n<tr style=\"height: 24px;\">\n<td style=\"width: 27.1739%; height: 24px;\">Myriam DUVEAU<\/td>\n<td style=\"width: 44.7205%; height: 24px;\">Carrelage<\/td>\n<td style=\"width: 26.5528%; height: 24px;\">T\u00e9l :\u00a0 06 47 73 16 72<\/td>\n<\/tr>\n<tr style=\"height: 45px;\">\n<td style=\"width: 27.1739%; height: 67px;\">Chromatique D\u00e9coration<\/td>\n<td style=\"width: 44.7205%; height: 67px;\">Peinture, papiers peints, enduits d\u00e9coratifs<\/td>\n<td style=\"width: 26.5528%; height: 67px;\">T\u00e9l. : 06 86 99 05 09<\/td>\n<\/tr>\n<tr style=\"height: 10px;\">\n<td style=\"width: 27.1739%; height: 10px;\">C.F.B. BOIS<\/td>\n<td style=\"width: 44.7205%; height: 10px;\">travail du bois : projets bois tel que : petite charpente, extension bois&#8230;<br \/>\n<a href=\"https:\/\/www.cfbbois.com\/\" target=\"_blank\" rel=\"noopener noreferrer\">www.cfbbois.com<\/a><\/td>\n<td style=\"width: 26.5528%; height: 10px;\">T\u00e9l : 06 33 77 07 44<\/td>\n<\/tr>\n<tr style=\"height: 24px;\">\n<td style=\"width: 27.1739%; height: 24px;\"><a href=\"http:\/\/2016.treffendel.fr\/wp-content\/uploads\/2018\/11\/DNE_atout_services.jpg\">DNE Atout Services<\/a><\/td>\n<td style=\"width: 44.7205%; height: 24px;\">am\u00e9nagement d&rsquo;espaces<\/td>\n<td style=\"width: 26.5528%; height: 24px;\">T\u00e9l : 07.69.73.35.59<\/td>\n<\/tr>\n<tr style=\"height: 45px;\">\n<td style=\"width: 27.1739%; height: 45px;\">DROUET St\u00e9phane<\/td>\n<td style=\"width: 44.7205%; height: 45px;\">travaux publics, terrassement, assainissement, empierrement<\/td>\n<td style=\"width: 26.5528%; height: 45px;\">T\u00e9l : 06 23 80 24 95<\/td>\n<\/tr>\n<tr style=\"height: 66px;\">\n<td style=\"width: 27.1739%; height: 66px;\">FRESNEL Micka\u00ebl \u00ab\u00a0Multi-services Fresnel\u00a0\u00bb<\/td>\n<td style=\"width: 44.7205%; height: 66px;\">couverture, ramonage, V\u00e9lux, divers travaux d&rsquo;am\u00e9nagement de l&rsquo;habitat<\/td>\n<td style=\"width: 26.5528%; height: 66px;\">T\u00e9l. : 02 99 61 04 75<\/td>\n<\/tr>\n<tr style=\"height: 24px;\">\n<td style=\"width: 27.1739%; height: 24px;\">SM2G<\/td>\n<td style=\"width: 44.7205%; height: 24px;\">travail de l&rsquo;acier et de l&rsquo;inox<\/td>\n<td style=\"width: 26.5528%; height: 24px;\">T\u00e9l. : 02 99 61 01 59<\/td>\n<\/tr>\n<tr style=\"height: 45px;\">\n<td style=\"width: 27.1739%; height: 45px;\">Irvin Paysage<\/td>\n<td style=\"width: 44.7205%; height: 45px;\">cr\u00e9ation et entretien de jardins et espaces verts<\/td>\n<td style=\"width: 26.5528%; height: 45px;\">T\u00e9l. : 06 66 26 98 41<\/td>\n<\/tr>\n<tr style=\"height: 24px;\">\n<td style=\"width: 27.1739%; height: 24px;\"><\/td>\n<td style=\"width: 44.7205%; height: 24px;\"><\/td>\n<td style=\"width: 26.5528%; height: 24px;\"><\/td>\n<\/tr>\n<tr style=\"height: 24px;\">\n<td style=\"width: 27.1739%; height: 24px;\">FEVRIER Didier<\/td>\n<td style=\"width: 44.7205%; height: 24px;\">travaux de jardinage<\/td>\n<td style=\"width: 26.5528%; height: 24px;\">T\u00e9l : 02 99 61 03 60<\/td>\n<\/tr>\n<tr style=\"height: 24px;\">\n<td style=\"width: 27.1739%; height: 24px;\">HERVAULT S\u00e9bastien<\/td>\n<td style=\"width: 44.7205%; height: 24px;\">Plomberie, chauffage, \u00e9lectricit\u00e9<\/td>\n<td style=\"width: 26.5528%; height: 24px;\">T\u00e9l. : 02 99 61 04 48<\/td>\n<\/tr>\n<tr style=\"height: 45px;\">\n<td style=\"width: 27.1739%; height: 45px;\"><a href=\"http:\/\/2016.treffendel.fr\/wp-content\/uploads\/2018\/11\/atelier_3poules.jpg\">L&rsquo;atelier des 3 Poules<\/a> &#8211; Emmanuelle Cognec<\/td>\n<td style=\"width: 44.7205%; height: 45px;\">R\u00e9novation, patine des meubles et chaises<\/td>\n<td style=\"width: 26.5528%; height: 45px;\">T\u00e9l : 06.79.43.31.09<\/td>\n<\/tr>\n<tr style=\"height: 66px;\">\n<td style=\"width: 27.1739%; height: 66px;\">MAUNY Martial<\/td>\n<td style=\"width: 44.7205%; height: 66px;\">Menuiserie bois, PVC, alu, v\u00e9randas, escalier, charpente, am\u00e9nagement de combles, ossature bois<\/td>\n<td style=\"width: 26.5528%; height: 66px;\">T\u00e9l : 02 99 61 04 44<\/td>\n<\/tr>\n<tr style=\"height: 24px;\">\n<td style=\"width: 27.1739%; height: 24px;\"><\/td>\n<td style=\"width: 44.7205%; height: 24px;\"><\/td>\n<td style=\"width: 26.5528%; height: 24px;\"><\/td>\n<\/tr>\n<tr style=\"height: 66px;\">\n<td style=\"width: 27.1739%; height: 66px;\">MESNIL Hubert SARL<\/td>\n<td style=\"width: 44.7205%; height: 66px;\">Maintenance en b\u00e2timents et service. Entretien, d\u00e9pannage, tous travaux<\/td>\n<td style=\"width: 26.5528%; height: 66px;\">T\u00e9l : 06 44 20 30 60<\/td>\n<\/tr>\n<tr style=\"height: 66px;\">\n<td style=\"width: 27.1739%; height: 66px;\">Construction B\u00e2timent Service &#8211; Fran\u00e7ois PERRICHON<\/td>\n<td style=\"width: 44.7205%; height: 66px;\">d\u00e9molition, terrassement, extension, assainissement<\/td>\n<td style=\"width: 26.5528%; height: 66px;\">T\u00e9l. : 02 99 41 10 75 &#8211; 06 11 70 38 95<\/td>\n<\/tr>\n<tr style=\"height: 24px;\">\n<td style=\"width: 27.1739%; height: 24px;\">PERRIER Luc<\/td>\n<td style=\"width: 44.7205%; height: 24px;\">Am\u00e9nagement de lieux de spectacle<\/td>\n<td style=\"width: 26.5528%; height: 24px;\">T\u00e9l. : 02 99 61 05 13<\/td>\n<\/tr>\n<tr style=\"height: 45px;\">\n<td style=\"width: 27.1739%; height: 45px;\"><a style=\"font-size: 15.3px;\" href=\"http:\/\/treffendel.fr.alwaysdata.net\/?q=piel\">PIEL Laurent<\/a><\/td>\n<td style=\"width: 44.7205%; height: 45px;\">Menuiserie, agencement de magasins<\/td>\n<td style=\"width: 26.5528%; height: 45px;\">T\u00e9l. : 02 99 61 05 61<\/td>\n<\/tr>\n<tr style=\"height: 24px;\">\n<td style=\"width: 27.1739%; height: 24px;\"><a href=\"https:\/\/www.facebook.com\/Trisgelec-103370325558043\" target=\"_blank\" rel=\"noopener noreferrer\">Trisgelec<\/a><\/td>\n<td style=\"width: 44.7205%; height: 24px;\">Electricit\u00e9 g\u00e9n\u00e9rale<br \/>\n(particulier et professionnel)<\/td>\n<td style=\"width: 26.5528%; height: 24px;\">T\u00e9l : 07.86.34.92.74<\/td>\n<\/tr>\n<\/tbody>\n<\/table>\n<h2>Voitures, transports, produits phytosanitaires<\/h2>\n<table style=\"width: 106.758%; height: 342px;\">\n<tbody>\n<tr style=\"height: 45px;\">\n<td style=\"width: 150px; height: 45px;\">SA BOSCHER Fr\u00e8res<\/td>\n<td style=\"width: 297px; height: 45px;\">Fuel, hydrocarbures, engrais, alimentation animale<\/td>\n<td style=\"width: 174px; height: 45px;\">T\u00e9l. : 02 99 61 03 03<\/td>\n<\/tr>\n<tr style=\"height: 45px;\">\n<td style=\"width: 150px; height: 45px;\">SARL BOSCHER Transports<\/td>\n<td style=\"width: 297px; height: 45px;\">Transports<\/td>\n<td style=\"width: 174px; height: 45px;\">T\u00e9l. : 02 99 61 03 03<\/td>\n<\/tr>\n<tr style=\"height: 24px;\">\n<td style=\"width: 150px; height: 24px;\"><span style=\"font-size: 15.3px; background-color: #ffffff;\">D2N<\/span><\/td>\n<td style=\"width: 297px; height: 24px;\">N\u00e9gociant, produits du sol<\/td>\n<td style=\"width: 174px; height: 24px;\">T\u00e9l : 02 99 61 68 92<\/td>\n<\/tr>\n<tr style=\"height: 45px;\">\n<td style=\"width: 150px; height: 45px;\">Garage EVEN<\/td>\n<td style=\"width: 297px; height: 45px;\">Garage agricole et motoculture<br style=\"margin-bottom: 0px; font-size: 15.3px; background-color: #ffffff;\" \/><span style=\"font-size: 15.3px; background-color: #ffffff;\">Magasin (\u00e9lectricit\u00e9 et bricolage)<\/span><\/td>\n<td style=\"width: 174px; height: 45px;\">T\u00e9l. : 02 99 61 01 73<\/td>\n<\/tr>\n<tr style=\"height: 45px;\">\n<td style=\"width: 150px; height: 45px;\"><a style=\"font-size: 15.3px;\" href=\"http:\/\/treffendel.fr.alwaysdata.net\/?q=coopagri\">Triskalia<\/a><\/td>\n<td style=\"width: 297px; height: 45px;\">Collecte de c\u00e9r\u00e9ales et vente de produits<\/td>\n<td style=\"width: 174px; height: 45px;\">T\u00e9l. : 02 99 61 00 75<\/td>\n<\/tr>\n<tr style=\"height: 24px;\">\n<td style=\"width: 150px; height: 24px;\">Garage du Breil<\/td>\n<td style=\"width: 297px; height: 24px;\">Garage automobile<\/td>\n<td style=\"width: 174px; height: 24px;\">T\u00e9l. : 02 99 61 06 85<\/td>\n<\/tr>\n<tr style=\"height: 45px;\">\n<td style=\"width: 150px; height: 45px;\">RV Workshop Motorcycles<\/td>\n<td style=\"width: 297px; height: 45px;\">r\u00e9paration, entretien motos<\/td>\n<td style=\"width: 174px; height: 45px;\">T\u00e9l : 09 52 89 26 52<\/td>\n<\/tr>\n<tr style=\"height: 24px;\">\n<td style=\"width: 150px; height: 24px;\"><a href=\"https:\/\/www.treffendel.fr\/?page_id=5750\">RB2M transports<\/a><\/td>\n<td style=\"width: 297px; height: 24px;\">transports, chariot multidirectionnel<\/td>\n<td style=\"width: 174px; height: 24px;\">T\u00e9l : 06 60 69 63 50<\/td>\n<\/tr>\n<tr style=\"height: 45px;\">\n<td style=\"width: 150px; height: 45px;\">TERTRAIS M. D\u00e9tecvel<\/td>\n<td style=\"width: 297px; height: 45px;\">Mat\u00e9riel de vid\u00e9o-surveillance<\/td>\n<td style=\"width: 174px; height: 45px;\">T\u00e9l : 02 99 06 99 61<\/td>\n<\/tr>\n<\/tbody>\n<\/table>\n<h2>Tourisme, H\u00e9bergement<\/h2>\n<table>\n<tbody>\n<tr>\n<td><a style=\"font-size: 15.3px;\" href=\"http:\/\/www.cirquemetropole.com\" target=\"_blank\" rel=\"noopener noreferrer\">Parc de Treffendel<\/a><\/td>\n<td>Activit\u00e9s autour du cirque<\/td>\n<td>T\u00e9l. : 02 99 61 04 21<\/td>\n<\/tr>\n<tr>\n<td><\/td>\n<td><\/td>\n<td><\/td>\n<\/tr>\n<\/tbody>\n<\/table>\n<h2>Informatique, communication<\/h2>\n<table style=\"width: 694px;\">\n<tbody>\n<tr>\n<td style=\"width: 240px;\">\n<p style=\"line-height: 26.01px; font-size: 15.3px; background-color: #ffffff;\"><a href=\"https:\/\/sites.google.com\/site\/biplaurence\/\" target=\"_blank\" rel=\"noopener noreferrer\">GORTAIS Laurence<\/a> &#8211;\u00a0<a href=\"https:\/\/sites.google.com\/site\/biplaurence\/\" target=\"blank\" rel=\"noopener noreferrer\">Broc\u00e9liande Informatique de Proximit\u00e9<\/a><\/p>\n<\/td>\n<td style=\"width: 261px;\">formation en informatique (premiers pas et approfondissements)<br style=\"margin-bottom: 0px; font-size: 15.3px; background-color: #ffffff;\" \/><span style=\"font-size: 15.3px; background-color: #ffffff;\">d\u00e9pannage<\/span><\/td>\n<td style=\"width: 192px;\">T\u00e9l. : 02 99 61 01 92<\/td>\n<\/tr>\n<tr>\n<td style=\"width: 240px;\"><a href=\"https:\/\/www.elb3d.fr\/\" target=\"_blank\" rel=\"noopener noreferrer\">BRIAND Erwan &#8211; Elb3d<\/a><\/td>\n<td style=\"width: 261px;\">visualisations architecturales et Design<\/td>\n<td style=\"width: 192px;\">T\u00e9l. : 06 20 98 28 40<\/td>\n<\/tr>\n<tr>\n<td style=\"width: 240px;\">Graphiste<br \/>\nAIMJ Communication<\/td>\n<td style=\"width: 261px;\">logos, plaquettes, affiches, flyers, mise \u00e0 jour site Internet, objets publicitaires&#8230;<\/td>\n<td style=\"width: 192px;\">T\u00e9l : 06.52.81.86.71<\/td>\n<\/tr>\n<\/tbody>\n<\/table>\n<h2>Animaux<\/h2>\n<table style=\"border-collapse: collapse; width: 113.621%; height: 168px;\">\n<tbody>\n<tr style=\"height: 23px;\">\n<td style=\"width: 21.0919%; height: 23px;\" width=\"27%\"><a href=\"https:\/\/www.facebook.com\/boule.depoils.3\">\u00ab\u00a0Boule de Poils\u00a0\u00bb &#8211;<br \/>\nEmilie BIGNON<\/a><\/td>\n<td style=\"width: 46.5518%; height: 23px;\" width=\"41%\">Toilettage \u00e0 domicile des chiens et chats<\/td>\n<td style=\"width: 28.7931%; height: 23px;\" width=\"29%\">T\u00e9l. : 06 62 88 61 39<\/td>\n<\/tr>\n<tr style=\"height: 145px;\">\n<td style=\"width: 21.0919%; height: 145px;\" width=\"27%\">COGNEC Marine<\/td>\n<td style=\"width: 46.5518%; height: 145px;\" width=\"41%\">ost\u00e9opathie animale \u00e0 domicile (\u00e9quins, bovins, caprins, ovins, canins, f\u00e9lins et asins)<\/td>\n<td style=\"width: 28.7931%; height: 145px;\" width=\"29%\">T\u00e9l. : 06 40 37 40 47<br \/>\n<a href=\"mailto:marine.cognec@gmail.com\">marine.cognec@gmail.com<\/a><\/td>\n<\/tr>\n<\/tbody>\n<\/table>\n<p><a href=\"http:\/\/www.cc-broceliande.bzh\" target=\"_blank\" rel=\"noopener noreferrer\">Voir les entreprises de la Communaut\u00e9 de Communes de Broc\u00e9liande<\/a><\/p>\n","protected":false},"excerpt":{"rendered":"<p>Alimentaire BAUGER Laurent camion \u00e0 pizzas (le mercredi soir, place de la mairie) T\u00e9l. : 06 85 27 53 78 LE MEUR Chantal bar, tabac, journaux et d\u00e9p\u00f4ts de pains T\u00e9l. : 02 99 61 01 36 QUERARD Florent \u00ab\u00a0Coule \u00e0 Flo\u00a0\u00bb conseiller en vins de terroir site internet Au R\u00e9gal de Broc\u00e9liande burgers et [&hellip;]<\/p>\n","protected":false},"author":1,"featured_media":0,"parent":54,"menu_order":1,"comment_status":"closed","ping_status":"closed","template":"","meta":[],"_links":{"self":[{"href":"https:\/\/www.treffendel.fr\/index.php?rest_route=\/wp\/v2\/pages\/1018"}],"collection":[{"href":"https:\/\/www.treffendel.fr\/index.php?rest_route=\/wp\/v2\/pages"}],"about":[{"href":"https:\/\/www.treffendel.fr\/index.php?rest_route=\/wp\/v2\/types\/page"}],"author":[{"embeddable":true,"href":"https:\/\/www.treffendel.fr\/index.php?rest_route=\/wp\/v2\/users\/1"}],"replies":[{"embeddable":true,"href":"https:\/\/www.treffendel.fr\/index.php?rest_route=%2Fwp%2Fv2%2Fcomments&post=1018"}],"version-history":[{"count":49,"href":"https:\/\/www.treffendel.fr\/index.php?rest_route=\/wp\/v2\/pages\/1018\/revisions"}],"predecessor-version":[{"id":6312,"href":"https:\/\/www.treffendel.fr\/index.php?rest_route=\/wp\/v2\/pages\/1018\/revisions\/6312"}],"up":[{"embeddable":true,"href":"https:\/\/www.treffendel.fr\/index.php?rest_route=\/wp\/v2\/pages\/54"}],"wp:attachment":[{"href":"https:\/\/www.treffendel.fr\/index.php?rest_route=%2Fwp%2Fv2%2Fmedia&parent=1018"}],"curies":[{"name":"wp","href":"https:\/\/api.w.org\/{rel}","templated":true}]}}