{"id":151,"date":"2016-11-28T11:59:47","date_gmt":"2016-11-28T10:59:47","guid":{"rendered":"http:\/\/2016.treffendel.fr\/?page_id=151"},"modified":"2026-04-17T09:31:40","modified_gmt":"2026-04-17T07:31:40","slug":"composition-de-conseil-municipal","status":"publish","type":"page","link":"https:\/\/www.treffendel.fr\/?page_id=151","title":{"rendered":"Composition de Conseil Municipal"},"content":{"rendered":"<table style=\"border-collapse: collapse; width: 100%; height: 1360px;\">\n<tbody>\n<tr style=\"height: 249px;\">\n<td style=\"width: 33.3333%; height: 249px;\"><img loading=\"lazy\" class=\"alignnone size-full wp-image-6996\" src=\"https:\/\/www.treffendel.fr\/wp-content\/uploads\/2026\/04\/Michele-RAULLINE.jpg\" alt=\"\" width=\"1299\" height=\"1654\" srcset=\"https:\/\/www.treffendel.fr\/wp-content\/uploads\/2026\/04\/Michele-RAULLINE.jpg 1299w, https:\/\/www.treffendel.fr\/wp-content\/uploads\/2026\/04\/Michele-RAULLINE-236x300.jpg 236w, https:\/\/www.treffendel.fr\/wp-content\/uploads\/2026\/04\/Michele-RAULLINE-804x1024.jpg 804w, https:\/\/www.treffendel.fr\/wp-content\/uploads\/2026\/04\/Michele-RAULLINE-768x978.jpg 768w, https:\/\/www.treffendel.fr\/wp-content\/uploads\/2026\/04\/Michele-RAULLINE-1206x1536.jpg 1206w, https:\/\/www.treffendel.fr\/wp-content\/uploads\/2026\/04\/Michele-RAULLINE-900x1146.jpg 900w, https:\/\/www.treffendel.fr\/wp-content\/uploads\/2026\/04\/Michele-RAULLINE-1280x1630.jpg 1280w\" sizes=\"(max-width: 1299px) 100vw, 1299px\" \/><\/td>\n<td style=\"width: 33.3333%; height: 249px;\"><img loading=\"lazy\" class=\"alignnone size-full wp-image-6986\" src=\"https:\/\/www.treffendel.fr\/wp-content\/uploads\/2026\/04\/Charleric-BANCHEREAU.jpg\" alt=\"\" width=\"1299\" height=\"1654\" srcset=\"https:\/\/www.treffendel.fr\/wp-content\/uploads\/2026\/04\/Charleric-BANCHEREAU.jpg 1299w, https:\/\/www.treffendel.fr\/wp-content\/uploads\/2026\/04\/Charleric-BANCHEREAU-236x300.jpg 236w, https:\/\/www.treffendel.fr\/wp-content\/uploads\/2026\/04\/Charleric-BANCHEREAU-804x1024.jpg 804w, https:\/\/www.treffendel.fr\/wp-content\/uploads\/2026\/04\/Charleric-BANCHEREAU-768x978.jpg 768w, https:\/\/www.treffendel.fr\/wp-content\/uploads\/2026\/04\/Charleric-BANCHEREAU-1206x1536.jpg 1206w, https:\/\/www.treffendel.fr\/wp-content\/uploads\/2026\/04\/Charleric-BANCHEREAU-900x1146.jpg 900w, https:\/\/www.treffendel.fr\/wp-content\/uploads\/2026\/04\/Charleric-BANCHEREAU-1280x1630.jpg 1280w\" sizes=\"(max-width: 1299px) 100vw, 1299px\" \/><\/td>\n<td style=\"width: 33.3333%; height: 249px;\"><img loading=\"lazy\" class=\"alignnone size-full wp-image-6994\" src=\"https:\/\/www.treffendel.fr\/wp-content\/uploads\/2026\/04\/Marie-LACAZE.jpg\" alt=\"\" width=\"1299\" height=\"1654\" srcset=\"https:\/\/www.treffendel.fr\/wp-content\/uploads\/2026\/04\/Marie-LACAZE.jpg 1299w, https:\/\/www.treffendel.fr\/wp-content\/uploads\/2026\/04\/Marie-LACAZE-236x300.jpg 236w, https:\/\/www.treffendel.fr\/wp-content\/uploads\/2026\/04\/Marie-LACAZE-804x1024.jpg 804w, https:\/\/www.treffendel.fr\/wp-content\/uploads\/2026\/04\/Marie-LACAZE-768x978.jpg 768w, https:\/\/www.treffendel.fr\/wp-content\/uploads\/2026\/04\/Marie-LACAZE-1206x1536.jpg 1206w, https:\/\/www.treffendel.fr\/wp-content\/uploads\/2026\/04\/Marie-LACAZE-900x1146.jpg 900w, https:\/\/www.treffendel.fr\/wp-content\/uploads\/2026\/04\/Marie-LACAZE-1280x1630.jpg 1280w\" sizes=\"(max-width: 1299px) 100vw, 1299px\" \/><\/td>\n<\/tr>\n<tr style=\"height: 23px;\">\n<td style=\"width: 33.3333%; height: 23px;\">\n<p style=\"text-align: center;\">Mich\u00e8le Raulline<br \/>\nmaire<\/p>\n<\/td>\n<td style=\"width: 33.3333%; height: 23px; text-align: center;\">Charl\u00e9ric Banchereau<br \/>\n1er adjoint<\/td>\n<td style=\"width: 33.3333%; height: 23px; text-align: center;\">Marie Lacaze<br \/>\n2\u00e8me adjointe<\/td>\n<\/tr>\n<tr style=\"height: 249px;\">\n<td style=\"width: 33.3333%; height: 249px;\"><img loading=\"lazy\" class=\"alignnone size-full wp-image-6998\" src=\"https:\/\/www.treffendel.fr\/wp-content\/uploads\/2026\/04\/Serge-BERTIN.jpg\" alt=\"\" width=\"1299\" height=\"1654\" srcset=\"https:\/\/www.treffendel.fr\/wp-content\/uploads\/2026\/04\/Serge-BERTIN.jpg 1299w, https:\/\/www.treffendel.fr\/wp-content\/uploads\/2026\/04\/Serge-BERTIN-236x300.jpg 236w, https:\/\/www.treffendel.fr\/wp-content\/uploads\/2026\/04\/Serge-BERTIN-804x1024.jpg 804w, https:\/\/www.treffendel.fr\/wp-content\/uploads\/2026\/04\/Serge-BERTIN-768x978.jpg 768w, https:\/\/www.treffendel.fr\/wp-content\/uploads\/2026\/04\/Serge-BERTIN-1206x1536.jpg 1206w, https:\/\/www.treffendel.fr\/wp-content\/uploads\/2026\/04\/Serge-BERTIN-900x1146.jpg 900w, https:\/\/www.treffendel.fr\/wp-content\/uploads\/2026\/04\/Serge-BERTIN-1280x1630.jpg 1280w\" sizes=\"(max-width: 1299px) 100vw, 1299px\" \/><\/td>\n<td style=\"width: 33.3333%; height: 249px;\"><img loading=\"lazy\" class=\"alignnone size-full wp-image-6989\" src=\"https:\/\/www.treffendel.fr\/wp-content\/uploads\/2026\/04\/Claudine-DUBOIS.jpg\" alt=\"\" width=\"1299\" height=\"1654\" srcset=\"https:\/\/www.treffendel.fr\/wp-content\/uploads\/2026\/04\/Claudine-DUBOIS.jpg 1299w, https:\/\/www.treffendel.fr\/wp-content\/uploads\/2026\/04\/Claudine-DUBOIS-236x300.jpg 236w, https:\/\/www.treffendel.fr\/wp-content\/uploads\/2026\/04\/Claudine-DUBOIS-804x1024.jpg 804w, https:\/\/www.treffendel.fr\/wp-content\/uploads\/2026\/04\/Claudine-DUBOIS-768x978.jpg 768w, https:\/\/www.treffendel.fr\/wp-content\/uploads\/2026\/04\/Claudine-DUBOIS-1206x1536.jpg 1206w, https:\/\/www.treffendel.fr\/wp-content\/uploads\/2026\/04\/Claudine-DUBOIS-900x1146.jpg 900w, https:\/\/www.treffendel.fr\/wp-content\/uploads\/2026\/04\/Claudine-DUBOIS-1280x1630.jpg 1280w\" sizes=\"(max-width: 1299px) 100vw, 1299px\" \/><\/td>\n<td style=\"width: 33.3333%; height: 249px;\"><img loading=\"lazy\" class=\"alignnone size-full wp-image-6984\" src=\"https:\/\/www.treffendel.fr\/wp-content\/uploads\/2026\/04\/Aurelien-LE-NET.jpg\" alt=\"\" width=\"1299\" height=\"1654\" srcset=\"https:\/\/www.treffendel.fr\/wp-content\/uploads\/2026\/04\/Aurelien-LE-NET.jpg 1299w, https:\/\/www.treffendel.fr\/wp-content\/uploads\/2026\/04\/Aurelien-LE-NET-236x300.jpg 236w, https:\/\/www.treffendel.fr\/wp-content\/uploads\/2026\/04\/Aurelien-LE-NET-804x1024.jpg 804w, https:\/\/www.treffendel.fr\/wp-content\/uploads\/2026\/04\/Aurelien-LE-NET-768x978.jpg 768w, https:\/\/www.treffendel.fr\/wp-content\/uploads\/2026\/04\/Aurelien-LE-NET-1206x1536.jpg 1206w, https:\/\/www.treffendel.fr\/wp-content\/uploads\/2026\/04\/Aurelien-LE-NET-900x1146.jpg 900w, https:\/\/www.treffendel.fr\/wp-content\/uploads\/2026\/04\/Aurelien-LE-NET-1280x1630.jpg 1280w\" sizes=\"(max-width: 1299px) 100vw, 1299px\" \/><\/td>\n<\/tr>\n<tr style=\"height: 23px;\">\n<td style=\"width: 33.3333%; height: 23px;\">\n<p style=\"text-align: center;\">Serge Bertin<br \/>\n3\u00e8me adjoint<\/p>\n<\/td>\n<td style=\"width: 33.3333%; height: 23px; text-align: center;\">Claudine Dubois<br \/>\n4\u00e8me adjointe<\/td>\n<td style=\"width: 33.3333%; height: 23px; text-align: center;\">Aur\u00e9lien Le Net<br \/>\nconseiller d\u00e9l\u00e9gu\u00e9<\/td>\n<\/tr>\n<tr style=\"height: 249px;\">\n<td style=\"width: 33.3333%; height: 249px;\"><img loading=\"lazy\" class=\"alignnone size-full wp-image-6993\" src=\"https:\/\/www.treffendel.fr\/wp-content\/uploads\/2026\/04\/Loic-BEAUGE.jpg\" alt=\"\" width=\"1299\" height=\"1654\" srcset=\"https:\/\/www.treffendel.fr\/wp-content\/uploads\/2026\/04\/Loic-BEAUGE.jpg 1299w, https:\/\/www.treffendel.fr\/wp-content\/uploads\/2026\/04\/Loic-BEAUGE-236x300.jpg 236w, https:\/\/www.treffendel.fr\/wp-content\/uploads\/2026\/04\/Loic-BEAUGE-804x1024.jpg 804w, https:\/\/www.treffendel.fr\/wp-content\/uploads\/2026\/04\/Loic-BEAUGE-768x978.jpg 768w, https:\/\/www.treffendel.fr\/wp-content\/uploads\/2026\/04\/Loic-BEAUGE-1206x1536.jpg 1206w, https:\/\/www.treffendel.fr\/wp-content\/uploads\/2026\/04\/Loic-BEAUGE-900x1146.jpg 900w, https:\/\/www.treffendel.fr\/wp-content\/uploads\/2026\/04\/Loic-BEAUGE-1280x1630.jpg 1280w\" sizes=\"(max-width: 1299px) 100vw, 1299px\" \/><\/td>\n<td style=\"width: 33.3333%; height: 249px;\"><img loading=\"lazy\" class=\"alignnone size-full wp-image-6990\" src=\"https:\/\/www.treffendel.fr\/wp-content\/uploads\/2026\/04\/Emilie-CAILLER.jpg\" alt=\"\" width=\"1299\" height=\"1654\" srcset=\"https:\/\/www.treffendel.fr\/wp-content\/uploads\/2026\/04\/Emilie-CAILLER.jpg 1299w, https:\/\/www.treffendel.fr\/wp-content\/uploads\/2026\/04\/Emilie-CAILLER-236x300.jpg 236w, https:\/\/www.treffendel.fr\/wp-content\/uploads\/2026\/04\/Emilie-CAILLER-804x1024.jpg 804w, https:\/\/www.treffendel.fr\/wp-content\/uploads\/2026\/04\/Emilie-CAILLER-768x978.jpg 768w, https:\/\/www.treffendel.fr\/wp-content\/uploads\/2026\/04\/Emilie-CAILLER-1206x1536.jpg 1206w, https:\/\/www.treffendel.fr\/wp-content\/uploads\/2026\/04\/Emilie-CAILLER-900x1146.jpg 900w, https:\/\/www.treffendel.fr\/wp-content\/uploads\/2026\/04\/Emilie-CAILLER-1280x1630.jpg 1280w\" sizes=\"(max-width: 1299px) 100vw, 1299px\" \/><\/td>\n<td style=\"width: 33.3333%; height: 249px;\"><img loading=\"lazy\" class=\"alignnone size-full wp-image-6991\" src=\"https:\/\/www.treffendel.fr\/wp-content\/uploads\/2026\/04\/Felicia-GERMAIN.jpg\" alt=\"\" width=\"1299\" height=\"1654\" srcset=\"https:\/\/www.treffendel.fr\/wp-content\/uploads\/2026\/04\/Felicia-GERMAIN.jpg 1299w, https:\/\/www.treffendel.fr\/wp-content\/uploads\/2026\/04\/Felicia-GERMAIN-236x300.jpg 236w, https:\/\/www.treffendel.fr\/wp-content\/uploads\/2026\/04\/Felicia-GERMAIN-804x1024.jpg 804w, https:\/\/www.treffendel.fr\/wp-content\/uploads\/2026\/04\/Felicia-GERMAIN-768x978.jpg 768w, https:\/\/www.treffendel.fr\/wp-content\/uploads\/2026\/04\/Felicia-GERMAIN-1206x1536.jpg 1206w, https:\/\/www.treffendel.fr\/wp-content\/uploads\/2026\/04\/Felicia-GERMAIN-900x1146.jpg 900w, https:\/\/www.treffendel.fr\/wp-content\/uploads\/2026\/04\/Felicia-GERMAIN-1280x1630.jpg 1280w\" sizes=\"(max-width: 1299px) 100vw, 1299px\" \/><\/td>\n<\/tr>\n<tr style=\"height: 23px;\">\n<td style=\"width: 33.3333%; height: 23px; text-align: center;\">Lo\u00efc Beaug\u00e9<\/td>\n<td style=\"width: 33.3333%; height: 23px; text-align: center;\">Emilie Cailler<\/td>\n<td style=\"width: 33.3333%; height: 23px; text-align: center;\">F\u00e9licia Germain<\/td>\n<\/tr>\n<tr style=\"height: 249px;\">\n<td style=\"width: 33.3333%; height: 249px;\"><img loading=\"lazy\" class=\"alignnone size-full wp-image-6995\" src=\"https:\/\/www.treffendel.fr\/wp-content\/uploads\/2026\/04\/Maxine-GUERANGER.jpg\" alt=\"\" width=\"1299\" height=\"1654\" srcset=\"https:\/\/www.treffendel.fr\/wp-content\/uploads\/2026\/04\/Maxine-GUERANGER.jpg 1299w, https:\/\/www.treffendel.fr\/wp-content\/uploads\/2026\/04\/Maxine-GUERANGER-236x300.jpg 236w, https:\/\/www.treffendel.fr\/wp-content\/uploads\/2026\/04\/Maxine-GUERANGER-804x1024.jpg 804w, https:\/\/www.treffendel.fr\/wp-content\/uploads\/2026\/04\/Maxine-GUERANGER-768x978.jpg 768w, https:\/\/www.treffendel.fr\/wp-content\/uploads\/2026\/04\/Maxine-GUERANGER-1206x1536.jpg 1206w, https:\/\/www.treffendel.fr\/wp-content\/uploads\/2026\/04\/Maxine-GUERANGER-900x1146.jpg 900w, https:\/\/www.treffendel.fr\/wp-content\/uploads\/2026\/04\/Maxine-GUERANGER-1280x1630.jpg 1280w\" sizes=\"(max-width: 1299px) 100vw, 1299px\" \/><\/td>\n<td style=\"width: 33.3333%; height: 249px;\"><img loading=\"lazy\" class=\"alignnone size-full wp-image-6985\" src=\"https:\/\/www.treffendel.fr\/wp-content\/uploads\/2026\/04\/Bruno-MAROUSSIE.jpg\" alt=\"\" width=\"1299\" height=\"1654\" srcset=\"https:\/\/www.treffendel.fr\/wp-content\/uploads\/2026\/04\/Bruno-MAROUSSIE.jpg 1299w, https:\/\/www.treffendel.fr\/wp-content\/uploads\/2026\/04\/Bruno-MAROUSSIE-236x300.jpg 236w, https:\/\/www.treffendel.fr\/wp-content\/uploads\/2026\/04\/Bruno-MAROUSSIE-804x1024.jpg 804w, https:\/\/www.treffendel.fr\/wp-content\/uploads\/2026\/04\/Bruno-MAROUSSIE-768x978.jpg 768w, https:\/\/www.treffendel.fr\/wp-content\/uploads\/2026\/04\/Bruno-MAROUSSIE-1206x1536.jpg 1206w, https:\/\/www.treffendel.fr\/wp-content\/uploads\/2026\/04\/Bruno-MAROUSSIE-900x1146.jpg 900w, https:\/\/www.treffendel.fr\/wp-content\/uploads\/2026\/04\/Bruno-MAROUSSIE-1280x1630.jpg 1280w\" sizes=\"(max-width: 1299px) 100vw, 1299px\" \/><\/td>\n<td style=\"width: 33.3333%; height: 249px;\"><img loading=\"lazy\" class=\"alignnone size-full wp-image-6992\" src=\"https:\/\/www.treffendel.fr\/wp-content\/uploads\/2026\/04\/Francoise-PERRIER.jpg\" alt=\"\" width=\"1299\" height=\"1654\" srcset=\"https:\/\/www.treffendel.fr\/wp-content\/uploads\/2026\/04\/Francoise-PERRIER.jpg 1299w, https:\/\/www.treffendel.fr\/wp-content\/uploads\/2026\/04\/Francoise-PERRIER-236x300.jpg 236w, https:\/\/www.treffendel.fr\/wp-content\/uploads\/2026\/04\/Francoise-PERRIER-804x1024.jpg 804w, https:\/\/www.treffendel.fr\/wp-content\/uploads\/2026\/04\/Francoise-PERRIER-768x978.jpg 768w, https:\/\/www.treffendel.fr\/wp-content\/uploads\/2026\/04\/Francoise-PERRIER-1206x1536.jpg 1206w, https:\/\/www.treffendel.fr\/wp-content\/uploads\/2026\/04\/Francoise-PERRIER-900x1146.jpg 900w, https:\/\/www.treffendel.fr\/wp-content\/uploads\/2026\/04\/Francoise-PERRIER-1280x1630.jpg 1280w\" sizes=\"(max-width: 1299px) 100vw, 1299px\" \/><\/td>\n<\/tr>\n<tr style=\"height: 23px;\">\n<td style=\"width: 33.3333%; height: 23px; text-align: center;\">Maxine Gueranger<\/td>\n<td style=\"width: 33.3333%; height: 23px; text-align: center;\">Bruno Maroussie<\/td>\n<td style=\"width: 33.3333%; height: 23px; text-align: center;\">Fran\u00e7oise Perrier<\/td>\n<\/tr>\n<tr style=\"height: 249px;\">\n<td style=\"width: 33.3333%; height: 249px;\"><img loading=\"lazy\" class=\"alignnone size-full wp-image-6987\" src=\"https:\/\/www.treffendel.fr\/wp-content\/uploads\/2026\/04\/Christelle-PEDRONO.jpg\" alt=\"\" width=\"1299\" height=\"1654\" srcset=\"https:\/\/www.treffendel.fr\/wp-content\/uploads\/2026\/04\/Christelle-PEDRONO.jpg 1299w, https:\/\/www.treffendel.fr\/wp-content\/uploads\/2026\/04\/Christelle-PEDRONO-236x300.jpg 236w, https:\/\/www.treffendel.fr\/wp-content\/uploads\/2026\/04\/Christelle-PEDRONO-804x1024.jpg 804w, https:\/\/www.treffendel.fr\/wp-content\/uploads\/2026\/04\/Christelle-PEDRONO-768x978.jpg 768w, https:\/\/www.treffendel.fr\/wp-content\/uploads\/2026\/04\/Christelle-PEDRONO-1206x1536.jpg 1206w, https:\/\/www.treffendel.fr\/wp-content\/uploads\/2026\/04\/Christelle-PEDRONO-900x1146.jpg 900w, https:\/\/www.treffendel.fr\/wp-content\/uploads\/2026\/04\/Christelle-PEDRONO-1280x1630.jpg 1280w\" sizes=\"(max-width: 1299px) 100vw, 1299px\" \/><\/td>\n<td style=\"width: 33.3333%; height: 249px;\"><img loading=\"lazy\" class=\"alignnone size-full wp-image-6997\" src=\"https:\/\/www.treffendel.fr\/wp-content\/uploads\/2026\/04\/Pierre-RIVALAN.jpg\" alt=\"\" width=\"1299\" height=\"1654\" srcset=\"https:\/\/www.treffendel.fr\/wp-content\/uploads\/2026\/04\/Pierre-RIVALAN.jpg 1299w, https:\/\/www.treffendel.fr\/wp-content\/uploads\/2026\/04\/Pierre-RIVALAN-236x300.jpg 236w, https:\/\/www.treffendel.fr\/wp-content\/uploads\/2026\/04\/Pierre-RIVALAN-804x1024.jpg 804w, https:\/\/www.treffendel.fr\/wp-content\/uploads\/2026\/04\/Pierre-RIVALAN-768x978.jpg 768w, https:\/\/www.treffendel.fr\/wp-content\/uploads\/2026\/04\/Pierre-RIVALAN-1206x1536.jpg 1206w, https:\/\/www.treffendel.fr\/wp-content\/uploads\/2026\/04\/Pierre-RIVALAN-900x1146.jpg 900w, https:\/\/www.treffendel.fr\/wp-content\/uploads\/2026\/04\/Pierre-RIVALAN-1280x1630.jpg 1280w\" sizes=\"(max-width: 1299px) 100vw, 1299px\" \/><\/td>\n<td style=\"width: 33.3333%; height: 249px;\"><img loading=\"lazy\" class=\"alignnone size-full wp-image-6988\" src=\"https:\/\/www.treffendel.fr\/wp-content\/uploads\/2026\/04\/Christian-THOMAS.jpg\" alt=\"\" width=\"1299\" height=\"1654\" srcset=\"https:\/\/www.treffendel.fr\/wp-content\/uploads\/2026\/04\/Christian-THOMAS.jpg 1299w, https:\/\/www.treffendel.fr\/wp-content\/uploads\/2026\/04\/Christian-THOMAS-236x300.jpg 236w, https:\/\/www.treffendel.fr\/wp-content\/uploads\/2026\/04\/Christian-THOMAS-804x1024.jpg 804w, https:\/\/www.treffendel.fr\/wp-content\/uploads\/2026\/04\/Christian-THOMAS-768x978.jpg 768w, https:\/\/www.treffendel.fr\/wp-content\/uploads\/2026\/04\/Christian-THOMAS-1206x1536.jpg 1206w, https:\/\/www.treffendel.fr\/wp-content\/uploads\/2026\/04\/Christian-THOMAS-900x1146.jpg 900w, https:\/\/www.treffendel.fr\/wp-content\/uploads\/2026\/04\/Christian-THOMAS-1280x1630.jpg 1280w\" sizes=\"(max-width: 1299px) 100vw, 1299px\" \/><\/td>\n<\/tr>\n<tr style=\"height: 23px;\">\n<td style=\"width: 33.3333%; height: 23px; text-align: center;\">Christelle Pedrono<\/td>\n<td style=\"width: 33.3333%; height: 23px; text-align: center;\">Pierre Rivalan<\/td>\n<td style=\"width: 33.3333%; height: 23px; text-align: center;\">Christian Thomas<\/td>\n<\/tr>\n<\/tbody>\n<\/table>\n","protected":false},"excerpt":{"rendered":"<p>Mich\u00e8le Raulline maire Charl\u00e9ric Banchereau 1er adjoint Marie Lacaze 2\u00e8me adjointe Serge Bertin 3\u00e8me adjoint Claudine Dubois 4\u00e8me adjointe Aur\u00e9lien Le Net conseiller d\u00e9l\u00e9gu\u00e9 Lo\u00efc Beaug\u00e9 Emilie Cailler F\u00e9licia Germain Maxine Gueranger Bruno Maroussie Fran\u00e7oise Perrier Christelle Pedrono Pierre Rivalan Christian Thomas<\/p>\n","protected":false},"author":1,"featured_media":0,"parent":39,"menu_order":0,"comment_status":"closed","ping_status":"closed","template":"","meta":[],"_links":{"self":[{"href":"https:\/\/www.treffendel.fr\/index.php?rest_route=\/wp\/v2\/pages\/151"}],"collection":[{"href":"https:\/\/www.treffendel.fr\/index.php?rest_route=\/wp\/v2\/pages"}],"about":[{"href":"https:\/\/www.treffendel.fr\/index.php?rest_route=\/wp\/v2\/types\/page"}],"author":[{"embeddable":true,"href":"https:\/\/www.treffendel.fr\/index.php?rest_route=\/wp\/v2\/users\/1"}],"replies":[{"embeddable":true,"href":"https:\/\/www.treffendel.fr\/index.php?rest_route=%2Fwp%2Fv2%2Fcomments&post=151"}],"version-history":[{"count":21,"href":"https:\/\/www.treffendel.fr\/index.php?rest_route=\/wp\/v2\/pages\/151\/revisions"}],"predecessor-version":[{"id":7017,"href":"https:\/\/www.treffendel.fr\/index.php?rest_route=\/wp\/v2\/pages\/151\/revisions\/7017"}],"up":[{"embeddable":true,"href":"https:\/\/www.treffendel.fr\/index.php?rest_route=\/wp\/v2\/pages\/39"}],"wp:attachment":[{"href":"https:\/\/www.treffendel.fr\/index.php?rest_route=%2Fwp%2Fv2%2Fmedia&parent=151"}],"curies":[{"name":"wp","href":"https:\/\/api.w.org\/{rel}","templated":true}]}}