{"id":1569,"date":"2017-12-11T09:41:14","date_gmt":"2017-12-11T08:41:14","guid":{"rendered":"http:\/\/2016.treffendel.fr\/?page_id=1569"},"modified":"2024-04-19T11:54:29","modified_gmt":"2024-04-19T09:54:29","slug":"ameliorer-son-logement","status":"publish","type":"page","link":"https:\/\/www.treffendel.fr\/?page_id=1569","title":{"rendered":"Am\u00e9liorer son logement"},"content":{"rendered":"<h2><strong>Aides financi\u00e8res : Changement en 2024 !<\/strong><\/h2>\n<p>Le lancement de nouvelles initiatives visant \u00e0 fournir un soutien financier au logement, avec des objectifs cruciaux tels que la stabilisation des domiciles des m\u00e9nages, la r\u00e9duction des disparit\u00e9s sociales en mati\u00e8re de logement, et la facilitation de l&rsquo;acc\u00e8s \u00e0 des habitations de qualit\u00e9 pour tous. Ces mesures ambitieuses ont pour but de rendre le logement plus accessible et d&rsquo;am\u00e9liorer la qualit\u00e9 de vie des citoyens.<\/p>\n<p>Une partie des aides r\u00e9serv\u00e9es :<\/p>\n<ul>\n<li>Une assistance pour le r\u00e8glement des factures, couvrant les d\u00e9penses li\u00e9es \u00e0 l&rsquo;eau, au t\u00e9l\u00e9phone, \u00e0 l&rsquo;\u00e9lectricit\u00e9 et au gaz.<\/li>\n<li>Le ch\u00e8que \u00e9nergie, qui prend en charge les co\u00fbts li\u00e9s \u00e0 l&rsquo;\u00e9nergie, y compris les factures, les charges int\u00e9gr\u00e9es dans le loyer, ainsi que les travaux \u00e9ligibles \u00e0 MaPrimeR\u00e9nov&rsquo; effectu\u00e9s par des professionnels RGE.<\/li>\n<li>R\u00e9duction de vos factures d&rsquo;\u00e9lectricit\u00e9 :\u00a0<strong>Contactez le\u00a0<a href=\"https:\/\/tx.bz-mail-us1.com\/1\/l\/8ed8a8f12e194e3bbcd6fc65141c96bf?rl=https%3A%2F%2Fwww.affinicia.com%2Fenergie%2Flp%2Feconomisez-350-euros-energie%2F\" target=\"_blank\" rel=\"noopener noreferrer\">09 73 96 16 45<\/a><\/strong>\u00a0(service et appels gratuits)<\/li>\n<li>La prime \u00ab\u00a0Coup de pouce chauffage\u00a0\u00bb encourage le remplacement des chaudi\u00e8res par des syst\u00e8mes plus efficaces, tels que les chaudi\u00e8res biomasse, les pompes \u00e0 chaleur, les syst\u00e8mes solaires, les raccordements \u00e0 des r\u00e9seaux de chaleur renouvelable, et les chauffages au bois performants.<\/li>\n<\/ul>\n<p>D&rsquo;autres formes d&rsquo;assistance sont \u00e9galement disponibles. Pour obtenir plus d&rsquo;informations sur l&rsquo;ensemble des aides financi\u00e8res au logement, veuillez consulter le site web :\u00a0<a class=\"v1moz-txt-link-freetext\" href=\"https:\/\/www.ecologie.gouv.fr\/demarches\/aides-financieres-au-logement\" target=\"_blank\" rel=\"noopener noreferrer\">https:\/\/www.ecologie.gouv.fr\/demarches\/aides-financieres-au-logement<\/a><\/p>\n<h2>Am\u00e9lioration de votre Logement\u00a0: On vous aide\u00a0!<\/h2>\n<p>Remettre \u00e0 neuf son logement, am\u00e9liorer la consommation \u00e9nerg\u00e9tique ou maintenir \u00e0 domicile les personnes en perte d\u2019autonomie repr\u00e9sentent un co\u00fbt financier qui peut s\u2019av\u00e9rer lourd.<\/p>\n<p>Depuis 2016, l\u2019OPAH \u00ab\u00a0Mieux vivre chez soi\u00a0\u00bb de la CCB permet \u00e0 certains propri\u00e9taires de faire face aux difficult\u00e9s rencontr\u00e9es lors de travaux de r\u00e9novation du logement.<\/p>\n<p>L\u2019op\u00e9ration propose un accompagnement gratuit visant \u00e0 aider les propri\u00e9taires dans leur d\u00e9marche\u00a0(expertise du logement avec pr\u00e9conisations de travaux, recherche de financements, montage du dossier et suivi du projet de travaux) gr\u00e2ce \u00e0 l\u2019intervention du CDHAT, prestataire retenu par la Communaut\u00e9 de Communes pour assurer cette mission.<\/p>\n<p>La CCB aide financi\u00e8rement les propri\u00e9taires dans la r\u00e9alisation de leurs travaux, selon des crit\u00e8res d\u2019\u00e9ligibilit\u00e9. Apr\u00e8s 1 an d\u2019op\u00e9ration, 40 logements en ont d\u00e9j\u00e0 b\u00e9n\u00e9fici\u00e9\u00a0!<\/p>\n<h2><strong>Renseignez-vous\u00a0!<\/strong><\/h2>\n<p><em>Contact\u00a0: <\/em><\/p>\n<p>St\u00e9phane QUERNEC<\/p>\n<p>02 99 28 46 50 \/ <a href=\"mailto:bretagne@cdhat.fr\">bretagne@cdhat.fr<\/a><\/p>\n<p><em>Permanence\u00a0: <\/em><\/p>\n<p>Le 2<sup>\u00e8me<\/sup> e 4<sup>\u00e8me<\/sup> mercredi du mois,\u00a0De 9h30 \u00e0 12h30<\/p>\n<p>A la Communaut\u00e9 de communes de Broc\u00e9liande \u00e0\u00a0\u00a0Pl\u00e9lan Le Grand (1 Rue des Korrigans)<\/p>\n","protected":false},"excerpt":{"rendered":"<p>Aides financi\u00e8res : Changement en 2024 ! Le lancement de nouvelles initiatives visant \u00e0 fournir un soutien financier au logement, avec des objectifs cruciaux tels que la stabilisation des domiciles des m\u00e9nages, la r\u00e9duction des disparit\u00e9s sociales en mati\u00e8re de logement, et la facilitation de l&rsquo;acc\u00e8s \u00e0 des habitations de qualit\u00e9 pour tous. Ces mesures [&hellip;]<\/p>\n","protected":false},"author":1,"featured_media":0,"parent":162,"menu_order":0,"comment_status":"closed","ping_status":"closed","template":"","meta":[],"_links":{"self":[{"href":"https:\/\/www.treffendel.fr\/index.php?rest_route=\/wp\/v2\/pages\/1569"}],"collection":[{"href":"https:\/\/www.treffendel.fr\/index.php?rest_route=\/wp\/v2\/pages"}],"about":[{"href":"https:\/\/www.treffendel.fr\/index.php?rest_route=\/wp\/v2\/types\/page"}],"author":[{"embeddable":true,"href":"https:\/\/www.treffendel.fr\/index.php?rest_route=\/wp\/v2\/users\/1"}],"replies":[{"embeddable":true,"href":"https:\/\/www.treffendel.fr\/index.php?rest_route=%2Fwp%2Fv2%2Fcomments&post=1569"}],"version-history":[{"count":2,"href":"https:\/\/www.treffendel.fr\/index.php?rest_route=\/wp\/v2\/pages\/1569\/revisions"}],"predecessor-version":[{"id":5910,"href":"https:\/\/www.treffendel.fr\/index.php?rest_route=\/wp\/v2\/pages\/1569\/revisions\/5910"}],"up":[{"embeddable":true,"href":"https:\/\/www.treffendel.fr\/index.php?rest_route=\/wp\/v2\/pages\/162"}],"wp:attachment":[{"href":"https:\/\/www.treffendel.fr\/index.php?rest_route=%2Fwp%2Fv2%2Fmedia&parent=1569"}],"curies":[{"name":"wp","href":"https:\/\/api.w.org\/{rel}","templated":true}]}}