{"id":1725,"date":"2018-04-04T15:41:15","date_gmt":"2018-04-04T13:41:15","guid":{"rendered":"http:\/\/2016.treffendel.fr\/?page_id=1725"},"modified":"2018-04-04T15:42:00","modified_gmt":"2018-04-04T13:42:00","slug":"compte-rendu-du-conseil-municipal-du-29-mars-2018-a-18-h-30","status":"publish","type":"page","link":"https:\/\/www.treffendel.fr\/?page_id=1725","title":{"rendered":"Compte-rendu du conseil municipal du 29 mars 2018 \u00e0 18 h 30"},"content":{"rendered":"<p><strong>Pr\u00e9sents\u00a0<\/strong><strong>: <\/strong><strong>F. KERGUELEN, L. PERSEHAIE, C. LE ROSSIGNOL, P. BAUDAIS, P. PERSEHAIE, C. BANCHEREAU, P. RAFFEGEAU, S. GRANDAIS, F. SAUVAGE, M RAULLINE, G. ROBIN, <\/strong><\/p>\n<p><strong>Excus\u00e9s\u00a0: <\/strong><strong>C. WEBER (Procuration \u00e0 G. ROBIN), R. MORENO (Procuration \u00e0 P. RAFFEGEAU), B.\u00a0<\/strong><strong>HERVAULT<\/strong><\/p>\n<h4>ORDRE DU JOUR\u00a0:<\/h4>\n<p>D\u00e9signation d\u2019un secr\u00e9taire de s\u00e9ance\u00a0:<\/p>\n<p>Conform\u00e9ment \u00e0 l\u2019article L.2121-15 du Code G\u00e9n\u00e9ral des Collectivit\u00e9s Locales, Mme Chantal LE ROSSIGNOL est nomm\u00e9e secr\u00e9taire de s\u00e9ance.<\/p>\n<p>Approbation du compte-rendu du conseil municipal du 28 F\u00e9vrier 2018\u00a0:<\/p>\n<p>Le compte-rendu du 28 f\u00e9vrier 2018 est approuv\u00e9 \u00e0 l\u2019unanimit\u00e9 des membres pr\u00e9sents moins deux abstentions\u00a0: Franck SAUVAGE et Rosan MORENO.<\/p>\n<p>&nbsp;<\/p>\n<h1>I \u2013 FINANCES\u00a0:<\/h1>\n<h4>Vote des taux des imp\u00f4ts locaux\u00a0:<\/h4>\n<p>Madame le Maire informe le conseil municipal que la notification des bases des 3 taxes\u00a0: Taxe d\u2019Habitation, Foncier B\u00e2ti et Foncier Non-B\u00e2ti a \u00e9t\u00e9 re\u00e7ue en mairie le vendredi 16 mars dernier.<\/p>\n<p>Il est propos\u00e9 de maintenir les taux actuels\u00a0:<\/p>\n<ul>\n<li>Taxe d\u2019Habitation = 16.86 %<\/li>\n<li>Foncier B\u00e2ti = 57 %<\/li>\n<li>Foncier Non-B\u00e2ti = 48.73 %<\/li>\n<\/ul>\n<p>Ce qui g\u00e9n\u00e8re un produit attendu des 3 taxes d\u2019un montant de 363 182 \u20ac.<\/p>\n<p>En 2017, la recette pr\u00e9visionnelle, avec les taux identiques, \u00e9tait 356 055 \u20ac pour une recette r\u00e9elle per\u00e7ue de 356\u00a0026 \u20ac.<\/p>\n<p>Il est donc propos\u00e9 de maintenir au budget primitif 2018 une recette de 356\u00a0000 \u20ac au C\/73111, car la notification d\u00e9finitive de la Dotation Globale de Fonctionnement n\u2019\u00e9tait pas connue au moment de la r\u00e9alisation du budget en commission. Cela permettra de r\u00e9aliser certains ajustements lors d\u2019\u00e9ventuelles D\u00e9cisions Modificatives.<\/p>\n<p>La notification des bases que nous avons re\u00e7ue depuis donne un montant de 363 182 \u20ac (soit + 7 182 \u20ac)<\/p>\n<p>Cette \u00e9volution est li\u00e9e \u00e0\u00a0:<\/p>\n<ul>\n<li>L\u2019\u00e9volution de la valeur locative des biens en lien avec l\u2019inflation (+ 1.012 % cette ann\u00e9e)<\/li>\n<li>L\u2019\u00e9volution du volume des bases li\u00e9e aux nouvelles constructions.<\/li>\n<\/ul>\n<p>Un \u00e9lu tient \u00e0 pr\u00e9ciser que les imp\u00f4ts des m\u00e9nages (Taxe d\u2019Habitation et Taxes Fonci\u00e8res) suivent l\u2019\u00e9volution du co\u00fbt de la vie par la revalorisation annuelle de la valeur locative de chaque bien (maison et\/ou terrain) par les services des imp\u00f4ts.<\/p>\n<p>Apr\u00e8s en avoir d\u00e9lib\u00e9r\u00e9, le conseil municipal d\u00e9cide\u00a0\u00e0 l\u2019unanimit\u00e9\u00a0:<\/p>\n<ul>\n<li>De maintenir les taux actuels pour l\u2019ann\u00e9e 2018, \u00e0 savoir\u00a0:<\/li>\n<li>Taxe d\u2019Habitation = 16.86 %<\/li>\n<li>Foncier B\u00e2ti = 57 %<\/li>\n<li>Foncier Non-B\u00e2ti = 48.73 %.<\/li>\n<\/ul>\n<h4>Vote des Comptes Administratifs 2017<\/h4>\n<p>pr\u00e9sent\u00e9s par Mr Laurent Persehaie, Adjoint aux Finances<\/p>\n<h5><em>Budget principal COMMUNE\u00a0:<\/em><\/h5>\n<h6>Fonctionnement<\/h6>\n<p>D\u00e9penses r\u00e9alis\u00e9es\u00a0:\u00a0\u00a0\u00a0\u00a0\u00a0\u00a0 818\u00a0116.05<\/p>\n<p>Recettes r\u00e9alis\u00e9es\u00a0:\u00a0\u00a0\u00a0\u00a0\u00a0 \u00a0\u00a0\u00a0983\u00a0028.77<\/p>\n<p>R\u00e9sultat\u00a0: Exc\u00e9dent 2017\u00a0:\u00a0\u00a0\u00a0 \u00a0\u00a0\u00a0\u00a0\u00a0\u00a0\u00a0\u00a0164\u00a0912.72 \u20ac<\/p>\n<p>+ R\u00e9sultat ant\u00e9rieur 2016\u00a0:\u00a0\u00a0\u00a0\u00a0\u00a0\u00a0\u00a0\u00a0\u00a0\u00a0\u00a0\u00a0\u00a0\u00a0 \u00a0\u00a0\u00a0\u00a0\u00a0\u00a0\u00a00.00 \u20ac<\/p>\n<p>soit r\u00e9sultat de cl\u00f4ture\u00a0\u00a0\u00a0\u00a0\u00a0\u00a0 \u00a0\u00a0\u00a0\u00a0\u00a0\u00a0\u00a0+\u00a0 164\u00a0912.72 \u20ac<\/p>\n<h6>Investissement<\/h6>\n<p>D\u00e9penses r\u00e9alis\u00e9es\u00a0:\u00a0\u00a0\u00a0\u00a0\u00a0\u00a0\u00a0 242\u00a0621.15<\/p>\n<p>Recettes r\u00e9alis\u00e9es\u00a0 :\u00a0\u00a0\u00a0\u00a0\u00a0\u00a0\u00a0 424\u00a0377.45<\/p>\n<p>R\u00e9sultat\u00a0: Exc\u00e9dent 2017\u00a0:\u00a0\u00a0\u00a0\u00a0\u00a0\u00a0 \u00a0\u00a0\u00a0\u00a0181\u00a0756.30 \u20ac<\/p>\n<p>+ Exc\u00e9dent ant\u00e9rieur (2016) : \u00a0\u00a0\u00a0\u00a0\u00a0130\u00a0608.67 \u20ac<\/p>\n<p>r\u00e9sultat de cl\u00f4ture\u00a0: Exc\u00e9dent de 312\u00a0364.97 \u00a0\u20ac<\/p>\n<h5><em>\u00a0<\/em><em>Budget annexe ASSAINISSEMENT COLLECTIF\u00a0:<\/em><\/h5>\n<h6><em>\u00a0<\/em>Fonctionnement<\/h6>\n<p>D\u00e9penses r\u00e9alis\u00e9es\u00a0:\u00a0\u00a0\u00a0\u00a0\u00a0\u00a0\u00a0\u00a0\u00a0 42\u00a0423.80<\/p>\n<p>Recettes r\u00e9alis\u00e9es\u00a0:\u00a0\u00a0\u00a0\u00a0\u00a0\u00a0\u00a0\u00a0\u00a0\u00a0\u00a0 66\u00a0754.36<\/p>\n<p>R\u00e9sultat\u00a0: Exc\u00e9dent 2017\u00a0:\u00a0\u00a0\u00a0\u00a0 \u00a0\u00a0\u00a0\u00a0\u00a0\u00a024\u00a0330.56 \u20ac<\/p>\n<p>+ Exc\u00e9dent ant\u00e9rieur 2016\u00a0:\u00a0\u00a0\u00a0\u00a0\u00a0\u00a0\u00a0\u00a0\u00a0\u00a0\u00a0\u00a0\u00a0\u00a0\u00a0\u00a0\u00a0 0.00 \u20ac<\/p>\n<p>soit r\u00e9sultat de cl\u00f4ture\u00a0\u00a0\u00a0\u00a0\u00a0\u00a0\u00a0\u00a0\u00a0\u00a0\u00a0\u00a0 +\u00a0\u00a0 24\u00a0330.56 \u20ac<\/p>\n<h6>Investissement<\/h6>\n<p>D\u00e9penses r\u00e9alis\u00e9es\u00a0:\u00a0\u00a0\u00a0\u00a0\u00a0\u00a0\u00a0 138\u00a0020.15<\/p>\n<p>Recettes r\u00e9alis\u00e9es\u00a0 :\u00a0\u00a0\u00a0\u00a0\u00a0\u00a0 \u00a0\u00a0\u00a094\u00a0179.41<\/p>\n<p>R\u00e9sultat\u00a0: D\u00e9ficit 2017 :\u00a0\u00a0\u00a0\u00a0\u00a0\u00a0\u00a0\u00a0\u00a0 \u00a0\u00a0\u00a0\u00a0\u00a043\u00a0840.74 \u20ac<\/p>\n<p>+ Exc\u00e9dent ant\u00e9rieur 2016\u00a0\u00a0 :\u00a0\u00a0\u00a0\u00a0\u00a0\u00a0 66\u00a0490.27 \u20ac<\/p>\n<p>r\u00e9sultat de cl\u00f4ture\u00a0: Exc\u00e9dent de \u00a022\u00a0649.53 \u20ac<\/p>\n<h5><em>Budget annexe Equipements P\u00e9riscolaires\u00a0:<\/em><\/h5>\n<h6>Fonctionnement<\/h6>\n<p>D\u00e9penses r\u00e9alis\u00e9es\u00a0:\u00a0\u00a0\u00a0\u00a0\u00a0\u00a0\u00a0\u00a0 151\u00a0703.14<\/p>\n<p>Recettes r\u00e9alis\u00e9es\u00a0:\u00a0\u00a0\u00a0\u00a0\u00a0\u00a0\u00a0\u00a0\u00a0\u00a0 151\u00a0703.14<\/p>\n<p>R\u00e9sultat 2017\u00a0: 0.00 \u20ac<\/p>\n<p>Subvention d\u2019\u00e9quilibre par le budget Commune de 20\u00a0984.68 \u20ac<\/p>\n<h5><em>Budget annexe Lotissement de la Mairie\u00a0:<\/em><\/h5>\n<h6>Fonctionnement<\/h6>\n<p>D\u00e9penses r\u00e9alis\u00e9es\u00a0:\u00a0\u00a0\u00a0\u00a0\u00a0\u00a0\u00a0\u00a0\u00a0\u00a0\u00a0\u00a0\u00a0\u00a0\u00a0\u00a0\u00a0\u00a0 0.00<\/p>\n<p>Recettes r\u00e9alis\u00e9es\u00a0:\u00a0\u00a0\u00a0\u00a0\u00a0\u00a0\u00a0\u00a0\u00a0\u00a0\u00a0\u00a0\u00a0\u00a0\u00a0\u00a0\u00a0\u00a0\u00a0\u00a0 0.00<\/p>\n<p>R\u00e9sultat\u00a0 2017\u00a0:\u00a0\u00a0\u00a0\u00a0\u00a0\u00a0\u00a0\u00a0\u00a0\u00a0\u00a0\u00a0\u00a0\u00a0\u00a0\u00a0\u00a0 \u00a0\u00a0\u00a0\u00a0\u00a0\u00a0\u00a0\u00a0\u00a0\u00a0\u00a0\u00a0\u00a0\u00a0\u00a00.00 \u20ac<\/p>\n<p>+ R\u00e9sultat ant\u00e9rieur 2016\u00a0: \u00a0\u00a0\u00a0\u00a0\u00a0\u00a0\u00a0\u00a0\u00a0\u00a0\u00a0\u00a0\u00a0\u00a00.00 \u20ac<\/p>\n<p>soit r\u00e9sultat de cl\u00f4ture\u00a0\u00a0\u00a0\u00a0\u00a0 \u00a0\u00a0\u00a0\u00a0\u00a0\u00a0\u00a0\u00a0\u00a0\u00a0\u00a0\u00a0\u00a0\u00a0\u00a0\u00a00.00 \u20ac<\/p>\n<h6>Investissement<\/h6>\n<p>D\u00e9penses r\u00e9alis\u00e9es\u00a0:\u00a0\u00a0\u00a0\u00a0\u00a0\u00a0\u00a0\u00a0\u00a0\u00a0\u00a0\u00a0\u00a0\u00a0\u00a0\u00a0\u00a0\u00a0 0.00<\/p>\n<p>Recettes r\u00e9alis\u00e9es\u00a0\u00a0 :\u00a0\u00a0\u00a0\u00a0\u00a0\u00a0\u00a0\u00a0\u00a0\u00a0\u00a0\u00a0\u00a0\u00a0\u00a0\u00a0\u00a0\u00a0 0.00<\/p>\n<p>R\u00e9sultat\u00a0\u00a0 2017 :\u00a0\u00a0\u00a0\u00a0\u00a0\u00a0\u00a0\u00a0\u00a0\u00a0\u00a0\u00a0\u00a0\u00a0\u00a0\u00a0\u00a0\u00a0\u00a0\u00a0\u00a0 \u00a0\u00a0\u00a0\u00a0\u00a0\u00a0\u00a0\u00a00.00\u00a0 \u20ac<\/p>\n<p>+ R\u00e9sultat D\u00e9ficit 2016\u00a0:\u00a0\u00a0\u00a0 \u00a0\u00a0\u00a0\u00a0\u00a049\u00a0420.20 \u20ac<\/p>\n<p>soit r\u00e9sultat de cl\u00f4ture\u00a0: D\u00e9ficit de 49\u00a0420.20 \u20ac<\/p>\n<h5><em>Budget annexe Lotissement de l\u2019\u00e9glise\u00a0:<\/em><\/h5>\n<h6>Fonctionnement<\/h6>\n<p>D\u00e9penses r\u00e9alis\u00e9es\u00a0:\u00a0\u00a0\u00a0\u00a0\u00a0\u00a0\u00a0\u00a0\u00a0\u00a0\u00a0\u00a0\u00a0\u00a0\u00a0\u00a0\u00a0\u00a0 0.00<\/p>\n<p>Recettes r\u00e9alis\u00e9es\u00a0:\u00a0\u00a0\u00a0\u00a0\u00a0\u00a0\u00a0\u00a0\u00a0\u00a0\u00a0\u00a0\u00a0\u00a0\u00a0\u00a0\u00a0\u00a0\u00a0\u00a0 0.00<\/p>\n<p>R\u00e9sultat\u00a0 2017\u00a0:\u00a0\u00a0\u00a0\u00a0\u00a0\u00a0\u00a0\u00a0\u00a0\u00a0\u00a0\u00a0\u00a0\u00a0\u00a0\u00a0\u00a0\u00a0\u00a0\u00a0\u00a0\u00a0\u00a0\u00a0 \u00a0\u00a0\u00a0\u00a0\u00a0\u00a0 0.00 \u20ac<\/p>\n<p>+ R\u00e9sultat ant\u00e9rieur 2016\u00a0\u00a0\u00a0\u00a0\u00a0\u00a0\u00a0\u00a0\u00a0\u00a0\u00a0\u00a0\u00a0\u00a0\u00a0\u00a0 0.00 \u20ac<\/p>\n<p>soit r\u00e9sultat de cl\u00f4ture\u00a0\u00a0\u00a0\u00a0\u00a0\u00a0\u00a0\u00a0\u00a0\u00a0\u00a0\u00a0\u00a0\u00a0\u00a0\u00a0\u00a0\u00a0\u00a0\u00a0\u00a0 0.00 \u20ac<\/p>\n<h6>Investissement<\/h6>\n<p>D\u00e9penses r\u00e9alis\u00e9es\u00a0:\u00a0\u00a0\u00a0\u00a0\u00a0\u00a0\u00a0\u00a0\u00a0\u00a0\u00a0\u00a0\u00a0\u00a0\u00a0\u00a0\u00a0\u00a0 0.00<\/p>\n<p>Recettes r\u00e9alis\u00e9es\u00a0\u00a0 :\u00a0\u00a0\u00a0\u00a0\u00a0\u00a0\u00a0\u00a0\u00a0\u00a0\u00a0\u00a0\u00a0\u00a0\u00a0\u00a0\u00a0\u00a0 0.00<\/p>\n<p>R\u00e9sultat\u00a0 2017 :\u00a0\u00a0\u00a0\u00a0\u00a0\u00a0\u00a0\u00a0\u00a0\u00a0\u00a0\u00a0\u00a0\u00a0\u00a0\u00a0\u00a0\u00a0\u00a0\u00a0\u00a0\u00a0\u00a0\u00a0\u00a0\u00a0\u00a0\u00a0\u00a0\u00a0\u00a0 0.00 \u20ac<\/p>\n<p>+ R\u00e9sultat d\u00e9ficit 2016\u00a0\u00a0\u00a0\u00a0\u00a0\u00a0\u00a0\u00a0\u00a0\u00a0 &#8211;\u00a0\u00a0\u00a0\u00a0 83\u00a0296.66 \u20ac<\/p>\n<p>soit r\u00e9sultat de cl\u00f4ture\u00a0: d\u00e9ficit de 83\u00a0296.66 \u20ac<\/p>\n<p>&nbsp;<\/p>\n<p>Le conseil municipal approuve ces 5 Comptes Administratifs 2017 \u00e0 l\u2019unanimit\u00e9, ainsi que les comptes de gestion du Percepteur.<\/p>\n<p>Monsieur le Percepteur d\u00e9clare conforme les comptes administratifs aux comptes de gestion de la tr\u00e9sorerie.<\/p>\n<h5>Affectation du r\u00e9sultat\u00a0du budget \u00ab\u00a0COMMUNE\u00a0\u00bb\u00a0:<\/h5>\n<p>Le conseil municipal d\u00e9cide, \u00e0 l\u2019unanimit\u00e9, d\u2019affecter l\u2019int\u00e9gralit\u00e9 de l\u2019exc\u00e9dent de Fonctionnement 2017 soit la somme de 164\u00a0912.72 \u20ac\u00a0 pour combler les restes \u00e0 r\u00e9aliser des op\u00e9rations engag\u00e9es en 2017 en Investissement.<\/p>\n<h5>Affectation du r\u00e9sultat\u00a0du budget \u00ab\u00a0Assainissement\u00a0\u00bb\u00a0:<\/h5>\n<p>Le conseil municipal d\u00e9cide, \u00e0 l\u2019unanimit\u00e9, d\u2019affecter l\u2019int\u00e9gralit\u00e9 de l\u2019exc\u00e9dent de Fonctionnement 2017, soit la somme de 24\u00a0330.56 \u20ac\u00a0 pour combler les restes \u00e0 r\u00e9aliser des op\u00e9rations engag\u00e9es en 2017 en Investissement.<\/p>\n<p>Ensuite, Monsieur le Percepteur pr\u00e9sente au conseil municipal une analyse de la situation financi\u00e8re de la Commune (voir document ci-joint). En conclusion, la commune de Treffendel pr\u00e9sente\u00a0:<\/p>\n<ul>\n<li>Un faible endettement,<\/li>\n<li>Une capacit\u00e9 d\u2019autofinancement tr\u00e8s correcte<\/li>\n<li>Une pression fiscale assez forte, qui s\u2019explique par l\u2019obligation d\u2019avoir des taux (TH \u2013 FB et FNB) \u00e9lev\u00e9s du fait de la faiblesse du montant des bases des valeurs locatives.<\/li>\n<\/ul>\n<h3>Vote des Budgets Primitifs 2018<\/h3>\n<p>pr\u00e9sent\u00e9s par Mr Laurent PERSEHAIE, Adjoint aux Finances.<\/p>\n<h6>Budget principal \u00ab\u00a0COMMUNE\u00a0\u00bb<\/h6>\n<ul>\n<li>Fonctionnement\u00a0: D\u00e9penses\u00a0= 961\u00a0450.00 et Recettes\u00a0= 961 450.00<\/li>\n<li>Investissement\u00a0: D\u00e9penses\u00a0: 835 430.00 et Recettes\u00a0: 835 430.00<\/li>\n<\/ul>\n<h6>Budget annexe \u00ab\u00a0Assainissement collectif\u00a0\u00bb<\/h6>\n<ul>\n<li>Fonctionnement\u00a0: D\u00e9penses\u00a0= 81 500.00 et Recettes\u00a0= 81 500.00<\/li>\n<li>Investissement\u00a0: D\u00e9penses\u00a0= 1\u00a0288 180.00 et Recettes\u00a0= 1\u00a0288 180.00<\/li>\n<\/ul>\n<h6>Budget annexe \u00ab\u00a0Equipements P\u00e9riscolaires\u00a0\u00bb<\/h6>\n<ul>\n<li>Fonctionnement\u00a0: D\u00e9penses\u00a0= 156 900.00 et Recettes\u00a0= 156 900.00<\/li>\n<li>Budget annexe \u00ab\u00a0Lotissement de la Mairie\u00a0\u00bb (Ce budget doit \u00eatre vot\u00e9 en Hors Taxe.)<\/li>\n<li>Fonctionnement\u00a0: D\u00e9penses\u00a0= 148 631.00 et Recettes\u00a0= 148 631.00<\/li>\n<li>Investissement\u00a0: D\u00e9penses\u00a0= 194 042.00 et Recettes\u00a0= 194 042.00<\/li>\n<\/ul>\n<h6>Budget annexe \u00ab\u00a0Lotissement de l\u2019\u00e9glise\u00a0\u00bb<\/h6>\n<ul>\n<li>Fonctionnement\u00a0: D\u00e9penses\u00a0= 203 307.00 et Recettes\u00a0= 203 307.00<\/li>\n<li>Investissement\u00a0: D\u00e9penses\u00a0= 286 594.00 et Recettes\u00a0= 286 594.00<\/li>\n<\/ul>\n<p>Le conseil municipal approuve ces cinq budgets primitifs 2018, \u00e0 l\u2019unanimit\u00e9.<\/p>\n<h1>II \u2013 \u00a0VOIRIE\u00a0:<\/h1>\n<p>Compte-rendu de la commission du 27 mars 2018<\/p>\n<h4>Travaux de Point-\u00e0-temps\u00a0:<\/h4>\n<p>Mr Pierre PERSEHAIE, conseiller municipal d\u00e9l\u00e9gu\u00e9 \u00e0 la voirie, rappelle au conseil municipal qu\u2019il avait \u00e9t\u00e9 conclu avec l\u2019entreprise COLAS un march\u00e9 pour les travaux de \u00ab\u00a0Point-\u00e0-temps\u00a0\u00bb pour l\u2019ann\u00e9e 2017, au tarif de 681.29 \u20ac HT la tonne. Un appel d\u2019offres a \u00e9t\u00e9 lanc\u00e9 aupr\u00e8s de 3 entreprises pour un tarif \u00e0 la tonne d\u2019\u00e9mulsion, pour une quantit\u00e9 de 25 tonnes, et ceci, pour une seule ann\u00e9e. Le personnel communal ne sera pas mis \u00e0 disposition de l\u2019entreprise retenue, comme cela se pratiquait avec les services du Parc de la DDTM.<\/p>\n<p>Le r\u00e9sultat de l\u2019appel d\u2019offres donne\u00a0:<\/p>\n<ul>\n<li>Ent EUROVIA = 654.00 \u20ac HT la tonne (19\u00a0620.00 \u20ac TTC)<\/li>\n<li>Ent PEROTIN = 695.00 \u20ac HT la tonne (20\u00a0850.00 \u20ac TTC)<\/li>\n<li>Ent COLAS = 745.00 \u20ac HT la tonne (22\u00a0350.00 \u20ac TTC)<\/li>\n<\/ul>\n<p>De plus, il pourrait \u00eatre r\u00e9alis\u00e9 un \u00ab\u00a0bi-couche\u00a0\u00bb sur le parking actuel du terrain de Football\u00a0avec le principe du \u00ab\u00a0point-\u00e0-temps\u00a0\u00bb. Pour ce faire, 6 tonnes d\u2019\u00e9mulsion serait \u00e0 pr\u00e9voir en deux couches. Ces travaux seraient financ\u00e9s en investissement sur le programme de travaux de r\u00e9fection de voirie.<\/p>\n<p>Apr\u00e8s en avoir d\u00e9lib\u00e9r\u00e9, le conseil municipal d\u00e9cide\u00a0 \u00e0 l\u2019unanimit\u00e9\u00a0:<\/p>\n<ul>\n<li>De retenir la proposition de l\u2019entreprise EUROVIA pour 25 tonnes d\u2019\u00e9mulsion pour les travaux de point-\u00e0-temps de l\u2019ann\u00e9e 2018 au tarif de 654 \u20ac H.T. la tonne<\/li>\n<li>D\u2019accepter les travaux de goudronnage du parking du terrain de foot-ball aupr\u00e8s de l\u2019entreprise EUROVIA pour un montant HT de 3\u00a0924 \u20ac (6 tonnes x 654 \u20ac HT).<\/li>\n<\/ul>\n<h1>III &#8211; URBANISME\u00a0:<\/h1>\n<h4>Pour Information\u00a0: D\u00e9claration d\u2019Intention d\u2019Ali\u00e9ner<\/h4>\n<p>parcelle b\u00e2tie \u00a0B N\u00b0 1402 \u2013 560 m\u00b2 &#8211; 6 all\u00e9e des Rossignols\u00a0: avis de ne pas faire valoir le Droit de Pr\u00e9emption Urbain. Le conseil municipal prend acte de cet avis.<\/p>\n<p>&nbsp;<\/p>\n<h1>QUESTIONS DIVERSES :<\/h1>\n<p>POUR INFORMATION\u00a0:<\/p>\n<p>RAPPEL\u00a0: Invitation<\/p>\n<ul>\n<li>Mr Noyelet, repreneur du restaurant RN24, invite le conseil municipal \u00e0 l\u2019inauguration d\u2019ouverture le vendredi 30 mars 2018 \u00e0 partir du 18 h 30.<\/li>\n<li>Invitation\u00a0: Partenariat \u00ab\u00a0Ecole publique Aurelie Nemours\u00a0\u00bb et \u00ab\u00a0TREF FA SI LA\u00a0\u00bb\u00a0: samedi 14 avril \u00e0 20 h : com\u00e9die musicale \u00ab\u00a0Hip hip hip pirates\u00a0\u00bb avec G\u00e9rard Delahaye au cirque M\u00e9tropole.<\/li>\n<\/ul>\n<h4>PROCHAINS CONSEILS MUNICIPAUX\u00a0:<\/h4>\n<ul>\n<li>Jeudi 12 avril 2018 \u00e0 20 h 30 : R\u00e9union Adjoints\u00a0: mardi 03 avril 2018 \u00e0 20 h 30<\/li>\n<li>Jeudi 17 mai 2018 \u00e0 20 h 30 : R\u00e9union Adjoints\u00a0: lundi 07 mai 2018 \u00e0 20 h 30<\/li>\n<li>Jeudi 14 juin 2018 \u00e0 20 h 30 : R\u00e9union Adjoints\u00a0: mardi 05 juin 2018 \u00e0 20 h 30<\/li>\n<li>Jeudi 12 juillet 2018 \u00e0 20 h 30 : R\u00e9union Adjoints\u00a0: mardi 03 juillet 2018 \u00e0 20 h 30<\/li>\n<\/ul>\n<h4>PROCHAINES COMMISSIONS\u00a0: propositions de dates<\/h4>\n<ul>\n<li>mercredi 04 avril \u00e0 20 h 30 : Commission \u00ab\u00a0Communication\u00a0\u00bb\u00a0: pr\u00e9paration feuille d\u2019infos<\/li>\n<li>mercredi 04 avril \u00e0 9 h 00 : Commission \u00ab\u00a0Assainissement\u00a0\u00bb auditions des 2 entreprises ayant r\u00e9pondu au march\u00e9 de construction de la station d\u2019\u00e9puration<\/li>\n<li>samedi 07 avril \u00e0 10 h 00 : CCAS\u00a0: vote du Budget Primitif 2018<\/li>\n<li>mercredi 11 avril \u00e0 20 h 30 : Commission \u00ab\u00a0Urbanisme\u00a0\u00bb<\/li>\n<li>vendredi 13 avril de 14 h 00 \u00e0 18 h 00 : Commission pl\u00e9ni\u00e8re PLUi<\/li>\n<li>jeudi 19 avril \u00e0 20 h 30 : Commission G\u00e9n\u00e9rale conseil municipal Diagnostic PLUi<\/li>\n<li>mercredi 02 mai \u00e0 20 h 30 : Commission \u00ab\u00a0b\u00e2timents\u00a0\u00bb date \u00e0 reporter (juin) : Commission Assainis.\u00a0: \u00e9tude raccordements EU des particuliers<\/li>\n<\/ul>\n<h4>PROCHAINES MANIFESTATIONS\u00a0:<\/h4>\n<ul>\n<li>vendredi 06 avril \u00e0 partir de 15 h 30 : Portes ouvertes Ecole Priv\u00e9e St-Malo<\/li>\n<li>samedi 07 avril de 10 h 00 \u00e0 12 h 30 : Etre\u2019s\u00a0: bourse aux graines<\/li>\n<li>samedi 14 avril de 13 h 00 \u00e0 22 h 00 : Tref Fa Si La\u00a0: com\u00e9die musicale<\/li>\n<\/ul>\n","protected":false},"excerpt":{"rendered":"<p>Pr\u00e9sents\u00a0: F. KERGUELEN, L. PERSEHAIE, C. LE ROSSIGNOL, P. BAUDAIS, P. PERSEHAIE, C. BANCHEREAU, P. RAFFEGEAU, S. GRANDAIS, F. SAUVAGE, M RAULLINE, G. ROBIN, Excus\u00e9s\u00a0: C. WEBER (Procuration \u00e0 G. ROBIN), R. MORENO (Procuration \u00e0 P. RAFFEGEAU), B.\u00a0HERVAULT ORDRE DU JOUR\u00a0: D\u00e9signation d\u2019un secr\u00e9taire de s\u00e9ance\u00a0: Conform\u00e9ment \u00e0 l\u2019article L.2121-15 du Code G\u00e9n\u00e9ral des Collectivit\u00e9s [&hellip;]<\/p>\n","protected":false},"author":1,"featured_media":0,"parent":17,"menu_order":0,"comment_status":"closed","ping_status":"closed","template":"","meta":[],"_links":{"self":[{"href":"https:\/\/www.treffendel.fr\/index.php?rest_route=\/wp\/v2\/pages\/1725"}],"collection":[{"href":"https:\/\/www.treffendel.fr\/index.php?rest_route=\/wp\/v2\/pages"}],"about":[{"href":"https:\/\/www.treffendel.fr\/index.php?rest_route=\/wp\/v2\/types\/page"}],"author":[{"embeddable":true,"href":"https:\/\/www.treffendel.fr\/index.php?rest_route=\/wp\/v2\/users\/1"}],"replies":[{"embeddable":true,"href":"https:\/\/www.treffendel.fr\/index.php?rest_route=%2Fwp%2Fv2%2Fcomments&post=1725"}],"version-history":[{"count":1,"href":"https:\/\/www.treffendel.fr\/index.php?rest_route=\/wp\/v2\/pages\/1725\/revisions"}],"predecessor-version":[{"id":1730,"href":"https:\/\/www.treffendel.fr\/index.php?rest_route=\/wp\/v2\/pages\/1725\/revisions\/1730"}],"up":[{"embeddable":true,"href":"https:\/\/www.treffendel.fr\/index.php?rest_route=\/wp\/v2\/pages\/17"}],"wp:attachment":[{"href":"https:\/\/www.treffendel.fr\/index.php?rest_route=%2Fwp%2Fv2%2Fmedia&parent=1725"}],"curies":[{"name":"wp","href":"https:\/\/api.w.org\/{rel}","templated":true}]}}