{"id":181,"date":"2016-11-28T14:38:43","date_gmt":"2016-11-28T13:38:43","guid":{"rendered":"http:\/\/2016.treffendel.fr\/?page_id=181"},"modified":"2026-04-09T12:03:15","modified_gmt":"2026-04-09T10:03:15","slug":"le-handicap","status":"publish","type":"page","link":"https:\/\/www.treffendel.fr\/?page_id=181","title":{"rendered":"Le handicap"},"content":{"rendered":"<p>Les organismes d&rsquo;aide aux personnes en situation de handicap :<\/p>\n<ul>\n<li>Maison D\u00e9partementale des Personnes Handicap\u00e9es : <a href=\"http:\/\/www.mdph35.fr\" target=\"_blank\" rel=\"noopener noreferrer\">www.mdph35.fr<\/a><\/li>\n<li><a href=\"https:\/\/www.treffendel.fr\/?page_id=5557\">Les d\u00e9placements solidaires<\/a><\/li>\n<\/ul>\n\n","protected":false},"excerpt":{"rendered":"<p>Les organismes d&rsquo;aide aux personnes en situation de handicap : Maison D\u00e9partementale des Personnes Handicap\u00e9es : www.mdph35.fr Les d\u00e9placements solidaires<\/p>\n","protected":false},"author":1,"featured_media":0,"parent":61,"menu_order":0,"comment_status":"closed","ping_status":"closed","template":"","meta":[],"_links":{"self":[{"href":"https:\/\/www.treffendel.fr\/index.php?rest_route=\/wp\/v2\/pages\/181"}],"collection":[{"href":"https:\/\/www.treffendel.fr\/index.php?rest_route=\/wp\/v2\/pages"}],"about":[{"href":"https:\/\/www.treffendel.fr\/index.php?rest_route=\/wp\/v2\/types\/page"}],"author":[{"embeddable":true,"href":"https:\/\/www.treffendel.fr\/index.php?rest_route=\/wp\/v2\/users\/1"}],"replies":[{"embeddable":true,"href":"https:\/\/www.treffendel.fr\/index.php?rest_route=%2Fwp%2Fv2%2Fcomments&post=181"}],"version-history":[{"count":3,"href":"https:\/\/www.treffendel.fr\/index.php?rest_route=\/wp\/v2\/pages\/181\/revisions"}],"predecessor-version":[{"id":6978,"href":"https:\/\/www.treffendel.fr\/index.php?rest_route=\/wp\/v2\/pages\/181\/revisions\/6978"}],"up":[{"embeddable":true,"href":"https:\/\/www.treffendel.fr\/index.php?rest_route=\/wp\/v2\/pages\/61"}],"wp:attachment":[{"href":"https:\/\/www.treffendel.fr\/index.php?rest_route=%2Fwp%2Fv2%2Fmedia&parent=181"}],"curies":[{"name":"wp","href":"https:\/\/api.w.org\/{rel}","templated":true}]}}