{"id":191,"date":"2016-11-28T14:44:23","date_gmt":"2016-11-28T13:44:23","guid":{"rendered":"http:\/\/2016.treffendel.fr\/?page_id=191"},"modified":"2017-03-20T10:39:04","modified_gmt":"2017-03-20T09:39:04","slug":"ephad","status":"publish","type":"page","link":"https:\/\/www.treffendel.fr\/?page_id=191","title":{"rendered":"EPHAD"},"content":{"rendered":"<p><span style=\"font-weight: 400;\">L\u2019<\/span><b> EHPAD<\/b><span style=\"font-weight: 400;\"> (<\/span><b>E<\/b><span style=\"font-weight: 400;\">tablissement d\u2019<\/span><b>H<\/b><span style=\"font-weight: 400;\">\u00e9bergement pour <\/span><b>P<\/b><span style=\"font-weight: 400;\">ersonnes <\/span><b>A<\/b><span style=\"font-weight: 400;\">g\u00e9es <\/span><b>D<\/b><span style=\"font-weight: 400;\">\u00e9pendantes) est une r\u00e9sidence collective destin\u00e9e aux personnes \u00e2g\u00e9es en perte d\u2019autonomie ou d\u00e9pendantes et fournissant obligatoirement des services comme les soins ou les repas.<\/span><\/p>\n<p><span style=\"font-weight: 400;\">Les \u00e9tablissements conventionn\u00e9s sont soumis \u00e0 3 types de tarif\u00a0:<\/span><\/p>\n<ul>\n<li style=\"font-weight: 400;\"><span style=\"font-weight: 400;\">Tarif h\u00e9bergement<\/span><span style=\"font-weight: 400;\">\u00a0: d\u00e9termin\u00e9 par le pr\u00e9fet<\/span><\/li>\n<li style=\"font-weight: 400;\"><span style=\"font-weight: 400;\">Tarif d\u00e9pendance<\/span><span style=\"font-weight: 400;\"> \u00a0\u00a0: \u00e9valu\u00e9 par la grille AGGIR (gradu\u00e9 en fonction du niveau de d\u00e9pendance) et dont le montant est arr\u00eat\u00e9 par le pr\u00e9sident du conseil d\u00e9partemental.<\/span><\/li>\n<li style=\"font-weight: 400;\"><span style=\"font-weight: 400;\">Tarif soins<\/span><span style=\"font-weight: 400;\">\u00a0: vers\u00e9 directement par l\u2019Assurance Maladie \u00e0 l\u2019\u00e9tablissement.<\/span><\/li>\n<\/ul>\n<p><span style=\"font-weight: 400;\">Notre territoire poss\u00e8de 3 \u00e9tablissements conventionn\u00e9s.<\/span><\/p>\n<p><b>EHPAD R\u00e9sidence de Broc\u00e9liande<\/b><span style=\"font-weight: 400;\">\u00a0: <\/span><\/p>\n<p><span style=\"font-weight: 400;\">6 rue de l\u2019enchanteur Merlin 35380 Paimpont<\/span><\/p>\n<p><span style=\"font-weight: 400;\">Tel\u00a0: 02.99.07.81.22<\/span><\/p>\n<p><span style=\"font-weight: 400;\">Mail\u00a0: <\/span><a href=\"mailto:secretariat.paimpont@orange.fr\"><span style=\"font-weight: 400;\">secretariat.paimpont@orange.fr<\/span><\/a><\/p>\n<p><b>EHPAD R\u00e9sidence le Grand Champs<\/b><span style=\"font-weight: 400;\">\u00a0:<\/span><\/p>\n<p><span style=\"font-weight: 400;\">9 rue des Clouettes 35380 Maxent<\/span><\/p>\n<p><span style=\"font-weight: 400;\">Tel\u00a0: 02.99.06.71.15<\/span><\/p>\n<p><span style=\"font-weight: 400;\">Mail\u00a0:<\/span><\/p>\n<p><b>EHPAD Villa ST Joseph<\/b><span style=\"font-weight: 400;\">\u00a0<\/span><span style=\"font-weight: 400;\">:<\/span><\/p>\n<p><span style=\"font-weight: 400;\">12 rue St Joseph 35380 Pl\u00e9lan le Grand<\/span><\/p>\n<p><span style=\"font-weight: 400;\">Tel\u00a0: 02.99.61.81.05<\/span><\/p>\n<p><iframe src=\"https:\/\/www.google.com\/maps\/d\/embed?mid=1QMCfmsfMRsc1wDpPkp2Y-f_5jGw&#038;hl=fr\" width=\"640\" height=\"480\"><\/iframe><\/p>\n<p><b>Pour plus d\u2019informations\u00a0:<\/b><\/p>\n<p><a href=\"http:\/\/www.lesmaisonsderetraite.fr\"><span style=\"font-weight: 400;\">www.lesmaisonsderetraite.fr<\/span><\/a><\/p>\n<p><a href=\"http:\/\/www.annuaire.action-sociale.org\"><span style=\"font-weight: 400;\">www.annuaire.action-sociale.org<\/span><\/a><\/p>\n","protected":false},"excerpt":{"rendered":"<p>L\u2019 EHPAD (Etablissement d\u2019H\u00e9bergement pour Personnes Ag\u00e9es D\u00e9pendantes) est une r\u00e9sidence collective destin\u00e9e aux personnes \u00e2g\u00e9es en perte d\u2019autonomie ou d\u00e9pendantes et fournissant obligatoirement des services comme les soins ou les repas. Les \u00e9tablissements conventionn\u00e9s sont soumis \u00e0 3 types de tarif\u00a0: Tarif h\u00e9bergement\u00a0: d\u00e9termin\u00e9 par le pr\u00e9fet Tarif d\u00e9pendance \u00a0\u00a0: \u00e9valu\u00e9 par la grille [&hellip;]<\/p>\n","protected":false},"author":1,"featured_media":0,"parent":75,"menu_order":0,"comment_status":"closed","ping_status":"closed","template":"","meta":[],"_links":{"self":[{"href":"https:\/\/www.treffendel.fr\/index.php?rest_route=\/wp\/v2\/pages\/191"}],"collection":[{"href":"https:\/\/www.treffendel.fr\/index.php?rest_route=\/wp\/v2\/pages"}],"about":[{"href":"https:\/\/www.treffendel.fr\/index.php?rest_route=\/wp\/v2\/types\/page"}],"author":[{"embeddable":true,"href":"https:\/\/www.treffendel.fr\/index.php?rest_route=\/wp\/v2\/users\/1"}],"replies":[{"embeddable":true,"href":"https:\/\/www.treffendel.fr\/index.php?rest_route=%2Fwp%2Fv2%2Fcomments&post=191"}],"version-history":[{"count":5,"href":"https:\/\/www.treffendel.fr\/index.php?rest_route=\/wp\/v2\/pages\/191\/revisions"}],"predecessor-version":[{"id":1048,"href":"https:\/\/www.treffendel.fr\/index.php?rest_route=\/wp\/v2\/pages\/191\/revisions\/1048"}],"up":[{"embeddable":true,"href":"https:\/\/www.treffendel.fr\/index.php?rest_route=\/wp\/v2\/pages\/75"}],"wp:attachment":[{"href":"https:\/\/www.treffendel.fr\/index.php?rest_route=%2Fwp%2Fv2%2Fmedia&parent=191"}],"curies":[{"name":"wp","href":"https:\/\/api.w.org\/{rel}","templated":true}]}}