{"id":230,"date":"2016-11-28T16:31:43","date_gmt":"2016-11-28T15:31:43","guid":{"rendered":"http:\/\/2016.treffendel.fr\/?page_id=230"},"modified":"2026-01-30T10:18:30","modified_gmt":"2026-01-30T09:18:30","slug":"lespace-jeunes","status":"publish","type":"page","link":"https:\/\/www.treffendel.fr\/?page_id=230","title":{"rendered":"L&rsquo;espace jeunes (le b\u00e2timent)"},"content":{"rendered":"<p><img loading=\"lazy\" class=\"alignnone wp-image-2447 size-full\" src=\"http:\/\/2016.treffendel.fr\/wp-content\/uploads\/2019\/06\/Equipements-Treffendel-002.jpg\" alt=\"\" width=\"1024\" height=\"569\" srcset=\"https:\/\/www.treffendel.fr\/wp-content\/uploads\/2019\/06\/Equipements-Treffendel-002.jpg 1024w, https:\/\/www.treffendel.fr\/wp-content\/uploads\/2019\/06\/Equipements-Treffendel-002-300x167.jpg 300w, https:\/\/www.treffendel.fr\/wp-content\/uploads\/2019\/06\/Equipements-Treffendel-002-768x427.jpg 768w, https:\/\/www.treffendel.fr\/wp-content\/uploads\/2019\/06\/Equipements-Treffendel-002-500x278.jpg 500w, https:\/\/www.treffendel.fr\/wp-content\/uploads\/2019\/06\/Equipements-Treffendel-002-900x500.jpg 900w\" sizes=\"(max-width: 1024px) 100vw, 1024px\" \/><\/p>\n<p>Cet espace, situ\u00e9 pr\u00e8s de la mairie, est destin\u00e9 aux ados pour diff\u00e9rentes activit\u00e9s, notamment les animations encadr\u00e9s par l&rsquo;Interval.<\/p>\n<p>Animations pendant les vacances scolaires et le mercredi.<\/p>\n<p><a href=\"https:\/\/www.treffendel.fr\/?page_id=6882\" target=\"_blank\" rel=\"noopener noreferrer\">Plus d&rsquo;informations sur le fonctionnement et le programme<\/a><\/p>\n","protected":false},"excerpt":{"rendered":"<p>Cet espace, situ\u00e9 pr\u00e8s de la mairie, est destin\u00e9 aux ados pour diff\u00e9rentes activit\u00e9s, notamment les animations encadr\u00e9s par l&rsquo;Interval. Animations pendant les vacances scolaires et le mercredi. Plus d&rsquo;informations sur le fonctionnement et le programme<\/p>\n","protected":false},"author":1,"featured_media":0,"parent":217,"menu_order":0,"comment_status":"closed","ping_status":"closed","template":"","meta":[],"_links":{"self":[{"href":"https:\/\/www.treffendel.fr\/index.php?rest_route=\/wp\/v2\/pages\/230"}],"collection":[{"href":"https:\/\/www.treffendel.fr\/index.php?rest_route=\/wp\/v2\/pages"}],"about":[{"href":"https:\/\/www.treffendel.fr\/index.php?rest_route=\/wp\/v2\/types\/page"}],"author":[{"embeddable":true,"href":"https:\/\/www.treffendel.fr\/index.php?rest_route=\/wp\/v2\/users\/1"}],"replies":[{"embeddable":true,"href":"https:\/\/www.treffendel.fr\/index.php?rest_route=%2Fwp%2Fv2%2Fcomments&post=230"}],"version-history":[{"count":5,"href":"https:\/\/www.treffendel.fr\/index.php?rest_route=\/wp\/v2\/pages\/230\/revisions"}],"predecessor-version":[{"id":6886,"href":"https:\/\/www.treffendel.fr\/index.php?rest_route=\/wp\/v2\/pages\/230\/revisions\/6886"}],"up":[{"embeddable":true,"href":"https:\/\/www.treffendel.fr\/index.php?rest_route=\/wp\/v2\/pages\/217"}],"wp:attachment":[{"href":"https:\/\/www.treffendel.fr\/index.php?rest_route=%2Fwp%2Fv2%2Fmedia&parent=230"}],"curies":[{"name":"wp","href":"https:\/\/api.w.org\/{rel}","templated":true}]}}

L&rsquo;espace jeunes (le bâtiment)

<p><img loading="lazy" class="alignnone wp-image-2447 size-full" src="http://2016.treffendel.fr/wp-content/uploads/2019/06/Equipements-Treffendel-002.jpg" alt="" width="1024" height="569" srcset="https://www.treffendel.fr/wp-content/uploads/2019/06/Equipements-Treffendel-002.jpg 1024w, https://www.treffendel.fr/wp-content/uploads/2019/06/Equipements-Treffendel-002-300x167.jpg 300w, https://www.treffendel.fr/wp-content/uploads/2019/06/Equipements-Treffendel-002-768x427.jpg 768w, https://www.treffendel.fr/wp-content/uploads/2019/06/Equipements-Treffendel-002-500x278.jpg 500w, https://www.treffendel.fr/wp-content/uploads/2019/06/Equipements-Treffendel-002-900x500.jpg 900w" sizes="(max-width: 1024px) 100vw, 1024px" /></p>
<p>Cet espace, situé près de la mairie, est destiné aux ados pour différentes activités, notamment les animations encadrés par l&rsquo;Interval.</p>
<p>Animations pendant les vacances scolaires et le mercredi.</p>
<p><a href="https://www.treffendel.fr/?page_id=6882" target="_blank" rel="noopener noreferrer">Plus d&rsquo;informations sur le fonctionnement et le programme</a></p>

<p>Cet espace, situé près de la mairie, est destiné aux ados pour différentes activités, notamment les animations encadrés par l&rsquo;Interval. Animations pendant les vacances scolaires et le mercredi. Plus d&rsquo;informations sur le fonctionnement et le programme</p>
