{"id":232,"date":"2016-11-28T16:32:12","date_gmt":"2016-11-28T15:32:12","guid":{"rendered":"http:\/\/2016.treffendel.fr\/?page_id=232"},"modified":"2025-07-23T09:16:47","modified_gmt":"2025-07-23T07:16:47","slug":"la-mediatheque","status":"publish","type":"page","link":"https:\/\/www.treffendel.fr\/?page_id=232","title":{"rendered":"La m\u00e9diath\u00e8que \u00ab\u00a0le lutin Kili\u00a0\u00bb"},"content":{"rendered":"\n<h3>La m\u00e9diath\u00e8que est ferm\u00e9e du 26 juillet au 16 ao\u00fbt 2025.<\/h3>\n\n\n<h2>Horaires habituels<\/h2>\n<ul>\n<li style=\"line-height: 28.9px;\"><strong style=\"margin-bottom: 0px;\">Lundi<\/strong> de 16 h 30 \u00e0 18 h30<img loading=\"lazy\" class=\"size-medium wp-image-3004 alignright\" src=\"http:\/\/2016.treffendel.fr\/wp-content\/uploads\/2020\/09\/bib-de-la-rue-montage-300x200.jpg\" alt=\"\" width=\"300\" height=\"200\" srcset=\"https:\/\/www.treffendel.fr\/wp-content\/uploads\/2020\/09\/bib-de-la-rue-montage-300x200.jpg 300w, https:\/\/www.treffendel.fr\/wp-content\/uploads\/2020\/09\/bib-de-la-rue-montage.jpg 454w\" sizes=\"(max-width: 300px) 100vw, 300px\" \/><\/li>\n<li><strong>Mercredi<\/strong> de 10 h 30 \u00e0 13 h 00<br \/>&#8211;\u00a0 \u00a0 de 16 h 00 \u00e0 18 h 30<\/li>\n<li><strong>vendredi <\/strong>de 16 h 30 \u00e0 19 h<\/li>\n<li><strong>Samedi<\/strong> de 10 h 30 \u00e0 12 h 30<\/li>\n<\/ul>\n<h4>\u00a0<\/h4>\n<p>La m\u00e9diath\u00e8que est situ\u00e9e rue de Broc\u00e9liande.<\/p>\n<p style=\"text-align: center;\"><iframe style=\"border: 0;\" src=\"https:\/\/www.google.com\/maps\/embed?pb=!1m18!1m12!1m3!1d2667.6369291943847!2d-2.0087148843543923!3d48.04003867921584!2m3!1f0!2f0!3f0!3m2!1i1024!2i768!4f13.1!3m3!1m2!1s0x480f00462fd92ff1%3A0x5e7d3f7580a6a7b!2s12+Rue+de+Broc%C3%A9liande%2C+35380+Treffendel!5e0!3m2!1sfr!2sfr!4v1485947658149\" width=\"400\" height=\"250\" frameborder=\"0\" allowfullscreen=\"allowfullscreen\" data-mce-fragment=\"1\"><\/iframe><\/p>\n<h4>Infos compl\u00e9mentaires (r\u00e9seau des m\u00e9diath\u00e8ques de Broc\u00e9liande) et <strong>catalogue <\/strong>: <a href=\"https:\/\/www.mediatheques-broceliande.fr\/mediatheque-de-treffendel\" target=\"_blank\" rel=\"noopener noreferrer\">\u00e0 consulter ici<\/a><\/h4>\n<p><strong>Pour tous renseignements :\u00a0<\/strong>02 99 06 13 21<br \/><a href=\"mailto:mediatheque@treffendel.fr\">mediatheque@treffendel.fr<\/a><\/p>\n<p><span style=\"font-size: inherit;\">Install\u00e9e dans de nouveaux locaux depuis 2012, la m\u00e9diath\u00e8que de Treffendel est facilement reconnaissable avec son lutin au balcon. Elle vous propose plus de 9 000 documents (romans, BD, albums, livres pratiques, &#8230;) dont la consultation sur place est libre et gratuite (sauf pour les DVD \u00e0 visionner chez vous), ainsi que 16 abonnements \u00e0 diff\u00e9rentes revues.<\/span><\/p>\n<p>L\u2019\u00e9quipe de la m\u00e9diath\u00e8que vous accueille\u00a0tout au long de l\u2019ann\u00e9e. Vous trouverez \u00e0 votre disposition et gratuitement un poste informatique pour la consultation du catalogue en ligne et une connexion Wi-Fi accessible\u00a0gratuitement.<\/p>\n<p>Tout au long de l\u2019ann\u00e9e, la m\u00e9diath\u00e8que accueille \u00e9galement des \u00e9v\u00e9nements pour petits et grands : lectures, spectacles, expositions, \u2026 En dehors des horaires d\u2019ouverture, la m\u00e9diath\u00e8que assure \u00e9galement des accueils de groupes (classes, accueils de loisirs&#8230;).<\/p>\n<p>La m\u00e9diath\u00e8que de Treffendel appartient au r\u00e9seau des m\u00e9diath\u00e8ques de Broc\u00e9liande. En payant une cotisation annuelle de 10 \u20ac, vous pourrez emprunter dans les 7 m\u00e9diath\u00e8ques du r\u00e9seau (Br\u00e9al sous Monfort, Maxent, Monterfil, Paimpont, Pl\u00e9lan-le-Grand, St Thurial et Treffendel). Vous pouvez consulter le catalogue de toutes les m\u00e9diath\u00e8ques du r\u00e9seau sur le portail du r\u00e9seau.<\/p>\n<p><strong>Vous souhaitez plus d\u2019informations sur le r\u00e9seau, parcourir le catalogue\u00a0 ou consulter les pr\u00eats et r\u00e9servations de votre compte :<\/strong><a href=\"https:\/\/www.mediatheques-broceliande.fr\/\" target=\"_blank\" rel=\"noopener noreferrer\">\u00a0https:\/\/www.mediatheques-broceliande.fr\/<\/a><\/p>","protected":false},"excerpt":{"rendered":"<p>La m\u00e9diath\u00e8que est ferm\u00e9e du 26 juillet au 16 ao\u00fbt 2025. Horaires habituels Lundi de 16 h 30 \u00e0 18 h30 Mercredi de 10 h 30 \u00e0 13 h 00&#8211;\u00a0 \u00a0 de 16 h 00 \u00e0 18 h 30 vendredi de 16 h 30 \u00e0 19 h Samedi de 10 h 30 \u00e0 12 h [&hellip;]<\/p>\n","protected":false},"author":1,"featured_media":0,"parent":240,"menu_order":0,"comment_status":"closed","ping_status":"closed","template":"","meta":[],"_links":{"self":[{"href":"https:\/\/www.treffendel.fr\/index.php?rest_route=\/wp\/v2\/pages\/232"}],"collection":[{"href":"https:\/\/www.treffendel.fr\/index.php?rest_route=\/wp\/v2\/pages"}],"about":[{"href":"https:\/\/www.treffendel.fr\/index.php?rest_route=\/wp\/v2\/types\/page"}],"author":[{"embeddable":true,"href":"https:\/\/www.treffendel.fr\/index.php?rest_route=\/wp\/v2\/users\/1"}],"replies":[{"embeddable":true,"href":"https:\/\/www.treffendel.fr\/index.php?rest_route=%2Fwp%2Fv2%2Fcomments&post=232"}],"version-history":[{"count":74,"href":"https:\/\/www.treffendel.fr\/index.php?rest_route=\/wp\/v2\/pages\/232\/revisions"}],"predecessor-version":[{"id":6604,"href":"https:\/\/www.treffendel.fr\/index.php?rest_route=\/wp\/v2\/pages\/232\/revisions\/6604"}],"up":[{"embeddable":true,"href":"https:\/\/www.treffendel.fr\/index.php?rest_route=\/wp\/v2\/pages\/240"}],"wp:attachment":[{"href":"https:\/\/www.treffendel.fr\/index.php?rest_route=%2Fwp%2Fv2%2Fmedia&parent=232"}],"curies":[{"name":"wp","href":"https:\/\/api.w.org\/{rel}","templated":true}]}}