{"id":240,"date":"2016-11-28T16:35:41","date_gmt":"2016-11-28T15:35:41","guid":{"rendered":"http:\/\/2016.treffendel.fr\/?page_id=240"},"modified":"2025-05-12T15:01:23","modified_gmt":"2025-05-12T13:01:23","slug":"culture-et-loisirs","status":"publish","type":"page","link":"https:\/\/www.treffendel.fr\/?page_id=240","title":{"rendered":"Culture et loisirs"},"content":{"rendered":"<ul>\n<li><a href=\"http:\/\/2016.treffendel.fr\/?page_id=232\">La m\u00e9diath\u00e8que<\/a><\/li>\n<li><a href=\"http:\/\/2016.treffendel.fr\/?page_id=359\">Le Parc de Treffendel<\/a><\/li>\n<li><a href=\"http:\/\/2016.treffendel.fr\/?page_id=249\">Le circuit v\u00e9lo \u00ab\u00a0Treffendel \u00e0 v\u00e9lo\u00a0\u00bb<\/a><\/li>\n<li><a href=\"http:\/\/www.treffendel.fr\/?page_id=251\">les balades et randonn\u00e9es \u00e0 pied<\/a><\/li>\n<li><a href=\"https:\/\/cinema-hermine.fr\/\" target=\"_blank\" rel=\"noopener noreferrer\">Le cin\u00e9ma L&rsquo;Hermine<\/a> \u00e0 Pl\u00e9lan le Grand (projection tous les jours, films Arts et Essais, film surprise&#8230;)<\/li>\n<li><a href=\"https:\/\/www.cinelabobine35.fr\/\" target=\"_blank\" rel=\"noopener noreferrer\">Le cin\u00e9ma La Bobine<\/a> \u00e0 Br\u00e9al sous Montfort<\/li>\n<li>Les loisirs et la culture en Broc\u00e9liande : <a href=\"https:\/\/tourisme-broceliande.bzh\/\" target=\"_blank\" rel=\"noopener noreferrer\">tourisme-broceliande.bzh<\/a><\/li>\n<li>la Base nautique (biodiversit\u00e9 et loisirs) de Paimpont :\u00a0<a href=\"https:\/\/colibris-wiki.org\/blob-broceliande\/?Accueil\" target=\"_blank\" rel=\"noopener noreferrer\">BLOB<br \/><\/a>Permanences les vendredis de 17h30 \u00e0 20h30 \/ les jours f\u00e9ri\u00e9s, samedis et dimanches de 14h \u00e0 18h<a href=\"https:\/\/colibris-wiki.org\/blob-broceliande\/?Accueil\" target=\"_blank\" rel=\"noopener noreferrer\"><br \/><\/a><\/li>\n<\/ul>\n\n","protected":false},"excerpt":{"rendered":"<p>La m\u00e9diath\u00e8que Le Parc de Treffendel Le circuit v\u00e9lo \u00ab\u00a0Treffendel \u00e0 v\u00e9lo\u00a0\u00bb les balades et randonn\u00e9es \u00e0 pied Le cin\u00e9ma L&rsquo;Hermine \u00e0 Pl\u00e9lan le Grand (projection tous les jours, films Arts et Essais, film surprise&#8230;) Le cin\u00e9ma La Bobine \u00e0 Br\u00e9al sous Montfort Les loisirs et la culture en Broc\u00e9liande : tourisme-broceliande.bzh la Base nautique [&hellip;]<\/p>\n","protected":false},"author":1,"featured_media":0,"parent":0,"menu_order":0,"comment_status":"closed","ping_status":"closed","template":"","meta":[],"_links":{"self":[{"href":"https:\/\/www.treffendel.fr\/index.php?rest_route=\/wp\/v2\/pages\/240"}],"collection":[{"href":"https:\/\/www.treffendel.fr\/index.php?rest_route=\/wp\/v2\/pages"}],"about":[{"href":"https:\/\/www.treffendel.fr\/index.php?rest_route=\/wp\/v2\/types\/page"}],"author":[{"embeddable":true,"href":"https:\/\/www.treffendel.fr\/index.php?rest_route=\/wp\/v2\/users\/1"}],"replies":[{"embeddable":true,"href":"https:\/\/www.treffendel.fr\/index.php?rest_route=%2Fwp%2Fv2%2Fcomments&post=240"}],"version-history":[{"count":7,"href":"https:\/\/www.treffendel.fr\/index.php?rest_route=\/wp\/v2\/pages\/240\/revisions"}],"predecessor-version":[{"id":6536,"href":"https:\/\/www.treffendel.fr\/index.php?rest_route=\/wp\/v2\/pages\/240\/revisions\/6536"}],"wp:attachment":[{"href":"https:\/\/www.treffendel.fr\/index.php?rest_route=%2Fwp%2Fv2%2Fmedia&parent=240"}],"curies":[{"name":"wp","href":"https:\/\/api.w.org\/{rel}","templated":true}]}}