{"id":4104,"date":"2022-02-22T17:06:01","date_gmt":"2022-02-22T16:06:01","guid":{"rendered":"https:\/\/www.treffendel.fr\/?page_id=4104"},"modified":"2026-03-11T11:49:56","modified_gmt":"2026-03-11T10:49:56","slug":"permis-de-construire-2","status":"publish","type":"page","link":"https:\/\/www.treffendel.fr\/?page_id=4104","title":{"rendered":"Liste des permis de construire"},"content":{"rendered":"\n<h2>2026<\/h2>\n<ul>\n<li>LE COAT Alice : logement de fonction : La Besnardais<\/li>\n<li>LEFEUVRE Micka\u00ebl : construction d&rsquo;au auvent : 14 La Besselais<\/li>\n<li>POULAIN Anthony : contruction d&rsquo;un carport : 6 rue de la Janoterie<\/li>\n<\/ul>\n<h2>2025<\/h2>\n<ul>\n<li>CAILLER Emilie : maison d&rsquo;habitation : Lotissement \u00ab\u00a0l&rsquo;Etunel\u00a0\u00bb (n\u00b01)<\/li>\n<li class=\"x_MsoNormal\">JOLLIVE Ga\u00ebtan et Evanne : maison d\u2019habitation : rue des tulipes<\/li>\n<li class=\"x_MsoNormal\">PICARD Manon &amp; GELOT Cyril : extension d\u2019habitation : 1 route du Serein<\/li>\n<li class=\"x_MsoNormal\">ESCAFFRE Fr\u00e9d\u00e9ric : construction d\u2019une annexe : 12 rue de la Ch\u00e8ze<\/li>\n<li class=\"x_MsoNormal\">M. Jacques BOTHOREL : construction d&rsquo;un carport : 14 La Haute Ville<\/li>\n<li>M Eric CHEREL : contruction d&rsquo;une annexe : 2 rue des 2 Fontaines<\/li>\n<li>M. Nicolas LORAND : Cr\u00e9ation d&rsquo;un hangar agricole photovolta\u00efque &#8211; Le Coudray<\/li>\n<li>EARL HERVAULT : Cr\u00e9ation d&rsquo;un hangar agricole photovolta\u00efque : le Clos Rellan<\/li>\n<li>M. Zago Martial KOUESSI et Mme A\u00efda Jo\u00eblle KOUESSI : Construction d&rsquo;une maison individuelle : &#8211; Lotissement \u00ab\u00a0l&rsquo;Etunel\u00a0\u00bb (n\u00b03)<\/li>\n<li>Mme Rolande DUVAL : contruction d&rsquo;un garage : Le Foutel<\/li>\n<\/ul>\n<h2>2024<\/h2>\n<ul>\n<li>M. Antoine TARDIF et Mme Oc\u00e9ane BLIN : extention \u00e0 usage de garage : 28 rue de Broc\u00e9liande<\/li>\n<li>M Laurent PIEL : changement de destination partiel d&rsquo;agricole en habitation : 54, la rue Gaultier<\/li>\n<li>Mme Josiane SANDRI : d\u00e9molition partielle, extension d&rsquo;habitation et r\u00e9novation : 46 le Breil<\/li>\n<li>Mme Charl\u00e8ne DUIGOU : construction d&rsquo;une maison individuelle : \u00a0Lotisselment \u00ab\u00a0le champ du Bois\u00a0\u00bb (n\u00b09)<\/li>\n<li>M Micka\u00ebl FRESNEL : extension d&rsquo;habitation et cl\u00f4ture : 15 rue des Chevreuils<\/li>\n<li>GAEC des graviers : construction d&rsquo;un b\u00e2timent agricole : le Gravier<\/li>\n<li>M. Paul TIREL : nouvelle construction : 15 rue de la Janoterie<\/li>\n<li>Mme Michelle MASSARD : extension de la maison d&rsquo;habitation et garage : 19 rue d&rsquo;Armorique<\/li>\n<\/ul>\n<h2>2023<\/h2>\n<ul>\n<li>M. Eric MOREUX : extension et construction d&rsquo;un carport : 13 rue de la Ch\u00e8ze<\/li>\n<li>Mme Ana\u00efs HERVAULT : contruction d&rsquo;un chenil : 12 le Clos Rellan<\/li>\n<li>M. Jean-Pierre TARDIF et Mme V\u00e9ronique TARDIF : r\u00e9novation et extension d&rsquo;une maison existante : Le Tronchat<\/li>\n<li>M. Antonin DANIEL et Mme Ma\u00ebva CROCHET\u00a0 : contruction d&rsquo;une maison individuelle &#8211; Lotissement \u00ab\u00a0le champ du Bois\u00a0\u00bb (n\u00b011)<\/li>\n<li>M. Simon BOUEXIERE : tranformation d&rsquo;un garage et construction d&rsquo;un garage &#8211; 19 rue d&rsquo;Armorique<\/li>\n<li>M. Jocelin FILLION et Mme Ana\u00efs SELO : extension maison individuelle et abri de jardin &#8211; 38 rue de Haute Bretagne<\/li>\n<li>SCEA DE LA RUELLE : extension de la stabulation et locaux annexes &#8211; La Ruelle<\/li>\n<li>SAS TY KER (M. Damien PEROU) : construction d&rsquo;un b\u00e2timent de stockage &#8211; 1 rue des tonneliers<\/li>\n<li>M. Assoumani BACAR et Mme Camille DELAUNAY : construction d&rsquo;une maison individuelle &#8211; lotissement de L&rsquo;Etunel (n\u00b02)<\/li>\n<li>M. Florian BERTHELOT et Mme Lisa BERTHELOT : construction d&rsquo;un garage &#8211; 8 rue des Celtes<\/li>\n<li>M. Maxime COTTO et Mme Elodie CRESTAUX : extension d&rsquo;une maison individuelle &#8211; 5, le Quilier<\/li>\n<li>Mme Rozenn HEDREUIL : construction d&rsquo;un b\u00e2timent annexe &#8211; 2, route du Serein<\/li>\n<li>M. Pierre COTTO et Mme Nolwenn LECOINTRE : construction d&rsquo;un garage &#8211; 24, les Rues Mac\u00e9<\/li>\n<li>SAS GAEC COTTO ENERGIES : couverture d&rsquo;une fumi\u00e8re existante avec installations photovolta\u00efques &#8211; Le Breil Houssoux<\/li>\n<li>GAEC COTTO : couverture des aires de transfert d&rsquo;effluents avec installations photovolta\u00efques &#8211; Le Breil Houssoux<\/li>\n<li>M. Ga\u00e9tan HERVAULT : extension d&rsquo;habitation &#8211; 10 rue des hirondelles<\/li>\n<\/ul>\n<h2>2022<\/h2>\n<ul>\n<li>\u00ab\u00a0Le Manoir des Possibles\u00a0\u00bb : construction d&rsquo;un b\u00e2timent collectif de 4 logement &#8211; chemin de la Fontaine St M\u00e9en<\/li>\n<li>Limakenoma (Martial Mauny) : construction d&rsquo;un pr\u00e9au &#8211; 64 parc d&rsquo;activit\u00e9s \u00ab\u00a0Le breil\u00a0\u00bb<\/li>\n<li>M Daniel PICARD et Mme Laurence GORTAIS &#8211; 21 Le Landier du Milieu &#8211; isolation et extention d&rsquo;une maison individuelle<\/li>\n<li>M J\u00e9r\u00f4me PRIVE &#8211; extension d&rsquo;une maison individuelle &#8211; 23 rue des 2 Fontaines\u00a0<\/li>\n<li>M et Mme CARVALHO LOPES &#8211; construction d&rsquo;une maison individuelle &#8211; L\u00f4tissement \u00ab\u00a0Le Champ du Bois\u00a0\u00bb<\/li>\n<li>Mme Claudine WEBER &#8211; construction d&rsquo;un hangar de stockage &#8211; \u00ab\u00a0La Ville Roger\u00a0\u00bb<\/li>\n<li>M J\u00e9r\u00e9my HARRAULT et Mme Alson AMICE &#8211; Construction d&rsquo;une maison individuelle &#8211; Lotissement \u00ab\u00a0le Closel\u00a0\u00bb<\/li>\n<li>Menuiserie Vincent Monteiro &#8211; construction d&rsquo;un b\u00e2timent artisanal &#8211; Parc d&rsquo;Activit\u00e9s de la Gare.<\/li>\n<li>SCI ENERGIE Monsieur BOSCHER Jean \u2013 construction d\u2019un hangar<\/li>\n<li>M LE ROY Fr\u00e9d\u00e9ric &#8211; Construction d&rsquo;une maison individuelle R + combles<\/li>\n<li>M MAUPASTE MATHIEU &#8211; Am\u00e9nagement du garage existant en habitation et construction d&rsquo;un nouveau garage<\/li>\n<\/ul>\n<h2>2021<\/h2>\n<ul>\n<li>M &amp; Mme COLIN Tom et Laura \u2013 Construction d\u2019une maison individuelle<\/li>\n<li>M &amp; Mme KAPENDA Martin et Giselle &#8211; Construction d\u2019une maison individuelle<\/li>\n<li>M NICOULEAUD Damien \u2013 R\u00e9novation et extension d\u2019une maison individuelle<\/li>\n<li>\u00a0Mme COIGNARD Marie-Annick \u2013 Extension et r\u00e9novation d\u2019une maison d\u2019habitation<\/li>\n<li>\u00a0Mme LEMAIRE Charline &#8211; Construction d\u2019une maison individuelle<\/li>\n<li>M MAUGER Antoine &amp; Mme VITRAS Marie &#8211; Construction d\u2019une maison individuelle<\/li>\n<li>LE BORGNE&#8211;CARN Martin &amp; Mme AMICE Camille &#8211; Construction d\u2019une maison individuelle<\/li>\n<li>\u00a0SCI MAPHI IMMO, M. MASSART Yoann \u2013 Construction d\u2019un local artisanal<\/li>\n<li>M &amp; Mme BLAYO Gwena\u00ebl et Morgane &#8211; Construction d\u2019une maison individuelle<\/li>\n<li>M MENEZO Thomas &amp; Mme GODET Mathilde &#8211; Construction d\u2019une maison individuelle<\/li>\n<li>M RUELLAN Beno\u00eet &amp; Mme BUCHON Elise &#8211; Construction d\u2019une maison individuelle et garage annexe<\/li>\n<li>Mme MULET C\u00e9cile \u2013 D\u00e9placement d\u2019un hangar et extension d\u2019une habitation<\/li>\n<li>SCEA DES PRAIRIES DU BOULOU\u00c9E, M. GORTAIS Pascal \u2013 Extension d\u2019une stabulation, construction d\u2019une stabulation vaches laiti\u00e8res et d\u2019un bloc de traite<\/li>\n<li>LEGRAND Philippe &#8211; Construction d\u2019une maison individuelle<\/li>\n<li>\u00a0BEB GROUPES ELECTROGENES, M. LE BEGUEC Samuel \u2013 Construction d\u2019un entrep\u00f4t de stockage de groupes \u00e9lectrog\u00e8nes<\/li>\n<li>\u00a0Mme GROSSET Brigitte \u2013 Extension d\u2019une maison individuelle<\/li>\n<li>HEUDES Christian &#8211; Construction d\u2019une maison individuelle \/ Classement sans suite<\/li>\n<li>M &amp; Mme NGANTSE ELENGA Ga\u00ebtan et Lina &#8211; Construction d\u2019une maison individuelle<\/li>\n<li>Le Domaine de Ruby, Mme HERVAULT Ana\u00efs &#8211; Construction d\u2019un b\u00e2timent pour accueillir des chats<\/li>\n<li>M LE NET Aur\u00e9lien &amp; Mme DOLLE Anne-Sacha \u2013 Construction d\u2019un local 2 roues\/atelier<\/li>\n<li>M FUSELIER Gwendal &#8211; Construction d\u2019une maison individuelle<\/li>\n<li>MENUISERIE MONTEIRO, M. MONTEIRO Vincent \u2013 Construction d\u2019un b\u00e2timent artisanal<\/li>\n<li>M NEGRITE Christophe &#8211; Construction d\u2019une maison individuelle<\/li>\n<li>M BODET Tony &#8211; Construction d\u2019une maison individuelle<\/li>\n<li>M PILPRE Anthony &#8211; Construction d\u2019une maison individuelle<\/li>\n<li>M DROUADAINE Erwann \u2013 Extension d\u2019une maison d\u2019habitation<\/li>\n<\/ul>\n","protected":false},"excerpt":{"rendered":"<p>2026 LE COAT Alice : logement de fonction : La Besnardais LEFEUVRE Micka\u00ebl : construction d&rsquo;au auvent : 14 La Besselais POULAIN Anthony : contruction d&rsquo;un carport : 6 rue de la Janoterie 2025 CAILLER Emilie : maison d&rsquo;habitation : Lotissement \u00ab\u00a0l&rsquo;Etunel\u00a0\u00bb (n\u00b01) JOLLIVE Ga\u00ebtan et Evanne : maison d\u2019habitation : rue des tulipes PICARD [&hellip;]<\/p>\n","protected":false},"author":1,"featured_media":0,"parent":21,"menu_order":0,"comment_status":"closed","ping_status":"closed","template":"","meta":[],"_links":{"self":[{"href":"https:\/\/www.treffendel.fr\/index.php?rest_route=\/wp\/v2\/pages\/4104"}],"collection":[{"href":"https:\/\/www.treffendel.fr\/index.php?rest_route=\/wp\/v2\/pages"}],"about":[{"href":"https:\/\/www.treffendel.fr\/index.php?rest_route=\/wp\/v2\/types\/page"}],"author":[{"embeddable":true,"href":"https:\/\/www.treffendel.fr\/index.php?rest_route=\/wp\/v2\/users\/1"}],"replies":[{"embeddable":true,"href":"https:\/\/www.treffendel.fr\/index.php?rest_route=%2Fwp%2Fv2%2Fcomments&post=4104"}],"version-history":[{"count":19,"href":"https:\/\/www.treffendel.fr\/index.php?rest_route=\/wp\/v2\/pages\/4104\/revisions"}],"predecessor-version":[{"id":6935,"href":"https:\/\/www.treffendel.fr\/index.php?rest_route=\/wp\/v2\/pages\/4104\/revisions\/6935"}],"up":[{"embeddable":true,"href":"https:\/\/www.treffendel.fr\/index.php?rest_route=\/wp\/v2\/pages\/21"}],"wp:attachment":[{"href":"https:\/\/www.treffendel.fr\/index.php?rest_route=%2Fwp%2Fv2%2Fmedia&parent=4104"}],"curies":[{"name":"wp","href":"https:\/\/api.w.org\/{rel}","templated":true}]}}