{"id":4611,"date":"2022-10-19T09:48:48","date_gmt":"2022-10-19T07:48:48","guid":{"rendered":"https:\/\/www.treffendel.fr\/?page_id=4611"},"modified":"2025-09-15T11:39:26","modified_gmt":"2025-09-15T09:39:26","slug":"sport-sante","status":"publish","type":"page","link":"https:\/\/www.treffendel.fr\/?page_id=4611","title":{"rendered":"sport sant\u00e9"},"content":{"rendered":"\n<h3>Activit\u00e9s adapt\u00e9es<\/h3>\n<ul>\n<li>vendredi apr\u00e8s-midi, \u00e0 la salle de sport de Treffendel<\/li>\n<li>jeudi de 15 h 00 \u00e0 16 h 30 \u00e0 la salle de sport de Pl\u00e9lan<\/li>\n<li>lundi de 16 h 00 \u00e0 17 h 30 et de 18 h 00 \u00e0 19 h 30 \u00e0 la salle de sport de St Thurial<\/li>\n<li>jeudi de 18 h 00 \u00e0 19 h 30 \u00e0 la salle de sport de St Thurial<\/li>\n<\/ul>\n<h3>infos (Educateurs Sportifs D\u00e9partementaux :<\/h3>\n<ul>\n<li>Emmanuel GREGOIRE : 06.75.59.62.21<\/li>\n<li>Matthias LEFEUVRE : 06.77.07.60.88<\/li>\n<\/ul>\n","protected":false},"excerpt":{"rendered":"<p>Activit\u00e9s adapt\u00e9es vendredi apr\u00e8s-midi, \u00e0 la salle de sport de Treffendel jeudi de 15 h 00 \u00e0 16 h 30 \u00e0 la salle de sport de Pl\u00e9lan lundi de 16 h 00 \u00e0 17 h 30 et de 18 h 00 \u00e0 19 h 30 \u00e0 la salle de sport de St Thurial jeudi de [&hellip;]<\/p>\n","protected":false},"author":1,"featured_media":0,"parent":341,"menu_order":0,"comment_status":"closed","ping_status":"closed","template":"","meta":[],"_links":{"self":[{"href":"https:\/\/www.treffendel.fr\/index.php?rest_route=\/wp\/v2\/pages\/4611"}],"collection":[{"href":"https:\/\/www.treffendel.fr\/index.php?rest_route=\/wp\/v2\/pages"}],"about":[{"href":"https:\/\/www.treffendel.fr\/index.php?rest_route=\/wp\/v2\/types\/page"}],"author":[{"embeddable":true,"href":"https:\/\/www.treffendel.fr\/index.php?rest_route=\/wp\/v2\/users\/1"}],"replies":[{"embeddable":true,"href":"https:\/\/www.treffendel.fr\/index.php?rest_route=%2Fwp%2Fv2%2Fcomments&post=4611"}],"version-history":[{"count":2,"href":"https:\/\/www.treffendel.fr\/index.php?rest_route=\/wp\/v2\/pages\/4611\/revisions"}],"predecessor-version":[{"id":6686,"href":"https:\/\/www.treffendel.fr\/index.php?rest_route=\/wp\/v2\/pages\/4611\/revisions\/6686"}],"up":[{"embeddable":true,"href":"https:\/\/www.treffendel.fr\/index.php?rest_route=\/wp\/v2\/pages\/341"}],"wp:attachment":[{"href":"https:\/\/www.treffendel.fr\/index.php?rest_route=%2Fwp%2Fv2%2Fmedia&parent=4611"}],"curies":[{"name":"wp","href":"https:\/\/api.w.org\/{rel}","templated":true}]}}