{"id":4692,"date":"2022-11-21T11:54:24","date_gmt":"2022-11-21T10:54:24","guid":{"rendered":"https:\/\/www.treffendel.fr\/?page_id=4692"},"modified":"2025-08-06T09:55:09","modified_gmt":"2025-08-06T07:55:09","slug":"environnement","status":"publish","type":"page","link":"https:\/\/www.treffendel.fr\/?page_id=4692","title":{"rendered":"Environnement"},"content":{"rendered":"\n<h3>Eaux &amp; Vilaine<\/h3>\n<p>\u00e9tablissement public \u00e0 la reconqu\u00eate de l&rsquo;eau, en qualit\u00e9 et en quantit\u00e9, sur le bassin de Vilaine :<\/p>\n<ul>\n<li><a href=\"https:\/\/www.treffendel.fr\/wp-content\/uploads\/2022\/11\/Flyer-succinct-Eaux-Vilaine.pdf\" target=\"_blank\" rel=\"noopener noreferrer\">ses missions\u00a0<\/a><\/li>\n<li><a href=\"https:\/\/www.treffendel.fr\/wp-content\/uploads\/2025\/08\/Lettre-agricole-aout-2025-VF.pdf\">Lettre agricole ao\u00fbt 2025 VF<\/a><\/li>\n<li><a href=\"https:\/\/www.treffendel.fr\/wp-content\/uploads\/2024\/10\/LinfEaux-UGVO-6.pdf\">L&rsquo;inf&rsquo;Eaux- UGVO octobre 2024<\/a><\/li>\n<li><a href=\"https:\/\/www.treffendel.fr\/wp-content\/uploads\/2023\/11\/LinfEaux-UGVO3bis.pdf\" target=\"_blank\" rel=\"noopener noreferrer\">l&rsquo;inf&rsquo;Eaux novembre 2023<\/a><\/li>\n<li><a href=\"https:\/\/www.treffendel.fr\/wp-content\/uploads\/2023\/04\/LinfEaux-UGVO-1.pdf\" target=\"_blank\" rel=\"noopener noreferrer\">l&rsquo;inf&rsquo;Eaux avril 2023<\/a><\/li>\n<li><a href=\"https:\/\/www.treffendel.fr\/wp-content\/uploads\/2022\/12\/RAD-2021-synthese-pour-bulletin-1.pdf\" target=\"_blank\" rel=\"noopener noreferrer\">Rapport d&rsquo;activit\u00e9 du syndicat mixte de la for\u00eat de Paimpont (2021)<\/a><\/li>\n<li><a href=\"https:\/\/www.eaux-et-vilaine.bzh\/index.php\/contact\" target=\"_blank\" rel=\"noopener noreferrer\">Plus d&rsquo;infos<\/a><\/li>\n<\/ul>\n<h3>Qualit\u00e9 de l&rsquo;eau (ARS) :<\/h3>\n<ul>\n<li>r\u00e9sultats juin 2025 : <a href=\"https:\/\/www.treffendel.fr\/wp-content\/uploads\/2025\/07\/PLV_35_0021-UDI000262-0000000573-20250619-00174676D1.pdf\" target=\"_blank\" rel=\"noopener noreferrer\">ARS &#8211; r\u00e9sultats &#8211; juin 2025<\/a><\/li>\n<li>r\u00e9sultats janvier 2025 : <a href=\"https:\/\/www.treffendel.fr\/wp-content\/uploads\/2025\/01\/PLV_35_0021-UDI000262-0000000573-20250108-00172539D2.pdf\" target=\"_blank\" rel=\"noopener noreferrer\">ARS &#8211; r\u00e9sultats<\/a>\u00a0 et <a href=\"https:\/\/www.treffendel.fr\/wp-content\/uploads\/2025\/01\/PLV_35_0021-UDI000262-0000000573-20250108-00172540D2.pdf\" target=\"_blank\" rel=\"noopener noreferrer\">Cuivre, plomb et nickel<\/a><\/li>\n<li>r\u00e9sultats mai 2024 : <a href=\"https:\/\/www.treffendel.fr\/wp-content\/uploads\/2024\/06\/eaux-controle-sanitaire-juin-2024.pdf\">ARS &#8211; r\u00e9sultats &#8211; juin 2024<\/a><\/li>\n<li>r\u00e9sultats d\u00e9cembre 2023 : <a href=\"https:\/\/www.treffendel.fr\/wp-content\/uploads\/2023\/12\/eaux-controle-sanitaire-dec-2023.pdf\">ARS r\u00e9sultats &#8211; dec 2023<\/a><\/li>\n<li>r\u00e9sultat mai 2023 : <a href=\"https:\/\/www.treffendel.fr\/wp-content\/uploads\/2023\/06\/PLV_35_0021-UDI000262-0000000573-20230524-00163464D1.pdf\" target=\"_blank\" rel=\"noopener noreferrer\">ARS r\u00e9sultats mai 2023<\/a><\/li>\n<li>r\u00e9sultat janvier 2023 : <a href=\"https:\/\/www.treffendel.fr\/wp-content\/uploads\/2023\/02\/ARS_qualite-des-eaux-2023.pdf\">ARS_qualite des eaux 2023<\/a><\/li>\n<\/ul>\n<h3>Economie d&rsquo;\u00e9nergie :<\/h3>\n<ul>\n<li><a href=\"https:\/\/www.treffendel.fr\/wp-content\/uploads\/2024\/06\/Affiche-economie-eau-2024.jpg\" target=\"_blank\" rel=\"noopener noreferrer\">\u00e9conomiser l&rsquo;eau<\/a><\/li>\n<li><a href=\"https:\/\/view.contactclient-edf.fr\/?qs=73a934bc2240d8da2f39053bc39fa1ffa258f43b3d015e9e4dcab4fb73401bb1fc1fe7f5aa5d7e1ad36a26f270312b4561de5446befdc07d941e51f544d07509840ac9e3ba570407\" target=\"_blank\" rel=\"noopener noreferrer\">les ecos-gestes propos\u00e9s par EDF<\/a><\/li>\n<li><a href=\"https:\/\/www.monecowatt.fr\/\" target=\"_blank\" rel=\"noopener noreferrer\">l&rsquo;application Ecowatt<\/a>\u00a0<\/li>\n<\/ul>\n<h3>Mobilit\u00e9<\/h3>\n<ul>\n<li><a href=\"https:\/\/www.treffendel.fr\/?page_id=388\">transports en commun<\/a><\/li>\n<li><a href=\"https:\/\/www.google.com\/maps\/d\/viewer?mid=1ZVJCI_2liY6QJ2ynSBNaUeZdcD0\" target=\"_blank\" rel=\"noopener noreferrer\">le tour de Treffendel \u00e0 v\u00e9lo<\/a><\/li>\n<li><a href=\"https:\/\/www.treffendel.fr\/?p=3501\">liaisons intercommunales<\/a><\/li>\n<li><a href=\"https:\/\/broceliande.bike\/\" target=\"_blank\" rel=\"noopener noreferrer\">location de v\u00e9los \u00e0 assistance \u00e9lectrique<\/a><\/li>\n<\/ul>\n<p>Plan de mobilit\u00e9 simplifi\u00e9 (PDMS) : projet men\u00e9 par la Communaut\u00e9 de Broc\u00e9liande <a href=\"https:\/\/www.treffendel.fr\/?p=4856\">(plus d&rsquo;infos)<\/a><\/p>\n<h3>Bien am\u00e9nager son jardin<\/h3>\n<p>\u2022 Moins de d\u00e9chets verts donc moins de visites \u00e0 la d\u00e9ch\u00e8terie<br \/>\u2022 Moins d\u2019arrosage et une meilleure r\u00e9sistance \u00e0 la s\u00e9cheresse<br \/>\u2022 Moins d\u2019entretien<br \/>\u2022 Moins d\u2019engrais et de pesticides<br \/>\u2022 Plus de biodiversit\u00e9<\/p>\n<p>Les conseils du SMICTOM : <a href=\"https:\/\/www.treffendel.fr\/wp-content\/uploads\/2023\/11\/Bien-amenager-son-jardin_SmictomCO.pdf\">Bien-amenager-son-jardin_SmictomCO<\/a><\/p>\n<h3>Haies bocag\u00e8res<\/h3>\n<ul>\n<li><a href=\"https:\/\/www.treffendel.fr\/?p=5661\">infos concernant les haies bocag\u00e8res<\/a><\/li>\n<\/ul>\n<p>\u00a0<\/p>\n","protected":false},"excerpt":{"rendered":"<p>Eaux &amp; Vilaine \u00e9tablissement public \u00e0 la reconqu\u00eate de l&rsquo;eau, en qualit\u00e9 et en quantit\u00e9, sur le bassin de Vilaine : ses missions\u00a0 Lettre agricole ao\u00fbt 2025 VF L&rsquo;inf&rsquo;Eaux- UGVO octobre 2024 l&rsquo;inf&rsquo;Eaux novembre 2023 l&rsquo;inf&rsquo;Eaux avril 2023 Rapport d&rsquo;activit\u00e9 du syndicat mixte de la for\u00eat de Paimpont (2021) Plus d&rsquo;infos Qualit\u00e9 de l&rsquo;eau (ARS) [&hellip;]<\/p>\n","protected":false},"author":1,"featured_media":0,"parent":0,"menu_order":0,"comment_status":"closed","ping_status":"closed","template":"","meta":[],"_links":{"self":[{"href":"https:\/\/www.treffendel.fr\/index.php?rest_route=\/wp\/v2\/pages\/4692"}],"collection":[{"href":"https:\/\/www.treffendel.fr\/index.php?rest_route=\/wp\/v2\/pages"}],"about":[{"href":"https:\/\/www.treffendel.fr\/index.php?rest_route=\/wp\/v2\/types\/page"}],"author":[{"embeddable":true,"href":"https:\/\/www.treffendel.fr\/index.php?rest_route=\/wp\/v2\/users\/1"}],"replies":[{"embeddable":true,"href":"https:\/\/www.treffendel.fr\/index.php?rest_route=%2Fwp%2Fv2%2Fcomments&post=4692"}],"version-history":[{"count":22,"href":"https:\/\/www.treffendel.fr\/index.php?rest_route=\/wp\/v2\/pages\/4692\/revisions"}],"predecessor-version":[{"id":6630,"href":"https:\/\/www.treffendel.fr\/index.php?rest_route=\/wp\/v2\/pages\/4692\/revisions\/6630"}],"wp:attachment":[{"href":"https:\/\/www.treffendel.fr\/index.php?rest_route=%2Fwp%2Fv2%2Fmedia&parent=4692"}],"curies":[{"name":"wp","href":"https:\/\/api.w.org\/{rel}","templated":true}]}}

<h3>Eaux &amp; Vilaine</h3>
<p>établissement public à la reconquête de l&rsquo;eau, en qualité et en quantité, sur le bassin de Vilaine :</p>
<ul>
<li><a href="https://www.treffendel.fr/wp-content/uploads/2022/11/Flyer-succinct-Eaux-Vilaine.pdf" target="_blank" rel="noopener noreferrer">ses missions </a></li>
<li><a href="https://www.treffendel.fr/wp-content/uploads/2025/08/Lettre-agricole-aout-2025-VF.pdf">Lettre agricole août 2025 VF</a></li>
<li><a href="https://www.treffendel.fr/wp-content/uploads/2024/10/LinfEaux-UGVO-6.pdf">L&rsquo;inf&rsquo;Eaux- UGVO octobre 2024</a></li>
<li><a href="https://www.treffendel.fr/wp-content/uploads/2023/11/LinfEaux-UGVO3bis.pdf" target="_blank" rel="noopener noreferrer">l&rsquo;inf&rsquo;Eaux novembre 2023</a></li>
<li><a href="https://www.treffendel.fr/wp-content/uploads/2023/04/LinfEaux-UGVO-1.pdf" target="_blank" rel="noopener noreferrer">l&rsquo;inf&rsquo;Eaux avril 2023</a></li>
<li><a href="https://www.treffendel.fr/wp-content/uploads/2022/12/RAD-2021-synthese-pour-bulletin-1.pdf" target="_blank" rel="noopener noreferrer">Rapport d&rsquo;activité du syndicat mixte de la forêt de Paimpont (2021)</a></li>
<li><a href="https://www.eaux-et-vilaine.bzh/index.php/contact" target="_blank" rel="noopener noreferrer">Plus d&rsquo;infos</a></li>
</ul>
<h3>Qualité de l&rsquo;eau (ARS) :</h3>
<ul>
<li>résultats juin 2025 : <a href="https://www.treffendel.fr/wp-content/uploads/2025/07/PLV_35_0021-UDI000262-0000000573-20250619-00174676D1.pdf" target="_blank" rel="noopener noreferrer">ARS &#8211; résultats &#8211; juin 2025</a></li>
<li>résultats janvier 2025 : <a href="https://www.treffendel.fr/wp-content/uploads/2025/01/PLV_35_0021-UDI000262-0000000573-20250108-00172539D2.pdf" target="_blank" rel="noopener noreferrer">ARS &#8211; résultats</a>  et <a href="https://www.treffendel.fr/wp-content/uploads/2025/01/PLV_35_0021-UDI000262-0000000573-20250108-00172540D2.pdf" target="_blank" rel="noopener noreferrer">Cuivre, plomb et nickel</a></li>
<li>résultats mai 2024 : <a href="https://www.treffendel.fr/wp-content/uploads/2024/06/eaux-controle-sanitaire-juin-2024.pdf">ARS &#8211; résultats &#8211; juin 2024</a></li>
<li>résultats décembre 2023 : <a href="https://www.treffendel.fr/wp-content/uploads/2023/12/eaux-controle-sanitaire-dec-2023.pdf">ARS résultats &#8211; dec 2023</a></li>
<li>résultat mai 2023 : <a href="https://www.treffendel.fr/wp-content/uploads/2023/06/PLV_35_0021-UDI000262-0000000573-20230524-00163464D1.pdf" target="_blank" rel="noopener noreferrer">ARS résultats mai 2023</a></li>
<li>résultat janvier 2023 : <a href="https://www.treffendel.fr/wp-content/uploads/2023/02/ARS_qualite-des-eaux-2023.pdf">ARS_qualite des eaux 2023</a></li>
</ul>
<h3>Economie d&rsquo;énergie :</h3>
<ul>
<li><a href="https://www.treffendel.fr/wp-content/uploads/2024/06/Affiche-economie-eau-2024.jpg" target="_blank" rel="noopener noreferrer">économiser l&rsquo;eau</a></li>
<li><a href="https://view.contactclient-edf.fr/?qs=73a934bc2240d8da2f39053bc39fa1ffa258f43b3d015e9e4dcab4fb73401bb1fc1fe7f5aa5d7e1ad36a26f270312b4561de5446befdc07d941e51f544d07509840ac9e3ba570407" target="_blank" rel="noopener noreferrer">les ecos-gestes proposés par EDF</a></li>
<li><a href="https://www.monecowatt.fr/" target="_blank" rel="noopener noreferrer">l&rsquo;application Ecowatt</a> </li>
</ul>
<h3>Mobilité</h3>
<ul>
<li><a href="https://www.treffendel.fr/?page_id=388">transports en commun</a></li>
<li><a href="https://www.google.com/maps/d/viewer?mid=1ZVJCI_2liY6QJ2ynSBNaUeZdcD0" target="_blank" rel="noopener noreferrer">le tour de Treffendel à vélo</a></li>
<li><a href="https://www.treffendel.fr/?p=3501">liaisons intercommunales</a></li>
<li><a href="https://broceliande.bike/" target="_blank" rel="noopener noreferrer">location de vélos à assistance électrique</a></li>
</ul>
<p>Plan de mobilité simplifié (PDMS) : projet mené par la Communauté de Brocéliande <a href="https://www.treffendel.fr/?p=4856">(plus d&rsquo;infos)</a></p>
<h3>Bien aménager son jardin</h3>
<p>• Moins de déchets verts donc moins de visites à la déchèterie<br />• Moins d’arrosage et une meilleure résistance à la sécheresse<br />• Moins d’entretien<br />• Moins d’engrais et de pesticides<br />• Plus de biodiversité</p>
<p>Les conseils du SMICTOM : <a href="https://www.treffendel.fr/wp-content/uploads/2023/11/Bien-amenager-son-jardin_SmictomCO.pdf">Bien-amenager-son-jardin_SmictomCO</a></p>
<h3>Haies bocagères</h3>
<ul>
<li><a href="https://www.treffendel.fr/?p=5661">infos concernant les haies bocagères</a></li>
</ul>
<p> </p>

<p>Eaux &amp; Vilaine établissement public à la reconquête de l&rsquo;eau, en qualité et en quantité, sur le bassin de Vilaine : ses missions  Lettre agricole août 2025 VF L&rsquo;inf&rsquo;Eaux- UGVO octobre 2024 l&rsquo;inf&rsquo;Eaux novembre 2023 l&rsquo;inf&rsquo;Eaux avril 2023 Rapport d&rsquo;activité du syndicat mixte de la forêt de Paimpont (2021) Plus d&rsquo;infos Qualité de l&rsquo;eau (ARS) [&hellip;]</p>
