{"id":6295,"date":"2024-12-20T11:48:19","date_gmt":"2024-12-20T10:48:19","guid":{"rendered":"https:\/\/www.treffendel.fr\/?page_id=6295"},"modified":"2024-12-20T11:51:08","modified_gmt":"2024-12-20T10:51:08","slug":"proces-verbal-du-conseil-municipal-du-jeudi-12-decembre-2024-a-20-h-00","status":"publish","type":"page","link":"https:\/\/www.treffendel.fr\/?page_id=6295","title":{"rendered":"Proc\u00e8s-Verbal du conseil municipal du jeudi 12 d\u00e9cembre 2024 \u00e0 20 h 00"},"content":{"rendered":"\n<p>Pr\u00e9sents : F. KERGUELEN, P. PERSEHAIE, C. LE ROSSIGNOL, C. BANCHEREAU, M. RAULLINE, C. GODIN, C. THOMAS, A. LE NET, N. FRO, S. LE DIZES, L. BEAUG\u00e9, C. DUBOIS<\/p>\n<p>Excus\u00e9s : S. BERTIN (Procuration \u00e0 L. BEAUG\u00e9) M. LACAZE (Procuration \u00e0 S. LE DIZES)<\/p>\n<h4>Approbation du compte rendu du conseil municipal du 14 novembre 2024\u00a0:<\/h4>\n<p>Le compte rendu du 14 novembre 2024 est approuv\u00e9 \u00e0 l\u2019unanimit\u00e9 des membres pr\u00e9sents<\/p>\n<h4>D\u00e9signation d\u2019un secr\u00e9taire de s\u00e9ance\u00a0:<\/h4>\n<p>Conform\u00e9ment \u00e0 l\u2019article L.2121-15 du Code G\u00e9n\u00e9ral des Collectivit\u00e9s Locales, Mr Lo\u00efc Beaug\u00e9 est\u00a0nomm\u00e9 secr\u00e9taire de s\u00e9ance.<\/p>\n<h2>I \u2013 \u00a0INTERCOMMUNALITE :<\/h2>\n<h3>1\u00b0 &#8211; Broc\u00e9liande Communaut\u00e9\u00a0: modification statutaire\u00a0: comp\u00e9tences<\/h3>\n<p>Madame le maire informe le conseil municipal que le conseil communautaire, lors de sa s\u00e9ance du 04 novembre dernier, a d\u00e9lib\u00e9r\u00e9 sur le projet de mise \u00e0 jour des comp\u00e9tences communautaires inscrites dans les statuts de Broc\u00e9liande Communaut\u00e9.<\/p>\n<p>Depuis la loi \u00ab\u00a0Engagement et Proximit\u00e9\u00a0\u00bb du 27 d\u00e9cembre 2019 qui a supprim\u00e9 la notion de comp\u00e9tences \u00ab\u00a0optionnelles\u00a0\u00bb, les statuts doivent \u00eatre pr\u00e9sent\u00e9s en 3 blocs de comp\u00e9tences\u00a0:<\/p>\n<ul>\n<li>Les comp\u00e9tences obligatoires,<\/li>\n<li>Les comp\u00e9tences suppl\u00e9mentaires soumises \u00e0 l\u2019int\u00e9r\u00eat communautaire (correspondant aux comp\u00e9tences list\u00e9es \u00e0 l\u2019article L.5214-16 du CGCT)<\/li>\n<li>Les comp\u00e9tences suppl\u00e9mentaires non soumises \u00e0 l\u2019int\u00e9r\u00eat communautaire (correspondant aux comp\u00e9tences non list\u00e9es \u00e0 l\u2019article L.5214-16 du CGCT)<\/li>\n<\/ul>\n<p>De ce fait, il convient d\u2019actualiser l\u2019article 4 des statuts de Broc\u00e9liande Communaut\u00e9.<\/p>\n<p>Madame le Maire pr\u00e9sente au conseil municipal la r\u00e9partition des comp\u00e9tences qui seront inscrites dans les statuts.<\/p>\n<p>Les communes disposent d\u2019un d\u00e9lai de 3 mois pour se prononcer sur la modification envisag\u00e9e.<\/p>\n<p>Apr\u00e8s en avoir d\u00e9lib\u00e9r\u00e9, le conseil municipal d\u00e9cide, \u00e0 l\u2019unanimit\u00e9, d\u2019accepter le projet d\u2019actualisation de l\u2019article 4 des statuts de Broc\u00e9liande Communaut\u00e9 de la fa\u00e7on suivante\u00a0:<\/p>\n<ul>\n<li>I \u2013 Comp\u00e9tences obligatoires<\/li>\n<li>II \u2013 Comp\u00e9tences suppl\u00e9mentaires soumises \u00e0 l\u2019int\u00e9r\u00eat communautaire (correspondant aux comp\u00e9tences list\u00e9es \u00e0 l\u2019article L.5214-16 du CGCT).<\/li>\n<li>III &#8211; Comp\u00e9tences suppl\u00e9mentaires non soumises \u00e0 l\u2019int\u00e9r\u00eat communautaire (correspondant aux comp\u00e9tences list\u00e9es \u00e0 l\u2019article L.5214-16 du CGCT).<\/li>\n<\/ul>\n<h3>2\u00b0 &#8211; Broc\u00e9liande Communaut\u00e9\u00a0: transfert de la comp\u00e9tence \u00ab\u00a0Assainissement\u00a0\u00bb\u00a0:<\/h3>\n<p>D\u00e9lib\u00e9ration pour autorisation de signature des avenants de transfert des contrats et des PV de mise \u00e0 disposition des biens communaux<\/p>\n<p>Vu les articles L.1321-1 et <a href=\"http:\/\/www.legifrance.gouv.fr\/affichCodeArticle.do;jsessionid=5075A1D570F63D9D82E937822CCCAE41.tpdjo06v_2?idArticle=LEGIARTI000006392794\">L.5211-5<\/a>-III et <a href=\"http:\/\/www.legifrance.gouv.fr\/affichCodeArticle.do;jsessionid=5075A1D570F63D9D82E937822CCCAE41.tpdjo06v_2?idArticle=LEGIARTI000018036147&amp;cidTexte=LEGITEXT000006070633&amp;dateTexte=20090812\">L.5211-17 du Code<\/a> g\u00e9n\u00e9ral des collectivit\u00e9s territoriales<\/p>\n<p>Vu l\u2019arr\u00eat\u00e9 pr\u00e9fectoral n\u00b035-2024-09-25-00002 du 25 septembre 204 portant modification des statuts de la communaut\u00e9 de communes \u00ab\u00a0Broc\u00e9liande Communaut\u00e9\u00a0\u00bb et actant du transfert de la comp\u00e9tence assainissement \u00e0 compter du 1er janvier 2025<\/p>\n<p>Vu les statuts communautaires<\/p>\n<p>Madame le Maire informe le conseil municipal que le Conseil communautaire a valid\u00e9 l\u2019arr\u00eat\u00e9 pr\u00e9fectoral ent\u00e9rinant le transfert de comp\u00e9tence \u00ab\u00a0Assainissement collectif des eaux us\u00e9es\u00a0\u00bb \u00e0 compter du 1er janvier 2025 au profit de la Communaut\u00e9 de Communes de Broc\u00e9liande sign\u00e9 le 25 septembre 2024.<\/p>\n<p>En raison du transfert de comp\u00e9tence, selon le principe de continuit\u00e9 pos\u00e9e par les articles <a href=\"http:\/\/www.legifrance.gouv.fr\/affichCodeArticle.do;jsessionid=5075A1D570F63D9D82E937822CCCAE41.tpdjo06v_2?idArticle=LEGIARTI000006392794\">L.5211-5<\/a> et <a href=\"http:\/\/www.legifrance.gouv.fr\/affichCodeArticle.do;jsessionid=5075A1D570F63D9D82E937822CCCAE41.tpdjo06v_2?idArticle=LEGIARTI000018036147&amp;cidTexte=LEGITEXT000006070633&amp;dateTexte=20090812\">L.5211-17 du CGCT<\/a>, il y a substitution de la Communaut\u00e9 de Communes, \u00e0 la date du transfert des comp\u00e9tences, dans tous les droits et obligations de la commune.<\/p>\n<p>En cons\u00e9quence, tous les contrats sign\u00e9s pr\u00e9alablement au transfert par la commune doivent \u00eatre transf\u00e9r\u00e9s, par avenant, \u00e0 la Communaut\u00e9. Les contrats sont ex\u00e9cut\u00e9s dans les conditions ant\u00e9rieures jusqu&rsquo;\u00e0 leur \u00e9ch\u00e9ance, sauf accord contraire des parties. La substitution de personne morale aux contrats conclus par les communes n&rsquo;entra\u00eene aucun droit \u00e0 r\u00e9siliation ou \u00e0 indemnisation pour le cocontractant. La commune qui transf\u00e8re la comp\u00e9tence informe les cocontractants de cette substitution.<\/p>\n<p>De la m\u00eame mani\u00e8re, le transfert de comp\u00e9tence entra\u00eene automatiquement la mise \u00e0 disposition des biens n\u00e9cessaires \u00e0 l&rsquo;exercice de la comp\u00e9tence vers la communaut\u00e9 \u00e0 la date du transfert de la comp\u00e9tence. Malgr\u00e9 le caract\u00e8re automatique de la mise \u00e0 disposition, il convient de r\u00e9aliser des proc\u00e8s-verbaux de mise \u00e0 disposition.<\/p>\n<p>Ceux-ci s\u2019appliqueront d\u2019une mani\u00e8re g\u00e9n\u00e9rale \u00e0 tous les ouvrages de propri\u00e9t\u00e9 communale n\u00e9cessaires \u00e0 l\u2019exercice de la comp\u00e9tence assainissement collectif des eaux us\u00e9es. Les proc\u00e8s-verbaux sont \u00e0 adopter par la commune concern\u00e9e et l\u2019EPCI.<\/p>\n<p>La mise \u00e0 disposition des biens n\u2019est pas un transfert en pleine propri\u00e9t\u00e9 (ou une cession) ; la collectivit\u00e9 b\u00e9n\u00e9ficiant de la mise \u00e0 disposition a le droit d\u2019en user (usus) et d\u2019en tirer profit (fructus), mais ne peut pas modifier la destination du bien. La mise \u00e0 disposition est effectu\u00e9e sans contrepartie financi\u00e8re.<\/p>\n<p>Apr\u00e8s en avoir d\u00e9lib\u00e9r\u00e9, le conseil municipal d\u00e9cide, \u00e0 l\u2019unanimit\u00e9\u00a0d\u2019AUTORISER Madame le Maire \u00e0 signer tous les avenants de transfert li\u00e9s \u00e0 la poursuite des contrats sign\u00e9s pr\u00e9alablement au transfert de ladite comp\u00e9tence par les communes membres\u00a0d\u2019AUTORISER Madame le Maire \u00e0 signer tous les proc\u00e8s-verbaux \u00e9tablis entre la commune de TREFFENDEL et Broc\u00e9liande Communaut\u00e9.<\/p>\n<h2>II \u2013 FINANCES :<\/h2>\n<h3>1\u00b0 &#8211; Tarifs COMMUNAUX 2025\u00a0:<\/h3>\n<p>Madame Mich\u00e8le RAULLINE, Adjointe aux finances, rappelle au conseil municipal que chaque ann\u00e9e au mois de d\u00e9cembre, sont vot\u00e9s les tarifs communaux pour l\u2019ann\u00e9e suivante.<\/p>\n<p>POUR MEMOIRE\u00a0:<\/p>\n<ul>\n<li>2024\u00a0: augmentation de 5 % (avec arrondis)<\/li>\n<li>2023\u00a0: augmentation de 5 % (avec arrondis)<\/li>\n<li>2022\u00a0: augmentation de 2 %<\/li>\n<li>2021\u00a0: augmentation de 2 %<\/li>\n<li>2020\u00a0: maintien des tarifs de 2019<\/li>\n<li>2019\u00a0: augmentation de 5 % sur la base des tarifs de 2016 avec arrondis<\/li>\n<\/ul>\n<p>Il est propos\u00e9 d\u2019augmenter les tarifs de 5 % avec arrondis.<\/p>\n<p>Apr\u00e8s en avoir d\u00e9lib\u00e9r\u00e9, le conseil municipal vote, \u00e0 l\u2019unanimit\u00e9, les tarifs communaux 2025 \u00e0 l\u2019unanimit\u00e9 (<a href=\"https:\/\/www.treffendel.fr\/?p=549\">voir les tarifs<\/a>).<\/p>\n<h3>2\u00b0 &#8211; Assurances des v\u00e9hicules<\/h3>\n<p>Madame Mich\u00e8le RAULLINE, Adjointe aux finances, rappelle au conseil municipal qu\u2019en juillet 2024, il a \u00e9t\u00e9 re\u00e7u un courrier de notre assureur \u00ab\u00a0PILLIOT Assurances\u00a0\u00bb pour les v\u00e9hicules proposant de proc\u00e9der \u00e0 la r\u00e9siliation du contrat \u00e0 la date du 31 d\u00e9cembre 2024. Il faisait \u00e9tat d\u2019une proposition de replacement aupr\u00e8s de l\u2019une des leurs 65 compagnies partenaires. A la date de ce jour, nous sommes en attente de cette proposition.<\/p>\n<p>En parall\u00e8le, il a \u00e9t\u00e9 sollicit\u00e9 une proposition aupr\u00e8s de GROUPAMA\u00a0:<\/p>\n<table>\n<tbody>\n<tr>\n<td width=\"179\">\n<p>V\u00e9hicule<\/p>\n<\/td>\n<td width=\"220\">\n<p>Proposition au \u00ab\u00a0Tiers\u00a0\u00bb TTC<\/p>\n<\/td>\n<td width=\"243\">\n<p>Proposition \u00ab\u00a0tous risques\u00a0\u00bb TTC<\/p>\n<p>\u00a0<\/p>\n<\/td>\n<\/tr>\n<tr>\n<td width=\"179\">\n<p>Tracteur Renault<\/p>\n<\/td>\n<td width=\"220\">\n<p>112.16 \u20ac<\/p>\n<\/td>\n<td width=\"243\">\n<p>316.53 \u20ac<\/p>\n<\/td>\n<\/tr>\n<tr>\n<td width=\"179\">\n<p>Tracteur Kubota<\/p>\n<\/td>\n<td width=\"220\">\n<p>135.77 \u20ac<\/p>\n<\/td>\n<td width=\"243\">\n<p>392.90 \u20ac<\/p>\n<\/td>\n<\/tr>\n<tr>\n<td width=\"179\">\n<p>Tondeuse ISEKI<\/p>\n<\/td>\n<td width=\"220\">\n<p>78.39 \u20ac<\/p>\n<\/td>\n<td width=\"243\">\n<p>206.49 \u20ac<\/p>\n<\/td>\n<\/tr>\n<tr>\n<td width=\"179\">\n<p>Camion-benne IVECO<\/p>\n<\/td>\n<td width=\"220\">\n<p>25.10 \u20ac par mois<\/p>\n<p>301.20 \u20ac<\/p>\n<\/td>\n<td width=\"243\">\n<p>32.56 \u20ac par mois<\/p>\n<p>390.72 \u20ac<\/p>\n<\/td>\n<\/tr>\n<tr>\n<td width=\"179\">\n<p>TOTAL<\/p>\n<\/td>\n<td width=\"220\">\n<p>627.52 \u20ac<\/p>\n<\/td>\n<td width=\"243\">\n<p>1 306.64 \u20ac<\/p>\n<\/td>\n<\/tr>\n<\/tbody>\n<\/table>\n<p>\u00a0<\/p>\n<p>Pour info\u00a0: contrat actuel (Assurances PILLIOT) 2024 = 1 046.40 \u20ac (tous risques)<\/p>\n<p>N\u2019ayant pas re\u00e7u d\u2019offre de \u00ab\u00a0Pilliot Assurances\u00a0\u00bb, le conseil municipal d\u00e9cide, \u00e0 l\u2019unanimit\u00e9\u00a0:<\/p>\n<p>-de retenir la proposition de GROUPAMA pour l\u2019assurance des 4 v\u00e9hicules \u00e0 raison d\u2019un montant global de\u00a01 306.64 \u20ac. Toutefois, si la commune re\u00e7oit une proposition de replacement aupr\u00e8s d\u2019une soci\u00e9t\u00e9 d\u2019assurances, celle-ci sera adress\u00e9e \u00e0 l\u2019ensemble du conseil municipal par mail qui devra faire part de sa d\u00e9cision. Cependant, selon le montant de l\u2019offre re\u00e7ue et si celle-ci est l\u00e9g\u00e8rement moins disante, le conseil municipal s\u2019oriente vers l\u2019offre de GROUPAMA du fait de sa r\u00e9activit\u00e9 de r\u00e9ponse et de sa proximit\u00e9 (offre la plus avantageuse \u00e9conomiquement).<\/p>\n<p>-d\u2019autoriser Madame le Maire \u00e0 signer tous les contrats d\u2019assurances et documents s\u2019y rapportant.<\/p>\n<h3>3\u00b0 &#8211; Ligne de Tr\u00e9sorerie\u00a0: la Banque Postale<\/h3>\n<p>POUR INFO<\/p>\n<p>Madame Mich\u00e8le RAULLINE, Adjointe aux finances, rappelle au conseil municipal que lors de la s\u00e9ance du\u00a010 octobre 2024, il avait \u00e9t\u00e9 accord\u00e9 une ligne de tr\u00e9sorerie aupr\u00e8s de la Banque Postale pour un montant\u00a0149 000 \u20ac, au taux fixe = 4.050 %.<\/p>\n<p>Or, la banque postale a eu une erreur de tirage du contrat de fa\u00e7on \u00e9lectronique. Il a donc fallu relancer un 2\u00e8me tirage. La nouvelle offre propose un taux fixe \u00e0 3.690 %.<\/p>\n<p>Mme le Maire a accept\u00e9 la nouvelle offre au vu des d\u00e9rogations accord\u00e9es par le conseil municipal.<\/p>\n<h3>4\u00b0 &#8211; situation financi\u00e8re du D\u00e9partement<\/h3>\n<p>Pour INFO<\/p>\n<p>Madame Mich\u00e8le RAULLINE donne lecture au conseil municipal des 2 courriers en date du 14 novembre 2024 et du 26 novembre 2024 faisant \u00e9tat de la difficult\u00e9 pour le D\u00e9partement d\u2019Ille-et-Vilaine de boucler le budget 2025.<\/p>\n<p>Le conseil municipal prend acte de ces informations.<\/p>\n<p>Pour TREFFENDEL\u00a0:<\/p>\n<p>Il reste \u00e0 percevoir l\u2019int\u00e9gralit\u00e9 de la subvention, accord\u00e9e par une convention sign\u00e9e en date du 17 juin 2024\u00a0concernant l\u2019am\u00e9nagement de la rue d\u2019Armorique, \u00e0 savoir\u00a0:<\/p>\n<p>Couche de roulement en enrob\u00e9\u00a0: 1588 m\u00b2 x 12 \u20ac\u00a0 = 19 056 \u20ac<\/p>\n<p>+ reprise de la structure de la voie\u00a0: 1588 m\u00b2 = forfait de 38 707 \u20ac<\/p>\n<p>Soit un total de 57 763.00 \u20ac TTC\u00a0<\/p>\n<h2>III \u2013 URBANISME :<\/h2>\n<h3>1\u00b0 &#8211; Droit de Pr\u00e9emption Urbain\u00a0: parcelles ZD 66 \u2013 67 et 117<\/h3>\n<p>Mr Charl\u00e9ric Banchereau, adjoint \u00e0 l\u2019Urbanisme, informe le conseil municipal qu\u2019il a \u00e9t\u00e9 re\u00e7u en mairie une D\u00e9claration d\u2019Intention d\u2019Ali\u00e9ner pour les parcelles b\u00e2ties cadastr\u00e9es section ZD 66 \u2013 67 et 117, sise \u00e0 \u00ab\u00a0le Gu\u00e9 Charet\u00a0\u00bb d\u2019une surface de 26 356 m\u00b2 (= 2 Ha 63 a 56 ca).\u00a0 Il est propos\u00e9 de ne pas faire valoir le droit de pr\u00e9emption.<\/p>\n<p>Apr\u00e8s en avoir d\u00e9lib\u00e9r\u00e9, le conseil municipal, \u00e0 l\u2019unanimit\u00e9, renonce \u00e0 son Droit de Pr\u00e9emption Urbain sur les parcelles ZD 66 \u2013 67 et 117.<\/p>\n<h3>Droit de Pr\u00e9emption Urbain\u00a0: parcelle AC 54<\/h3>\n<p>Mr Charl\u00e9ric Banchereau, adjoint \u00e0 l\u2019Urbanisme, informe le conseil municipal qu\u2019il a \u00e9t\u00e9 re\u00e7u en mairie une D\u00e9claration d\u2019Intention d\u2019Ali\u00e9ner pour la parcelle b\u00e2tie cadastr\u00e9e section AC 54, sise \u00e0 14 rue de la Gall\u00e9sie,\u00a0d\u2019une surface de 430 m\u00b2. Il est propos\u00e9 de ne pas faire valoir le droit de pr\u00e9emption.\u00a0<\/p>\n<p>Apr\u00e8s en avoir d\u00e9lib\u00e9r\u00e9, le conseil municipal, \u00e0 l\u2019unanimit\u00e9, renonce \u00e0 son Droit de Pr\u00e9emption Urbain sur la parcelle AC 54.<\/p>\n<h2>IV \u2013 RESEAUX :<\/h2>\n<h3>Contr\u00f4le des hydrants\u00a0: renouvellement de la convention avec la SAUR<\/h3>\n<p>Mr Pierre PERSEHAIE, Adjoint \u00e0 la voirie, informe le conseil municipal que la convention avec la Soci\u00e9t\u00e9 SAUR de Mordelles pour le contr\u00f4le des hydrants se termine au 31 d\u00e9cembre 2024. Il convient donc de proc\u00e9der \u00e0 son renouvellement.<\/p>\n<p>La convention comprend\u00a0:<\/p>\n<ul>\n<li>Le contr\u00f4le de 10 poteaux incendie (hydrant) et 5 puisards<\/li>\n<li>Dur\u00e9e\u00a0: 3 ans puis renouvellement 2 fois pour une p\u00e9riode de 3 ans<\/li>\n<li>D\u00e9but\u00a0: 1er janvier 2025<\/li>\n<li>Co\u00fbt : 57 \u20ac HT par hydrant et par puisard \u2013 tarif index\u00e9 (voir mode de calcul dans la convention \u2013 page 6) \u20132025 = 855 \u20ac HT \u2013 1 026 \u20ac TTC.<\/li>\n<\/ul>\n<p>Pour m\u00e9moire : convention pr\u00e9c\u00e9dente (de 01.01.2016 au 31.12.2024 = 49 \u20ac HT par hydrant),\u00a0soit une augmentation de 16.32 % depuis 9 ans.<\/p>\n<p>Apr\u00e8s en avoir d\u00e9lib\u00e9r\u00e9, le conseil municipal, \u00e0 l\u2019unanimit\u00e9, accepte le renouvellement de la convention avec la soci\u00e9t\u00e9 SAUR pour le contr\u00f4le des hydrants \u00e0 compter du\u00a01er janvier 2025, \u00e0 raison de 57 \u20ac HT \u2013 tarif index\u00e9 stipul\u00e9 dans la convention, pour une dur\u00e9e de 3 ans, renouvelable 2 fois pour une p\u00e9riode de 3 ans, et autorise Madame le Maire \u00e0 signer la convention avec la SAUR et tous documents s\u2019y rapportant.<\/p>\n<p>\u00a0<\/p>\n<h2>V \u2013 BATIMENTS COMMUNAUX\u00a0:<\/h2>\n<h3>M\u00e9diath\u00e8que\u00a0: Enseigne \u00ab\u00a0le lutin kili\u00a0\u00bb<\/h3>\n<p>Mme le Maire indique au conseil municipal qu\u2019apr\u00e8s plusieurs relances, il a \u00e9t\u00e9 re\u00e7u un devis pour l\u2019enseigne de la m\u00e9diath\u00e8que \u00ab\u00a0le lutin kili\u00a0\u00bb de ESCA OUEST de Guer (fournisseur de l\u2019enseigne de la mairie) pour un montant de 1 450 \u20ac HT.<\/p>\n<p>Ensuite, il est projet\u00e9 le visuel de la future enseigne.<\/p>\n<p>Apr\u00e8s en avoir d\u00e9lib\u00e9r\u00e9, le conseil municipal d\u00e9cide, \u00e0 l\u2019unanimit\u00e9 de retenir la proposition d\u2019Esca Ouest de Guer pour la fourniture et la pose de l\u2019enseigne \u00ab\u00a0le lutin kili\u00a0\u00bb \u00e0 la m\u00e9diath\u00e8que \u00e0 raison de 1 450 \u20ac HT.<\/p>\n<p>\u00a0<\/p>\n<h2>QUESTIONS DIVERSES :<\/h2>\n<h3>Projet \u00ab\u00a0Habitat l\u00e9ger\u00a0\u00bb<\/h3>\n<p>Pour info\u00a0: Mme le Maire donne lecture d\u2019un courrier r\u00e9dig\u00e9 par un groupe de riverains de la rue des deux fontaines, en date du 06 d\u00e9cembre 2024, faisant \u00e9tat de plusieurs pr\u00e9occupations\u00a0: terrain en zone humide, stationnements (probl\u00e8me de parking), nuisances sonores, nombre plus important d\u2019habitations par rapport au projet initial, augmentation de la circulation sur la rue des 2 fontaines.<\/p>\n<p>Le projet sera revu lors des prochains conseils municipaux.<\/p>\n<p>Ensuite, Mme le Maire indique qu\u2019elle a eu un entretien avec quelques riverains le 06 d\u00e9cembre dernier.<\/p>\n<p>Il en ressort 3 points essentiels \u00e0 revoir\u00a0:<\/p>\n<ul>\n<li>&#8211; projet de 10 habitats (trop nombreux) \u2013 possibilit\u00e9 de r\u00e9duction \u00e0 6 logements, avec une pr\u00e9vision de 3 stationnements sur la parcelle<\/li>\n<li>&#8211; inqui\u00e9tude sur le type de l\u2019habitat \u2013 habitat type chalet ou tiny house- (\u00e9viter les yourtes),<\/li>\n<li>&#8211; souhait d\u2019une remise en \u00e9tat de la parcelle (\u00e0 l\u2019initial) s\u2019il y avait disparition du collectif des occupants de la parcelle.<\/li>\n<\/ul>\n<p>D\u2019autre part, Mme le Maire indique que le cahier des charges est en cours de construction\u00a0(participants\u00a0: Association \u00ab\u00a0Hameaux l\u00e9gers\u00a0\u00bb, BIOSFEREN (cabinet d\u2019\u00e9tudes retenu pour l\u2019am\u00e9nagement de la zone humide), Broc\u00e9liande Communaut\u00e9 et la commune).<\/p>\n<p>Il est \u00e9galement \u00e9voqu\u00e9 le probl\u00e8me de la rue des deux fontaines qui n\u2019a jamais \u00e9t\u00e9 am\u00e9nag\u00e9e dans le cadre du centre-bourg. A revoir dans les ann\u00e9es futures.<\/p>\n<p>Enfin, une nouvelle r\u00e9union va \u00eatre organis\u00e9e en janvier 2025 entre les riverains et le cabinet BIOSFEREN pour obtenir des informations li\u00e9es aux zones humides.<\/p>\n<h4>PROCHAINES dates de manifestations\u00a0:<\/h4>\n<ul>\n<li>Animations de No\u00ebl\u00a0: vendredi 20 d\u00e9cembre \u00e0 partir de 18 h 00<\/li>\n<li>Voeux de la municipalit\u00e9\u00a0:\u00a0 Vendredi 10 janvier 2025\u00a0\u00e0 19 h 00<\/li>\n<li>V\u0153ux de Broc\u00e9liande communaut\u00e9\u00a0: jeudi 23 janvier 2025 \u00e0 19 h 00 \u00e0 Br\u00e9al<\/li>\n<li>Journ\u00e9e b\u00e9n\u00e9vole\u00a0: samedi 29 mars 2025<\/li>\n<li>Classes 5\u00a0: samedi 05 avril 2025<\/li>\n<\/ul>\n<div class=\"wrapper section\">\n<div class=\"section-inner\">\n<div class=\"content\">\n<div id=\"post-6221\" class=\"post single post-6221 page type-page status-publish hentry\">\n<div class=\"post-inner\">\n<div class=\"post-content\">\n<h3>PROCHAINS CONSEILS MUNICIPAUX\u00a0:<\/h3>\n<h3>2025<\/h3>\n<ul>\n<li>Jeudi 16 janvier 2025 \u00e0 20 h 00 (r\u00e9union Adjoints : mardi 7 janvier 2025 \u00e0 20 h 00)<\/li>\n<li>Jeudi 13 f\u00e9vrier 2025 \u00e0 20 h 00 (r\u00e9union Adjoints : mardi 4 f\u00e9vrier 2025 \u00e0 20 h 00)<\/li>\n<li>Jeudi 13 mars 2025 \u00e0 20 h 00 (r\u00e9union Adjoints : mardi 4 f\u00e9vrier 2025 \u00e0 20 h 00)<\/li>\n<li>Jeudi 27 mars 2025 \u00e0 19h 00 : vote du Budget Primitif 2025 (en attente de confirmation)<\/li>\n<li>Jeudi 17 avril 2025 \u00e0 20 h 00 (r\u00e9union Adjoints : mardi 8 avril 2025 \u00e0 20 h 00)<\/li>\n<li>Jeudi 15 mai 2025 \u00e0 20 h 00 (r\u00e9union Adjoints : mardi 6 mai 2025 \u00e0 20 h 00)<\/li>\n<li>Jeudi 12 juin 2025 \u00e0 20 h 00 (r\u00e9union Adjoints : mardi 3 juin 2025 \u00e0 20 h 00)<\/li>\n<li>Jeudi 17 juillet 2025 \u00e0 20 h 00 (r\u00e9union Adjoints : mardi 8 juillet 2025 \u00e0 20 h 00)<\/li>\n<li>Jeudi 11 septembre 2025 \u00e0 20 h 00 (r\u00e9union Adjoints : mardi 2 septembre 2025 \u00e0 20 h 00)<\/li>\n<li>Jeudi 16 octobre 2025 \u00e0 20 h 00 (r\u00e9union Adjoints : mardi 7 octobre 2025 \u00e0 20 h 00)<\/li>\n<li>Jeudi 13 novembre 2025 \u00e0 20 h 00 (r\u00e9union Adjoints : mardi 4 novembre 2025 \u00e0 20 h 00)<\/li>\n<li>Jeudi 11 d\u00e9cembre 2025 \u00e0 20 h 00 (r\u00e9union Adjoints (mardi 2 d\u00e9cembre 2025 \u00e0 20 h 00)<\/li>\n<\/ul>\n<\/div>\n<\/div>\n<\/div>\n<\/div>\n<div class=\"sidebar\">\n<div class=\"widget widget_nav_menu\">\n<div class=\"widget-content\">\n<div class=\"menu-telecharger-consulter-container\">\u00a0<\/div>\n<\/div>\n<\/div>\n<\/div>\n<\/div>\n<\/div>\n<div class=\"sub-footer section\">\u00a0<\/div>\n","protected":false},"excerpt":{"rendered":"<p>Pr\u00e9sents : F. KERGUELEN, P. PERSEHAIE, C. LE ROSSIGNOL, C. BANCHEREAU, M. RAULLINE, C. GODIN, C. THOMAS, A. LE NET, N. FRO, S. LE DIZES, L. BEAUG\u00e9, C. DUBOIS Excus\u00e9s : S. BERTIN (Procuration \u00e0 L. BEAUG\u00e9) M. LACAZE (Procuration \u00e0 S. LE DIZES) Approbation du compte rendu du conseil municipal du 14 novembre 2024\u00a0: [&hellip;]<\/p>\n","protected":false},"author":1,"featured_media":0,"parent":17,"menu_order":0,"comment_status":"closed","ping_status":"closed","template":"","meta":[],"_links":{"self":[{"href":"https:\/\/www.treffendel.fr\/index.php?rest_route=\/wp\/v2\/pages\/6295"}],"collection":[{"href":"https:\/\/www.treffendel.fr\/index.php?rest_route=\/wp\/v2\/pages"}],"about":[{"href":"https:\/\/www.treffendel.fr\/index.php?rest_route=\/wp\/v2\/types\/page"}],"author":[{"embeddable":true,"href":"https:\/\/www.treffendel.fr\/index.php?rest_route=\/wp\/v2\/users\/1"}],"replies":[{"embeddable":true,"href":"https:\/\/www.treffendel.fr\/index.php?rest_route=%2Fwp%2Fv2%2Fcomments&post=6295"}],"version-history":[{"count":3,"href":"https:\/\/www.treffendel.fr\/index.php?rest_route=\/wp\/v2\/pages\/6295\/revisions"}],"predecessor-version":[{"id":6299,"href":"https:\/\/www.treffendel.fr\/index.php?rest_route=\/wp\/v2\/pages\/6295\/revisions\/6299"}],"up":[{"embeddable":true,"href":"https:\/\/www.treffendel.fr\/index.php?rest_route=\/wp\/v2\/pages\/17"}],"wp:attachment":[{"href":"https:\/\/www.treffendel.fr\/index.php?rest_route=%2Fwp%2Fv2%2Fmedia&parent=6295"}],"curies":[{"name":"wp","href":"https:\/\/api.w.org\/{rel}","templated":true}]}}