{"id":6449,"date":"2025-03-18T15:19:41","date_gmt":"2025-03-18T14:19:41","guid":{"rendered":"https:\/\/www.treffendel.fr\/?page_id=6449"},"modified":"2025-03-18T15:19:41","modified_gmt":"2025-03-18T14:19:41","slug":"proces-verbal-de-la-seance-du-conseil-municipal-du-13-mars-2025-a-20-h-00","status":"publish","type":"page","link":"https:\/\/www.treffendel.fr\/?page_id=6449","title":{"rendered":"Proc\u00e8s-Verbal de la s\u00e9ance du conseil municipal du 13 mars 2025 \u00e0 20 h 00"},"content":{"rendered":"\n<p>Pr\u00e9sents : F. KERGUELEN, P. PERSEHAIE, C. LE ROSSIGNOL, C. BANCHEREAU, M. RAULLINE, C. GODIN, L. BEAUG\u00e9, C. THOMAS, S. BERTIN, N. FRO, LE DIZES S, C. DUBOIS<\/p>\n<p>Excus\u00e9s\u00a0: M. LACAZE (Procuration \u00e0 M. RAULLINE), A. LE NET<\/p>\n<p>Mme le Maire ouvre la s\u00e9ance et constate que le quorum est atteint.<\/p>\n<h4>Approbation du Proc\u00e8s-Verbal du conseil municipal du 20 f\u00e9vrier 2025\u00a0:<\/h4>\n<p>Le Proc\u00e8s-Verbal du 20 f\u00e9vrier 2025 est approuv\u00e9 \u00e0 l\u2019unanimit\u00e9 des membres pr\u00e9sents.<\/p>\n<h4>D\u00e9signation d\u2019un secr\u00e9taire de s\u00e9ance\u00a0:<\/h4>\n<p>Conform\u00e9ment \u00e0 l\u2019article L.2121-15 du Code G\u00e9n\u00e9ral des Collectivit\u00e9s Locales, Mme No\u00eblle FRO est nomm\u00e9e secr\u00e9taire de s\u00e9ance.<\/p>\n<h2>I \u2013 FINANCES :<\/h2>\n<p>Compte-rendu de la commission \u00ab\u00a0Finances\u00a0\u00bb du 03 mars 2025<\/p>\n<h3>1\u00b0 &#8211; Vote des taux des imp\u00f4ts locaux<\/h3>\n<p>Madame Mich\u00e8le RAULLINE, Adjointe aux finances, informe le conseil municipal que la commission \u00ab\u00a0Finances\u00a0\u00bb propose de maintenir les taux vot\u00e9s en 2024, \u00e0 savoir\u00a0:<\/p>\n<ul>\n<li>Foncier B\u00e2ti\u00a0\u00a0\u00a0\u00a0\u00a0\u00a0\u00a0\u00a0\u00a0\u00a0\u00a0 = 44.47 %<\/li>\n<li>Foncier Non-B\u00e2ti\u00a0\u00a0 = 48.73 %<\/li>\n<\/ul>\n<p>D\u2019autre part, depuis 2021, il n\u2019y a plus de Taxe d\u2019Habitation (pour m\u00e9moire\u00a0: taux \u00e0 16.86 %).<\/p>\n<p>Aussi, pour compenser cette perte de recettes, les communes b\u00e9n\u00e9ficient du transfert de la part d\u00e9partementale de taxe fonci\u00e8re sur les propri\u00e9t\u00e9s b\u00e2ties (TFPB), c\u2019est-\u00e0-dire que le taux de r\u00e9f\u00e9rence pour 2021 de la TFPB pour la commune correspond \u00e0 son taux TFPB de 2020 additionn\u00e9 au TFPB d\u00e9partemental 2020 qui est de 19.90 % pour l\u2019Ille-et-Vilaine.<\/p>\n<p>Ainsi, il vous est propos\u00e9 de maintenir les taux 2024 pour l\u2019ann\u00e9e 2025, \u00e0 savoir\u00a0:\u00a0<\/p>\n<ul>\n<li>Foncier B\u00e2ti\u00a0\u00a0\u00a0\u00a0\u00a0\u00a0\u00a0\u00a0\u00a0\u00a0\u00a0\u00a0\u00a0\u00a0\u00a0\u00a0\u00a0\u00a0\u00a0\u00a0\u00a0 = 24.57 % + 19.90 % = 44.47 %<\/li>\n<li>Foncier Non-B\u00e2ti \u00a0\u00a0\u00a0\u00a0\u00a0\u00a0\u00a0\u00a0\u00a0\u00a0 = 48.73 %<\/li>\n<\/ul>\n<table>\n<tbody>\n<tr>\n<td width=\"82\">\n<p>\u00a0<\/p>\n<\/td>\n<td colspan=\"3\" width=\"225\">\n<p>2024 \u2013 recettes r\u00e9elles<\/p>\n<\/td>\n<td colspan=\"3\" width=\"326\">\n<p>2025 &#8211; estimations<\/p>\n<\/td>\n<\/tr>\n<tr>\n<td width=\"82\">\n<p>\u00a0<\/p>\n<\/td>\n<td width=\"82\">\n<p>Base d\u2019imposition<\/p>\n<\/td>\n<td width=\"62\">\n<p>taux<\/p>\n<\/td>\n<td width=\"80\">\n<p>recettes<\/p>\n<\/td>\n<td width=\"120\">\n<p>Base d\u2019imposition<\/p>\n<\/td>\n<td width=\"81\">\n<p>taux<\/p>\n<\/td>\n<td width=\"125\">\n<p>recettes<\/p>\n<\/td>\n<\/tr>\n<tr>\n<td width=\"82\">\n<p>Foncier B\u00e2ti FB<\/p>\n<p>\u00a0<\/p>\n<\/td>\n<td width=\"82\">\n<p>905 100 \u20ac<\/p>\n<\/td>\n<td width=\"62\">\n<p>44.47 %<\/p>\n<\/td>\n<td width=\"80\">\n<p>402 498 \u20ac<\/p>\n<\/td>\n<td width=\"120\">\n<p>905 100 \u20ac<br \/>(+ 1.70 %)<\/p>\n<\/td>\n<td width=\"81\">\n<p>44.47 %<\/p>\n<\/td>\n<td width=\"125\">\n<p>409 340 \u20ac<\/p>\n<\/td>\n<\/tr>\n<tr>\n<td width=\"82\">\n<p>Foncier Non-B\u00e2ti FNB<\/p>\n<\/td>\n<td width=\"82\">\n<p>95 526 \u20ac<\/p>\n<\/td>\n<td width=\"62\">\n<p>48.73 %<\/p>\n<\/td>\n<td width=\"80\">\n<p>46 550 \u20ac<\/p>\n<\/td>\n<td width=\"120\">\n<p>\u00a095 526 \u20ac<br \/>(+ 1.70\u00a0 %)<\/p>\n<\/td>\n<td width=\"81\">\n<p>48.73 %<\/p>\n<\/td>\n<td width=\"125\">\n<p>47 341 \u20ac\u00a0<\/p>\n<\/td>\n<\/tr>\n<tr>\n<td width=\"82\">\n<p>Taxe d\u2019Habitation\u00a0R\u00e9sidences secondaires<\/p>\n<\/td>\n<td width=\"82\">\n<p>\u00a0<\/p>\n<\/td>\n<td width=\"62\">\n<p>16.86 %<\/p>\n<\/td>\n<td width=\"80\">\n<p>8\u00a0245 \u20ac<\/p>\n<\/td>\n<td width=\"120\">\n<p>\u00a0<\/p>\n<\/td>\n<td width=\"81\">\n<p>16.86 %<\/p>\n<\/td>\n<td width=\"125\">\n<p>8\u00a0500 \u20ac<\/p>\n<\/td>\n<\/tr>\n<tr>\n<td width=\"82\">\n<p>Coefficient correcteur<\/p>\n<\/td>\n<td width=\"82\">\n<p>\u00a0<\/p>\n<\/td>\n<td width=\"62\">\n<p>\u00a0<\/p>\n<\/td>\n<td width=\"80\">\n<p>32 755 \u20ac<\/p>\n<\/td>\n<td width=\"120\">\n<p>\u00a0<\/p>\n<\/td>\n<td width=\"81\">\n<p>\u00a0<\/p>\n<\/td>\n<td width=\"125\">\n<p>33 000 \u20ac<\/p>\n<\/td>\n<\/tr>\n<tr>\n<td width=\"82\">\n<p>\u00a0<\/p>\n<\/td>\n<td width=\"82\">\n<p>\u00a0<\/p>\n<\/td>\n<td width=\"62\">\n<p>\u00a0<\/p>\n<\/td>\n<td width=\"80\">\n<p>\u00a0<\/p>\n<\/td>\n<td width=\"120\">\n<p>+Info Tr\u00e9sorerie (TFB locaux professionnels)<\/p>\n<\/td>\n<td width=\"81\">\n<p>\u00a0<\/p>\n<\/td>\n<td width=\"125\">\n<p>8 742 \u20ac<\/p>\n<\/td>\n<\/tr>\n<tr>\n<td width=\"82\">\n<p>TOTAL<\/p>\n<\/td>\n<td width=\"82\">\n<p>\u00a0<\/p>\n<\/td>\n<td width=\"62\">\n<p>\u00a0<\/p>\n<\/td>\n<td width=\"80\">\n<p>490 048 \u20ac<\/p>\n<\/td>\n<td width=\"120\">\n<p>\u00a0<\/p>\n<\/td>\n<td width=\"81\">\n<p>\u00a0<\/p>\n<\/td>\n<td width=\"125\">\n<p>506 923 \u20ac<\/p>\n<\/td>\n<\/tr>\n<\/tbody>\n<\/table>\n<p>D\u2019autre part, un coefficient correcteur, \u00ab\u00a0COCO\u00a0\u00bb s\u2019applique sur le produit net du r\u00f4le g\u00e9n\u00e9ral TFPB pour permettre une compensation \u00e0 l\u2019euro pr\u00e8s de la perte de la taxe d\u2019habitation. En effet, le produit TFPB issu du d\u00e9partement n\u2019est pas suffisant pour couvrir la TH perdue.<\/p>\n<p>Ce coefficient permet cet ajustement \u00e0 la hausse en permettant d\u2019ajuster la ressource par un effet \u00ab\u00a0versement \/ compensation\u00a0\u00bb. En 2024, il y a eu un coefficient correcteur d\u2019un montant de 32 755 \u20ac afin de compenser la perte de la TH.<\/p>\n<p>La notification du coefficient correcteur n\u2019a pas \u00e9t\u00e9 re\u00e7ue. Il est estim\u00e9 \u00e0 33 000 \u20ac.<\/p>\n<p>TOTAL des recettes estim\u00e9es pour 2025 =\u00a0506 923 \u20ac\u00a0\u00a0 (BP 2025 = 505 000\u00a0 \u20ac)<\/p>\n<p>(pour m\u00e9moire = recettes r\u00e9elles 2024 =\u00a0 490 048 \u20ac)<\/p>\n<p>Apr\u00e8s en avoir d\u00e9lib\u00e9r\u00e9, le conseil municipal d\u00e9cide, \u00e0 l\u2019unanimit\u00e9 de voter les taux des imp\u00f4ts locaux de la fa\u00e7on suivante\u00a0:<\/p>\n<ul>\n<li>Foncier B\u00e2ti = 44.47 %<\/li>\n<li>Foncier Non-B\u00e2ti = 48.73 %<\/li>\n<li>Taxe d\u2019Habitation = 16.86 %<\/li>\n<\/ul>\n<p>et d\u2019en informer les services fiscaux et les services de la pr\u00e9fecture avec l\u2019\u00e9tat 1259.<\/p>\n<h3>2\u00b0 &#8211; \u00ab\u00a0Restos du c\u0153ur\u00a0\u00bb\u00a0: demande de subvention 2025<\/h3>\n<p>Mme Mich\u00e8le RAULLINE, Adjointe aux finances, informe le conseil municipal qu\u2019il a \u00e9t\u00e9 re\u00e7u un courrier des \u00ab Restaurants du c\u0153ur &#8211; 35 \u00bb sollicitant une subvention d\u2019un montant de 300 \u20ac qui s\u2019explique de la fa\u00e7on suivante : \u00ab\u00a0En 2024, 3 personnes de la commune de Treffendel ont \u00e9t\u00e9 accueillies auxquelles il a \u00e9t\u00e9 distribu\u00e9 300 repas. L\u2019aide sollicit\u00e9e est proportionnelle aux repas servis et va permettre de boucler le budget d\u00e9ficitaire de l\u2019association.\u00a0\u00bb<\/p>\n<p>La commission \u00ab Finances \u00bb propose d\u2019accepter la demande de subvention pour un montant\u00a0de 300 \u20ac.<\/p>\n<p>Apr\u00e8s en avoir d\u00e9lib\u00e9r\u00e9, le conseil municipal d\u00e9cide, \u00e0 l\u2019unanimit\u00e9 d\u2019accorder une subvention d\u2019un montant de 300 \u20ac \u00e0 l\u2019association \u00ab Restaurant du C\u0153ur \u00bb de Rennes, pour ses frais de fonctionnement, et d\u2019inscrire une somme de 300 \u20ac au Budget Primitif 2025 au C\/65748.<\/p>\n<h3>3\u00b0 &#8211; Participation \u00e0 l\u2019Inter\u2019Val<\/h3>\n<p>Mme Mich\u00e8le RAULLINE, Adjointe aux finances, informe le conseil municipal qu\u2019il a \u00e9t\u00e9 re\u00e7u en mairie une simulation de participation \u00e0 verser pour l\u2019ann\u00e9e 2025 d\u2019un montant global de 71 949 \u20ac. Ensuite, en f\u00e9vrier 2025\u00a0: il a \u00e9t\u00e9 re\u00e7u une demande de financement plus \u00e9lev\u00e9e d\u2019un montant de 74 073 \u20ac<\/p>\n<table>\n<tbody>\n<tr>\n<td width=\"149\">\n<p>\u00a0<\/p>\n<\/td>\n<td width=\"177\">\n<p>2024 (d\u00e9penses r\u00e9elles)<\/p>\n<\/td>\n<td width=\"168\">\n<p>Simulation \u2013 d\u00e9c 2024<\/p>\n<\/td>\n<td width=\"167\">\n<p>Souhaits \u2013 F\u00e9v 2025<\/p>\n<\/td>\n<\/tr>\n<tr>\n<td width=\"149\">\n<p>Enfance<\/p>\n<\/td>\n<td width=\"177\">\n<p>44 279 \u20ac<\/p>\n<\/td>\n<td width=\"168\">\n<p>49 707 \u20ac<\/p>\n<\/td>\n<td width=\"167\">\n<p>47 114 \u20ac<\/p>\n<\/td>\n<\/tr>\n<tr>\n<td width=\"149\">\n<p>Jeunesse<\/p>\n<\/td>\n<td width=\"177\">\n<p>16 167 \u20ac<\/p>\n<\/td>\n<td width=\"168\">\n<p>16 167 \u20ac<\/p>\n<\/td>\n<td width=\"167\">\n<p>20 866 \u20ac<\/p>\n<\/td>\n<\/tr>\n<tr>\n<td width=\"149\">\n<p>Animations globale<\/p>\n<\/td>\n<td width=\"177\">\n<p>6 075 \u20ac<\/p>\n<\/td>\n<td width=\"168\">\n<p>6 075 \u20ac<\/p>\n<\/td>\n<td width=\"167\">\n<p>6 093 \u20ac<\/p>\n<\/td>\n<\/tr>\n<tr>\n<td width=\"149\">\n<p>TOTAL<\/p>\n<\/td>\n<td width=\"177\">\n<p>66 521 \u20ac<\/p>\n<\/td>\n<td width=\"168\">\n<p>71 949 \u20ac<\/p>\n<\/td>\n<td width=\"167\">\n<p>74 073 \u20ac<\/p>\n<\/td>\n<\/tr>\n<\/tbody>\n<\/table>\n<p>Le montant sollicit\u00e9 a \u00e9t\u00e9 discut\u00e9 lors d\u2019une rencontre avec les communes le jeudi 06 mars 2025.<\/p>\n<p>Il a \u00e9t\u00e9 convenu d\u2019une augmentation de 4 % en 2025 et de 2 % pour les ann\u00e9es suivantes 2026 et 2027\u00a0(convention).<\/p>\n<p>Il s\u2019av\u00e8re que le calcul (f\u00e9v 2025) pour la partie \u00ab Jeunesse \u00bb a \u00e9t\u00e9 effectu\u00e9 au vu des inscriptions des jeunes en 2024 (Le nombre a augment\u00e9 et est de 28 (soit + 10 par rapport \u00e0 2023), or, la convention de 2024, toujours en cours, stipule bien que le calcul doit se faire sur la fr\u00e9quentation des jeunes. Le chiffre de 28 n\u2019est pas repr\u00e9sentatif de la fr\u00e9quentation r\u00e9elle de l\u2019espace sur l\u2019ann\u00e9e.<\/p>\n<p>De plus, lors de la simulation en d\u00e9cembre 2024, cet indicateur n\u2019avait pas \u00e9t\u00e9 point\u00e9, et le calcul avait \u00e9t\u00e9 fait sur le nombre d\u2019inscrits en 2023.<\/p>\n<p>De ce fait, le conseil municipal souhaite\u00a0:<\/p>\n<ul>\n<li>alerter les autres communes sur l\u2019inad\u00e9quation entre la convention actuelle (2024) qui prend en compte la fr\u00e9quentation (stipul\u00e9e dans l\u2019annexe IV), et celle en cours de 2025 qui comptabilise les adh\u00e9sions,<\/li>\n<li>retravailler sur une r\u00e9vision du mode de calcul bas\u00e9 sur un comptage des jeunes pr\u00e9sents afin de calculer une moyenne annuelle de fr\u00e9quentation qui pourrait servir de base pour le calcul de la participation \u00ab Jeunesse \u00bb.<\/li>\n<\/ul>\n<p>Apr\u00e8s en avoir d\u00e9lib\u00e9r\u00e9, le conseil municipal d\u00e9cide, \u00e0 l\u2019unanimit\u00e9 d\u2019accorder une participation financi\u00e8re \u00e0 l\u2019association \u00ab\u00a0l\u2019Inter\u2019Val\u00a0\u00bb de Pl\u00e9lan-le-Grand, au titre de l\u2019ann\u00e9e 2025, de la fa\u00e7on suivante\u00a0:<\/p>\n<ul>\n<li>Enfance = 49 707 \u20ac\u00a0\u00a0\u00a0\u00a0\u00a0\u00a0\u00a0\u00a0<\/li>\n<li>Jeunesse = 16 167 \u20ac\u00a0\u00a0\u00a0<\/li>\n<li>Animation globale =\u00a0 6 075 \u20ac\u00a0<\/li>\n<li><span style=\"font-size: inherit;\">Soit un total g\u00e9n\u00e9ral de 71 949 \u20ac.\u00a0<\/span><\/li>\n<\/ul>\n<p>\u00a0et d\u2019inscrire une somme de 72 000 \u20ac\u00a0\u00a0 au Budget Primitif 2025.<\/p>\n<h2>II\u2013 URBANISME\u00a0:<\/h2>\n<h3>1\u00b0 &#8211; Droit de Pr\u00e9emption Urbain\u00a0: parcelle AB 198<\/h3>\n<p>Mr Charl\u00e9ric Banchereau, Adjoint \u00e0 l\u2019Urbanisme, indique au conseil municipal qu\u2019il a \u00e9t\u00e9 re\u00e7u en mairie une D\u00e9claration d\u2019Intention d\u2019Ali\u00e9ner pour la parcelle b\u00e2tie cadastr\u00e9e section AB 198\u00a0 sise \u00e0 13 rue d\u2019Armorique, d\u2019une surface de 190 m\u00b2. Il est propos\u00e9 de ne pas faire valoir le droit de pr\u00e9emption.<\/p>\n<p>Apr\u00e8s en avoir d\u00e9lib\u00e9r\u00e9, le conseil municipal, \u00e0 l\u2019unanimit\u00e9, renonce \u00e0 son Droit de Pr\u00e9emption Urbain sur la parcelle b\u00e2tie cadastr\u00e9e section AB 198 sise \u00e0 13 rue d\u2019Armorique, d\u2019une surface de 190 m\u00b2.<\/p>\n<h3>2\u00b0 &#8211; Droit de Pr\u00e9emption Urbain\u00a0: parcelle AD 45<\/h3>\n<p>Mr Charl\u00e9ric Banchereau, Adjoint \u00e0 l\u2019Urbanisme, indique au conseil municipal qu\u2019il a \u00e9t\u00e9 re\u00e7u en mairie une D\u00e9claration d\u2019Intention d\u2019Ali\u00e9ner pour la parcelle b\u00e2tie cadastr\u00e9e section AD 45, sise \u00e0 4 all\u00e9e des Alouettes, d\u2019une surface de 716 m\u00b2. Il est propos\u00e9 de ne pas faire valoir le droit de pr\u00e9emption.<\/p>\n<p>Apr\u00e8s en avoir d\u00e9lib\u00e9r\u00e9, le conseil municipal, \u00e0 l\u2019unanimit\u00e9, renonce \u00e0 son Droit de Pr\u00e9emption Urbain sur la parcelle b\u00e2tie cadastr\u00e9e section AD 45, sise \u00e0 4 all\u00e9e des Alouettes, d\u2019une surface de 716 m\u00b2.<\/p>\n<h3>3\u00b0 &#8211; Droit de Pr\u00e9f\u00e9rence\u00a0: parcelle bois\u00e9e\u00a0: ZA N\u00b0 4<\/h3>\n<p>Mr Charl\u00e9ric Banchereau, Adjoint \u00e0 l\u2019Urbanisme, indique au conseil municipal qu\u2019il a \u00e9t\u00e9 re\u00e7u en mairie un courrier de l\u2019Office Notarial de Pl\u00e9lan-le-grand qui stipule que conform\u00e9ment aux dispositions des articles L 331-24 et suivants du Code forestier, la commune dispose d\u2019un d\u00e9lai de 2 mois (courrier re\u00e7u le 14.02.2025) pour exercer son droit de pr\u00e9f\u00e9rence sur la parcelle bois\u00e9e cadastr\u00e9e section ZA N\u00b0 4, sise \u00e0 \u00ab\u00a0lande de la porte\u00bb, d\u2019une surface de 96 a 40 ca (futaie). Il est propos\u00e9 de ne pas faire valoir le droit de pr\u00e9f\u00e9rence.<\/p>\n<p>Apr\u00e8s en avoir d\u00e9lib\u00e9r\u00e9, le conseil municipal, \u00e0 l\u2019unanimit\u00e9, renonce \u00e0 son Droit de Pr\u00e9f\u00e9rence sur la parcelle bois\u00e9e (futaie) cadastr\u00e9e section ZA N\u00b0 4, sise \u00e0 \u00ab\u00a0la lande de la porte\u00a0\u00bb, d\u2019une surface de 96 ares 40 ca.<\/p>\n<h2>III \u2013 Vie municipale \u2013 B\u00e2timents communaux<\/h2>\n<h3>1\u00b0 &#8211; Point sur la pr\u00e9paration de la journ\u00e9e b\u00e9n\u00e9vole du samedi 29 mars<\/h3>\n<p>Travaux pr\u00e9vus\u00a0: Peintures ext\u00e9rieures de b\u00e2timents\u00a0:\u00a0 extension salle de sports, pr\u00e9au cantine + abri-bus<\/p>\n<p>D\u00e9sherbage des espaces verts (mairie) \u2013 nettoyage des jeux terrain de la mairie &#8211; Chemin du cimeti\u00e8re\u00a0: taille des arbustes<\/p>\n<p>Horaires :<\/p>\n<ul>\n<li>de 09 h 00 \u00e0 16 h 00<\/li>\n<li><span style=\"font-size: inherit;\">de 12 h 30 \u00e0 13 h 30 :\u00a0 (galettes saucisses + desserts \u2013 boulangerie \u00ab les p\u2019tits korrigans \u00bb) &#8211;\u00a0 <\/span><\/li>\n<li><span style=\"font-size: inherit;\">lieu : extension salle de sports.<\/span><\/li>\n<\/ul>\n<p>Communication\u00a0: panneau pocket\u00a0 \u2013 affiches dans les commerces \u2013 \u00e9coles &#8211; m\u00e9diath\u00e8que + Ouest-France<\/p>\n<p>Inscription en mairie pour le 22 mars au plus tard, afin de pr\u00e9voir au plus juste les denr\u00e9es pour le d\u00e9jeuner.<\/p>\n<h3>2\u00b0 &#8211; Point sur la pr\u00e9paration du moment de convivialit\u00e9 (naissances de 2024)<\/h3>\n<p>Compte-rendu de la commission \u00ab\u00a0f\u00eates et c\u00e9r\u00e9monies\u00a0\u00bb du 10 mars\u00a0:<\/p>\n<ul>\n<li>23 enfants sont n\u00e9s en 2024\u00a0<\/li>\n<li>pot convivial le samedi 28 juin \u00e0 11h, \u00e0 l&rsquo;ext\u00e9rieur si le temps le permet et faire une photo pr\u00e8s des jeux.<\/li>\n<li>Id\u00e9e cadeau : un bavoir avec le pr\u00e9nom de l&rsquo;enfant, l&rsquo;ann\u00e9e et le logo de la commune.<\/li>\n<li>Invitation, \u00e0 faire partir d\u00e9but avril, \u00e0 l\u2019aide d\u2019un carton d&rsquo;invitation<\/li>\n<li>Communication : r\u00e9seaux sociaux et Ouest-France<\/li>\n<\/ul>\n<h2>IV \u2013 VOIRIE<\/h2>\n<p>Travaux de point-\u00e0-temps\u00a0:<\/p>\n<p>Mr Pierre PERSEHAIE, Adjoint \u00e0 la voirie indique au conseil municipal\u00a0:<\/p>\n<p>POUR MEMOIRE\u00a0:<\/p>\n<ul>\n<li>2023 = 934 \u20ac HT (20 tonnes) = 22\u00a0416.00 \u20ac TTC<\/li>\n<li>2022 = 988 \u20ac HT (18 tonnes) = 21\u00a0340.80 \u20ac TTC<\/li>\n<li>2021 = 714 \u20ac HT (26 tonnes 700) = 22\u00a0876.56 \u20ac TTC.<\/li>\n<\/ul>\n<p>En 2024\u00a0(d\u00e9lib\u00e9ration du 16 mai 2024) : il a \u00e9t\u00e9 conclu un programme annuel de travaux de point-\u00e0-temps\u00a0 sur 3 ans (2024 \u00e0 2026) avec EUROVIA \u2013 sur une base de 20 tonnes d\u2019\u00e9mulsion \u00e0 raison de\u00a0 858.00 \u20ac HT la tonne pour l\u2019ann\u00e9e 2024 (20 592 \u20ac).<\/p>\n<ul>\n<li>2025 et 2026\u00a0: tarif avec r\u00e9vision de prix. Le devis d\u2019EUROVIA est de 896.50 \u20ac HT la tonne \u2013<\/li>\n<\/ul>\n<p>Montant total = 21 516 \u20ac TTC (soit + 4.50 %).<\/p>\n<p>Apr\u00e8s en avoir d\u00e9lib\u00e9r\u00e9, le conseil municipal, \u00e0 l\u2019unanimit\u00e9 accepte la proposition d\u2019EUROVIA pour les travaux de point-\u00e0-temps \u00e0 raison de 20 tonnes d\u2019\u00e9mulsion au prix de 896.50 \u20ac HT., pour l\u2019ann\u00e9e 2025 \u2013 Montant total = 21 516 \u20ac TTC.\u00a0\u00a0\u00a0<\/p>\n<h2>QUESTIONS DIVERSES\u00a0:<\/h2>\n<p>Point sur la r\u00e9serve incendie implant\u00e9e sur le terrain communal au lieu-dit \u00ab\u00a0le Boulou\u00e9e\u00a0\u00bb<\/p>\n<p>Lors de la s\u00e9ance du 12 septembre 2024, il avait \u00e9t\u00e9 relev\u00e9 la probl\u00e9matique de la r\u00e9serve incendie de la SCEA \u00ab\u00a0les prairies du Boulou\u00e9e\u00a0\u00bb qui \u00e9tait situ\u00e9e sur la parcelle communale cadastr\u00e9e section ZA N\u00b0 17.<\/p>\n<p>Un courrier avait \u00e9t\u00e9 adress\u00e9 \u00e0 Mr Pascal GORTAIS, repr\u00e9sentant la SCEA \u00ab\u00a0les prairies du Boulou\u00e9e\u00a0\u00bb sollicitant le d\u00e9placement de cette r\u00e9serve incendie sur le site de l\u2019exploitation et ceci dans un d\u00e9lai de 6 mois. Il s\u2019av\u00e8re que la r\u00e9serve incendie n\u2019a pas \u00e9t\u00e9 d\u00e9plac\u00e9e.<\/p>\n<p>Par cons\u00e9quent, le conseil municipal d\u00e9cide de relancer Mr Gortais par l\u2019envoi d\u2019un courrier en proposant deux possibilit\u00e9s\u00a0:<\/p>\n<ul>\n<li>-soit d\u00e9placement de la r\u00e9serve Incendie<\/li>\n<li>-soit une location pr\u00e9caire de la parcelle communale.<\/li>\n<\/ul>\n<h3>PROCHAINES COMMISSIONS\u00a0\u00e0 PROGRAMMER\u00a0<\/h3>\n<ul>\n<li>Commission \u00ab B\u00e2timents \u00bb : 1er avril \u00e0 20 h 00<\/li>\n<li>Commission \u00ab Urbanisme \u00bb : date \u00e0 fixer ult\u00e9rieurement en attente r\u00e9ponse de la Police de l\u2019Eau pour le projet habitat l\u00e9ger<\/li>\n<li>C.C.A.S. : samedi 29 mars 2025 \u00e0 09 h 00 : vote du CA 2024 \u2013 BP 2025<\/li>\n<\/ul>\n<h3>PROCHAINS CONSEILS MUNICIPAUX<\/h3>\n<ul>\n<li>Jeudi 27 mars 2025 \u00e0 19h 00 : vote du Budget Primitif 2025 (en attente de confirmation)<\/li>\n<li>Jeudi 17 avril 2025 \u00e0 20 h 00 (r\u00e9union Adjoints : mardi 8 avril 2025 \u00e0 20 h 00)<\/li>\n<li>Jeudi 15 mai 2025 \u00e0 20 h 00 (r\u00e9union Adjoints : mardi 6 mai 2025 \u00e0 20 h 00)<\/li>\n<li>Jeudi 12 juin 2025 \u00e0 20 h 00 (r\u00e9union Adjoints : mardi 3 juin 2025 \u00e0 20 h 00)<\/li>\n<li>Jeudi 17 juillet 2025 \u00e0 20 h 00 (r\u00e9union Adjoints : mardi 8 juillet 2025 \u00e0 20 h 00)<\/li>\n<li>Jeudi 11 septembre 2025 \u00e0 20 h 00 (r\u00e9union Adjoints : mardi 2 septembre 2025 \u00e0 20 h 00)<\/li>\n<li>Jeudi 16 octobre 2025 \u00e0 20 h 00 (r\u00e9union Adjoints : mardi 7 octobre 2025 \u00e0 20 h 00)<\/li>\n<li>Jeudi 13 novembre 2025 \u00e0 20 h 00 (r\u00e9union Adjoints : mardi 4 novembre 2025 \u00e0 20 h 00)<\/li>\n<li>Jeudi 11 d\u00e9cembre 2025 \u00e0 20 h 00 (r\u00e9union Adjoints (mardi 2 d\u00e9cembre 2025 \u00e0 20 h 00)<\/li>\n<\/ul>\n","protected":false},"excerpt":{"rendered":"<p>Pr\u00e9sents : F. KERGUELEN, P. PERSEHAIE, C. LE ROSSIGNOL, C. BANCHEREAU, M. RAULLINE, C. GODIN, L. BEAUG\u00e9, C. THOMAS, S. BERTIN, N. FRO, LE DIZES S, C. DUBOIS Excus\u00e9s\u00a0: M. LACAZE (Procuration \u00e0 M. RAULLINE), A. LE NET Mme le Maire ouvre la s\u00e9ance et constate que le quorum est atteint. Approbation du Proc\u00e8s-Verbal du [&hellip;]<\/p>\n","protected":false},"author":1,"featured_media":0,"parent":17,"menu_order":0,"comment_status":"closed","ping_status":"closed","template":"","meta":[],"_links":{"self":[{"href":"https:\/\/www.treffendel.fr\/index.php?rest_route=\/wp\/v2\/pages\/6449"}],"collection":[{"href":"https:\/\/www.treffendel.fr\/index.php?rest_route=\/wp\/v2\/pages"}],"about":[{"href":"https:\/\/www.treffendel.fr\/index.php?rest_route=\/wp\/v2\/types\/page"}],"author":[{"embeddable":true,"href":"https:\/\/www.treffendel.fr\/index.php?rest_route=\/wp\/v2\/users\/1"}],"replies":[{"embeddable":true,"href":"https:\/\/www.treffendel.fr\/index.php?rest_route=%2Fwp%2Fv2%2Fcomments&post=6449"}],"version-history":[{"count":1,"href":"https:\/\/www.treffendel.fr\/index.php?rest_route=\/wp\/v2\/pages\/6449\/revisions"}],"predecessor-version":[{"id":6450,"href":"https:\/\/www.treffendel.fr\/index.php?rest_route=\/wp\/v2\/pages\/6449\/revisions\/6450"}],"up":[{"embeddable":true,"href":"https:\/\/www.treffendel.fr\/index.php?rest_route=\/wp\/v2\/pages\/17"}],"wp:attachment":[{"href":"https:\/\/www.treffendel.fr\/index.php?rest_route=%2Fwp%2Fv2%2Fmedia&parent=6449"}],"curies":[{"name":"wp","href":"https:\/\/api.w.org\/{rel}","templated":true}]}}