{"id":6909,"date":"2026-02-17T18:03:04","date_gmt":"2026-02-17T17:03:04","guid":{"rendered":"https:\/\/www.treffendel.fr\/?page_id=6909"},"modified":"2026-02-17T18:04:20","modified_gmt":"2026-02-17T17:04:20","slug":"proces-verbal-de-la-seance-du-conseil-municipal-du-12-fevrier-2026-a-20-h-00","status":"publish","type":"page","link":"https:\/\/www.treffendel.fr\/?page_id=6909","title":{"rendered":"Proc\u00e8s-Verbal de la s\u00e9ance du conseil municipal du 12 f\u00e9vrier 2026 \u00e0 20 h 00"},"content":{"rendered":"\n<p>Pr\u00e9sents : F. KERGUELEN, P. PERSEHAIE, C. BANCHEREAU, M. RAULLINE, C. GODIN, C. THOMAS, N. FRO, S. BERTIN, M. LACAZE, S. LE DIZES,<\/p>\n<p>Excus\u00e9s : A. LE NET (Procuration \u00e0 F. KERGUELEN), L. BEAUG\u00e9 (Procuration \u00e0 M. RAULLINE), C. LE ROSSIGNOL (Procuration \u00e0 M. LACAZE), C. DUBOIS (Procuration \u00e0 S. BERTIN)<\/p>\n<p>Mme le Maire ouvre la s\u00e9ance et constate que le quorum est atteint.<\/p>\n<h4>Approbation du Proc\u00e8s-Verbal du conseil municipal du 13 janvier 2026 :<\/h4>\n<p>Le Proc\u00e8s-Verbal du 13 janvier 2026 est approuv\u00e9 \u00e0 l\u2019unanimit\u00e9 des membres pr\u00e9sents.<\/p>\n<h4>D\u00e9signation d\u2019un secr\u00e9taire de s\u00e9ance\u00a0:<\/h4>\n<p>Conform\u00e9ment \u00e0 l\u2019article L.2121-15 du Code G\u00e9n\u00e9ral des Collectivit\u00e9s Locales, Mr Christian THOMAS est nomm\u00e9 secr\u00e9taire de s\u00e9ance.<\/p>\n<h2>I \u2013 ENVIRONNEMENT \u2013 AGRICULTURE<\/h2>\n<h3>SAS METHA-BEQUILLE de Monterfil\u00a0: consultation du public<\/h3>\n<p>Mr Pierre PERSEHAIE, 1er Adjoint, pr\u00e9sente au conseil municipal le dossier de consultation au public sur la demande pr\u00e9sent\u00e9e par la SAS METHA-BEQUILLE, en vue d\u2019obtenir l\u2019enregistrement pour le projet d\u2019augmentation des volumes d\u2019intrants de l\u2019unit\u00e9 de m\u00e9thanisation situ\u00e9e au lieu-dit \u00ab\u00a0la B\u00e9quille\u00a0\u00bb sur la commune de Monterfil.<\/p>\n<p>La consultation se d\u00e9roule du lundi 19 janvier 2026 au mardi 17 f\u00e9vrier 2026 inclus.<\/p>\n<p>Le dossier est consultable \u00e0 la mairie de Monterfil aux heures habituelles d\u2019ouverture ou \u00e0 demander \u00e0 la pr\u00e9fecture \u00e0 l\u2019adresse <a href=\"mailto:pref-icpe-ep@ille-et-vilaine.gouv.fr\">pref-icpe-ep@ille-et-vilaine.gouv.fr<\/a> (en pr\u00e9cisant l\u2019objet du courriel \u00ab\u00a0consultation du public SAS METHA-BEQUILLE_MONTERFIL).<\/p>\n<p>Conform\u00e9ment \u00e0 l\u2019article R.512-46-11 du code de l\u2019environnement, le conseil municipal doit exprimer son avis pendant la dur\u00e9e de la consultation et au plus tard dans les quinze jours suivant la fin de la consultation.<\/p>\n<p>Apr\u00e8s en avoir d\u00e9lib\u00e9r\u00e9, le conseil municipal, \u00e0 l\u2019unanimit\u00e9\u00a0\u00e9met un avis favorable \u00e0 la demande pr\u00e9sent\u00e9e par la SAS METHA-BEQUILLE, en vue d\u2019obtenir l\u2019enregistrement pour le projet d\u2019augmentation des volumes d\u2019intrants de l\u2019unit\u00e9 de m\u00e9thanisation situ\u00e9e au lieu-dit \u00ab\u00a0la B\u00e9quille\u00a0\u00bb sur la commune de Monterfil.<\/p>\n<h2>II\u2013 BATIMENTS COMMUNAUX &#8211; MATERIELS\u00a0:<\/h2>\n<p>Mr Christian GODIN, conseiller municipal d\u00e9l\u00e9gu\u00e9 aux b\u00e2timents, fait \u00e9tat des engagements de d\u00e9penses dans le cadre de la d\u00e9l\u00e9gation par le Conseil Municipal \u00e0 Mme le Maire\u00a0:<\/p>\n<h4>Ent MAUNY :<\/h4>\n<ul>\n<li>Remplacement une menuiserie \u00e9cole (pour \u00e9viter infiltrations) = 2 463.32 \u20ac HT<\/li>\n<li>Remplacement de 2 vitrages salle polyvalente = 1 048.38 \u20ac HT<\/li>\n<li>Remplacement un vitrage \u00e0 l\u2019\u00e9cole = 683.05 \u20ac HT<\/li>\n<\/ul>\n<h4>Renouvellement contrat maintenance PAC Mairie-Salle polyvalente = 1 055 \u20ac HT<\/h4>\n<h4>Garage Delagr\u00e9e :<\/h4>\n<p>entretien annuel de la tondeuse Kubota de 2014\u00a0(+ remplacement de la barre compl\u00e8te de direction \u00e0 l\u2019arri\u00e8re) = 2 480 \u20ac HT (pour info 18 h 00 de main-d\u2019\u0153uvre)<\/p>\n<h2>III \u2013 ELECTIONS Municipales\u00a0:<\/h2>\n<p>Mme le Maire pr\u00e9sente au conseil municipal un m\u00e9mento concernant l\u2019organisation du bureau de vote des \u00e9lections municipales.<\/p>\n<p>D\u2019autre part, le tableau des tours de garde est compl\u00e9t\u00e9 pour le 1er tour (15 mars 2026) et le 2\u00e8me tour\u00a0(22 mars 2026).<\/p>\n<p>\u00a0<\/p>\n<h2>QUESTIONS DIVERSES\u00a0:<\/h2>\n<p>Pr\u00e9sentation du RPQS (Rapport sur le Prix et la Qualit\u00e9 du Service) de l\u2019assainissement non collectif de l\u2019exercice 2024 \u00e9dit\u00e9 par Broc\u00e9liande Communaut\u00e9.\u00a0Mme le Maire fait \u00e9tat des diff\u00e9rentes donn\u00e9es sur service \u00ab\u00a0Assainissement non collectif\u00a0\u00bb\u00a0:<\/p>\n<ul>\n<li>Caract\u00e9risation technique du service<\/li>\n<li>Tarification de l\u2019assainissement et recettes du service<\/li>\n<li>Indicateurs de performances<\/li>\n<li>Financement des investissements.<\/li>\n<\/ul>\n<p>Le conseil municipal prend acte du rapport sur le prix et la qualit\u00e9 du service de l\u2019assainissement non collectif de l\u2019exercice 2024 de Broc\u00e9liande Communaut\u00e9.<\/p>\n<p>\u00a0<\/p>\n<h3>PROCHAINES COMMISSIONS\u00a0\u00e0 PROGRAMMER\u00a0:<\/h3>\n<ul>\n<li>Groupe de travail PEDT\u00a0:\u00a0\u00a0 \u00e0 revoir en septembre 2026 avec les nouveaux \u00e9lus<\/li>\n<li>Commission Communale des Imp\u00f4ts\u00a0: jeudi 19 f\u00e9vrier 2026 \u00e0 09 h 00<\/li>\n<li>CCAS\u00a0: vote du BP 2026\u00a0: samedi 07 mars 2026 \u00e0 10 h 00<\/li>\n<\/ul>\n<p>\u00a0<\/p>\n<h3>PROCHAINES dates de manifestations\u00a0:<\/h3>\n<ul>\n<li>Th\u00e9\u00e2tre le lever de rideau\u00a0: du samedi 21 f\u00e9vrier au dimanche 08 mars 2026<\/li>\n<li>Tournoi \u00ab\u00a0belote\u00a0\u00bb et \u00ab\u00a0Playstation\u00a0\u00bb par l\u2019Eskouadenn\u00a0: samedi 14 mars 2026<\/li>\n<li>Classes 6\u00a0: samedi 11 avril 2026<\/li>\n<li>Journ\u00e9e b\u00e9n\u00e9vole\u00a0: samedi 18 avril 2026<\/li>\n<\/ul>\n<h3>PROCHAIN CONSEIL MUNICIPAL\u00a0:<\/h3>\n<p>Jeudi\u00a0\u00a0 05 mars 2026 \u00e0 19 h 00 \u00a0 :\u00a0\u00a0 vote du Budget Primitif 2026 (avant les \u00e9lections municipales).<\/p>\n","protected":false},"excerpt":{"rendered":"<p>Pr\u00e9sents : F. KERGUELEN, P. PERSEHAIE, C. BANCHEREAU, M. RAULLINE, C. GODIN, C. THOMAS, N. FRO, S. BERTIN, M. LACAZE, S. LE DIZES, Excus\u00e9s : A. LE NET (Procuration \u00e0 F. KERGUELEN), L. BEAUG\u00e9 (Procuration \u00e0 M. RAULLINE), C. LE ROSSIGNOL (Procuration \u00e0 M. LACAZE), C. DUBOIS (Procuration \u00e0 S. BERTIN) Mme le Maire ouvre [&hellip;]<\/p>\n","protected":false},"author":1,"featured_media":0,"parent":17,"menu_order":0,"comment_status":"closed","ping_status":"closed","template":"","meta":[],"_links":{"self":[{"href":"https:\/\/www.treffendel.fr\/index.php?rest_route=\/wp\/v2\/pages\/6909"}],"collection":[{"href":"https:\/\/www.treffendel.fr\/index.php?rest_route=\/wp\/v2\/pages"}],"about":[{"href":"https:\/\/www.treffendel.fr\/index.php?rest_route=\/wp\/v2\/types\/page"}],"author":[{"embeddable":true,"href":"https:\/\/www.treffendel.fr\/index.php?rest_route=\/wp\/v2\/users\/1"}],"replies":[{"embeddable":true,"href":"https:\/\/www.treffendel.fr\/index.php?rest_route=%2Fwp%2Fv2%2Fcomments&post=6909"}],"version-history":[{"count":2,"href":"https:\/\/www.treffendel.fr\/index.php?rest_route=\/wp\/v2\/pages\/6909\/revisions"}],"predecessor-version":[{"id":6911,"href":"https:\/\/www.treffendel.fr\/index.php?rest_route=\/wp\/v2\/pages\/6909\/revisions\/6911"}],"up":[{"embeddable":true,"href":"https:\/\/www.treffendel.fr\/index.php?rest_route=\/wp\/v2\/pages\/17"}],"wp:attachment":[{"href":"https:\/\/www.treffendel.fr\/index.php?rest_route=%2Fwp%2Fv2%2Fmedia&parent=6909"}],"curies":[{"name":"wp","href":"https:\/\/api.w.org\/{rel}","templated":true}]}}