{"id":944,"date":"2017-02-28T10:55:18","date_gmt":"2017-02-28T09:55:18","guid":{"rendered":"http:\/\/2016.treffendel.fr\/?page_id=944"},"modified":"2021-12-03T13:10:53","modified_gmt":"2021-12-03T12:10:53","slug":"cartes","status":"publish","type":"page","link":"https:\/\/www.treffendel.fr\/?page_id=944","title":{"rendered":"cartes"},"content":{"rendered":"<ul>\n<li><a href=\"https:\/\/www.treffendel.fr\/wp-content\/uploads\/2021\/12\/plan-du-bourg_v2021.png\" target=\"_blank\" rel=\"noopener noreferrer\">plan du bourg<\/a><\/li>\n<li><a href=\"http:\/\/2016.treffendel.fr\/wp-content\/uploads\/2017\/02\/plan-Treffendel.png\" target=\"_blank\" rel=\"noopener noreferrer\">plan de la commune<\/a><\/li>\n<li><a href=\"https:\/\/www.google.com\/maps\/d\/viewer?mid=1ZVJCI_2liY6QJ2ynSBNaUeZdcD0&amp;ll=48.02625691906488%2C-2.0074050000000625&amp;z=14\" target=\"_blank\" rel=\"noopener noreferrer\">plan de la balade \u00e0 v\u00e9lo<\/a><\/li>\n<li><a href=\"http:\/\/2016.treffendel.fr\/?page_id=251\">plan des randonn\u00e9es<\/a><\/li>\n<\/ul>\n","protected":false},"excerpt":{"rendered":"<p>plan du bourg plan de la commune plan de la balade \u00e0 v\u00e9lo plan des randonn\u00e9es<\/p>\n","protected":false},"author":1,"featured_media":0,"parent":0,"menu_order":0,"comment_status":"closed","ping_status":"closed","template":"","meta":[],"_links":{"self":[{"href":"https:\/\/www.treffendel.fr\/index.php?rest_route=\/wp\/v2\/pages\/944"}],"collection":[{"href":"https:\/\/www.treffendel.fr\/index.php?rest_route=\/wp\/v2\/pages"}],"about":[{"href":"https:\/\/www.treffendel.fr\/index.php?rest_route=\/wp\/v2\/types\/page"}],"author":[{"embeddable":true,"href":"https:\/\/www.treffendel.fr\/index.php?rest_route=\/wp\/v2\/users\/1"}],"replies":[{"embeddable":true,"href":"https:\/\/www.treffendel.fr\/index.php?rest_route=%2Fwp%2Fv2%2Fcomments&post=944"}],"version-history":[{"count":4,"href":"https:\/\/www.treffendel.fr\/index.php?rest_route=\/wp\/v2\/pages\/944\/revisions"}],"predecessor-version":[{"id":3921,"href":"https:\/\/www.treffendel.fr\/index.php?rest_route=\/wp\/v2\/pages\/944\/revisions\/3921"}],"wp:attachment":[{"href":"https:\/\/www.treffendel.fr\/index.php?rest_route=%2Fwp%2Fv2%2Fmedia&parent=944"}],"curies":[{"name":"wp","href":"https:\/\/api.w.org\/{rel}","templated":true}]}}